{"id":4381,"date":"2022-04-22T16:09:20","date_gmt":"2022-04-22T16:09:20","guid":{"rendered":"https:\/\/tavapy.gov.py\/biblioteca\/?post_type=product&#038;p=4381"},"modified":"2022-04-22T16:09:20","modified_gmt":"2022-04-22T16:09:20","slug":"el-puesto-del-hombre-en-el-cosmos","status":"publish","type":"product","link":"https:\/\/tavapy.gov.py\/biblioteca\/product\/el-puesto-del-hombre-en-el-cosmos\/","title":{"rendered":"EL PUESTO DEL HOMBRE EN EL COSMOS."},"content":{"rendered":"","protected":false},"excerpt":{"rendered":"<p>En El puesto del hombre en el cosmos, obra publicada en 1.928, Max Scheler ofrece una de las versiones m\u00e1s acabadas y precisas de los resultados conjuntos de su antropolog\u00eda filos\u00f3fica y de su metaf\u00edsica, las dos disciplinas en las estaba trabajando cuando le sorprendi\u00f3 la muerte.<\/p>\n<p>En sus p\u00e1ginas Scheler define al hombre como el ser que, rebel\u00e1ndose contra la tiran\u00eda impuesta por sus instintos animales y elev\u00e1ndose as\u00ed sobre la naturaleza, es capaz de dar cabida dentro de s\u00ed mismo a las verdaderas esencias objetivas de las cosas.<\/p>\n<p>Realizar esas esencias, que no queden reducidas y angostadas como meras ideas abstractas, es el verdadero y \u00fanico destino del hombre.<\/p>\n<p><a href=\"https:\/\/tavapy.gov.py\/biblioteca\/wp-content\/uploads\/2022\/04\/SchelerM-El-puesto-del-hombre-en-el-Cosmos.pdf\" target=\"_blank\" rel=\"attachment noopener wp-att-4363\"><img loading=\"lazy\" decoding=\"async\" class=\"size-full wp-image-4363 alignleft\" src=\"https:\/\/tavapy.gov.py\/biblioteca\/wp-content\/uploads\/2022\/04\/icono-PDF-copia-3.png\" alt=\"\" width=\"121\" height=\"140\" \/><\/a><\/p>\n","protected":false},"featured_media":4293,"comment_status":"open","ping_status":"closed","template":"","meta":{"spay_email":""},"product_cat":[268],"product_tag":[],"class_list":{"0":"post-4381","1":"product","2":"type-product","3":"status-publish","4":"has-post-thumbnail","6":"book_author-max-scheler","7":"product_cat-filosofia-antropologia","8":"entry"},"_links":{"self":[{"href":"https:\/\/tavapy.gov.py\/biblioteca\/wp-json\/wp\/v2\/product\/4381","targetHints":{"allow":["GET"]}}],"collection":[{"href":"https:\/\/tavapy.gov.py\/biblioteca\/wp-json\/wp\/v2\/product"}],"about":[{"href":"https:\/\/tavapy.gov.py\/biblioteca\/wp-json\/wp\/v2\/types\/product"}],"replies":[{"embeddable":true,"href":"https:\/\/tavapy.gov.py\/biblioteca\/wp-json\/wp\/v2\/comments?post=4381"}],"wp:featuredmedia":[{"embeddable":true,"href":"https:\/\/tavapy.gov.py\/biblioteca\/wp-json\/wp\/v2\/media\/4293"}],"wp:attachment":[{"href":"https:\/\/tavapy.gov.py\/biblioteca\/wp-json\/wp\/v2\/media?parent=4381"}],"wp:term":[{"taxonomy":"product_cat","embeddable":true,"href":"https:\/\/tavapy.gov.py\/biblioteca\/wp-json\/wp\/v2\/product_cat?post=4381"},{"taxonomy":"product_tag","embeddable":true,"href":"https:\/\/tavapy.gov.py\/biblioteca\/wp-json\/wp\/v2\/product_tag?post=4381"}],"curies":[{"name":"wp","href":"https:\/\/api.w.org\/{rel}","templated":true}]}}