{"id":4709,"date":"2022-04-28T11:30:18","date_gmt":"2022-04-28T11:30:18","guid":{"rendered":"https:\/\/tavapy.gov.py\/biblioteca\/?post_type=product&#038;p=4709"},"modified":"2022-04-28T11:44:42","modified_gmt":"2022-04-28T11:44:42","slug":"convergencias-el-orden-subyacente-en-el-corazon-de-la-ciencia","status":"publish","type":"product","link":"https:\/\/tavapy.gov.py\/biblioteca\/product\/convergencias-el-orden-subyacente-en-el-corazon-de-la-ciencia\/","title":{"rendered":"CONVERGENCIAS: EL ORDEN SUBYACENTE EN EL CORAZ\u00d3N DE LA CIENCIA."},"content":{"rendered":"","protected":false},"excerpt":{"rendered":"<p>&nbsp;<\/p>\n<p>Una brillante historia de la ciencia de los \u00faltimos 150 a\u00f1os que ofrece una nueva visi\u00f3n: distintas disciplinas cient\u00edficas est\u00e1n convergiendo para dar lugar a nuevos hallazgos. Convergencias obra publicada en el 2017, es una historia de la ciencia moderna con un original y significativo viraje. Varias disciplinas cient\u00edficas, pese a sus distintos or\u00edgenes, han trabajado conjuntamente durante los \u00faltimos 150 a\u00f1os, convergiendo y fusion\u00e1ndose.<\/p>\n<p>Se han descubierto \u00edntimas conexiones entre F\u00edsica y Qu\u00edmica, Psicolog\u00eda y Biolog\u00eda, Gen\u00e9tica y Ling\u00fc\u00edstica. En este revolucionario ensayo, Peter Watson muestra, con extraordinario estilo narrativo, c\u00f3mo las disciplinas cient\u00edficas confluyen y juegan un papel fundamental en la historia de la ciencia.<\/p>\n<p>Watson empieza su relato en 1850, la d\u00e9cada en la que algunas ramas de la ciencia comienzan a convergir. La historia se desarrolla enlazando avances cient\u00edficos, saltando de disciplina en disciplina y relatando el mayor descubrimiento cient\u00edfico de cada d\u00e9cada para vincularlo con el presente.<\/p>\n<p>El autor muestra un emocionante acercamiento a la historia de la ciencia, revelando c\u00f3mo cada pieza aparece en un lugar determinado y c\u00f3mo cada una de ellas revela el \u00aborden emergente\u00bb. Su inspirador ensayo de ende que todo nuestro trabajo cient\u00edfico est\u00e1, de hecho, acerc\u00e1ndose a la uni\u00f3n. Contado desde el punto de vista de los cient\u00edficos que hay detr\u00e1s de cada hallazgo y valorando cada descubrimiento y su impacto, esta es una fascinante manera de aprender qu\u00e9 sabemos sobre la ciencia y hacia d\u00f3nde se dirigen nuestras investigaciones.<\/p>\n<p><a href=\"https:\/\/tavapy.gov.py\/biblioteca\/wp-content\/uploads\/2022\/04\/WatsonP-Convergencias.pdf\" target=\"_blank\" rel=\"attachment noopener wp-att-4363\"><img loading=\"lazy\" decoding=\"async\" class=\"size-full wp-image-4363 alignleft\" src=\"https:\/\/tavapy.gov.py\/biblioteca\/wp-content\/uploads\/2022\/04\/icono-PDF-copia-3.png\" alt=\"\" width=\"121\" height=\"140\" \/><\/a><\/p>\n","protected":false},"featured_media":4699,"comment_status":"open","ping_status":"closed","template":"","meta":{"spay_email":""},"product_cat":[394],"product_tag":[],"class_list":{"0":"post-4709","1":"product","2":"type-product","3":"status-publish","4":"has-post-thumbnail","6":"book_author-peter-watson","7":"product_cat-historia-de-la-ciencia","8":"entry"},"_links":{"self":[{"href":"https:\/\/tavapy.gov.py\/biblioteca\/wp-json\/wp\/v2\/product\/4709","targetHints":{"allow":["GET"]}}],"collection":[{"href":"https:\/\/tavapy.gov.py\/biblioteca\/wp-json\/wp\/v2\/product"}],"about":[{"href":"https:\/\/tavapy.gov.py\/biblioteca\/wp-json\/wp\/v2\/types\/product"}],"replies":[{"embeddable":true,"href":"https:\/\/tavapy.gov.py\/biblioteca\/wp-json\/wp\/v2\/comments?post=4709"}],"wp:featuredmedia":[{"embeddable":true,"href":"https:\/\/tavapy.gov.py\/biblioteca\/wp-json\/wp\/v2\/media\/4699"}],"wp:attachment":[{"href":"https:\/\/tavapy.gov.py\/biblioteca\/wp-json\/wp\/v2\/media?parent=4709"}],"wp:term":[{"taxonomy":"product_cat","embeddable":true,"href":"https:\/\/tavapy.gov.py\/biblioteca\/wp-json\/wp\/v2\/product_cat?post=4709"},{"taxonomy":"product_tag","embeddable":true,"href":"https:\/\/tavapy.gov.py\/biblioteca\/wp-json\/wp\/v2\/product_tag?post=4709"}],"curies":[{"name":"wp","href":"https:\/\/api.w.org\/{rel}","templated":true}]}}