{"id":4713,"date":"2022-04-28T11:59:43","date_gmt":"2022-04-28T11:59:43","guid":{"rendered":"https:\/\/tavapy.gov.py\/biblioteca\/?post_type=product&#038;p=4713"},"modified":"2022-04-28T11:59:43","modified_gmt":"2022-04-28T11:59:43","slug":"el-universo-holografico-una-vision-nueva-y-extraordinaria-de-la-realidad","status":"publish","type":"product","link":"https:\/\/tavapy.gov.py\/biblioteca\/product\/el-universo-holografico-una-vision-nueva-y-extraordinaria-de-la-realidad\/","title":{"rendered":"EL UNIVERSO HOLOGR\u00c1FICO: UNA VISION NUEVA Y EXTRAORDINARIA DE LA REALIDAD."},"content":{"rendered":"","protected":false},"excerpt":{"rendered":"<p>Michael Talbot nos desvela en esta obra publicada en el 2.007, curiosos fen\u00f3menos que no tienen explicaci\u00f3n para la ciencia moderna, pero que s\u00ed pueden interpretarse mediante la f\u00edsica cu\u00e1ntica o modelos te\u00f3ricos como el paradigma hologr\u00e1fico. El universo es un gigantesco holograma, una proyecci\u00f3n tridimensional que nuestra mente se encarga de recrear, y la realidad tangible de nuestras vidas cotidianas es realmente una ilusi\u00f3n, igual que una imagen hologr\u00e1fica.<\/p>\n<p>De esta manera, el tiempo y el espacio no son m\u00e1s que productos de nuestra manera de percibir, pero estamos tan \u00abprogramados\u00bb para aceptar estos conceptos como categor\u00edas absolutas que nos cuesta incluso imaginarlo.<\/p>\n<p>El paradigma hologr\u00e1fico no s\u00f3lo sirve para explicar fen\u00f3menos de la f\u00edsica y la neurolog\u00eda que la ciencia cl\u00e1sica es incapaz de interpretar, sino que pone de manifiesto que la ciencia no est\u00e1 libre de prejuicios ni es tan objetiva como nos quieren hacer creer los cient\u00edficos, ya que el universo abarca bastante m\u00e1s de lo que nos permite percibir nuestra cosmovisi\u00f3n actual.<\/p>\n<p>Temas como las capacidades paranormales de la mente, las \u00faltimas fronteras de la f\u00edsica y los enigmas no resueltos del cerebro y del cuerpo tienen un gran inter\u00e9s entre el p\u00fablico.<\/p>\n<p><a href=\"https:\/\/tavapy.gov.py\/biblioteca\/wp-content\/uploads\/2022\/04\/TalbotM-El-universo-holografico.pdf\" target=\"_blank\" rel=\"noopener\"><img loading=\"lazy\" decoding=\"async\" class=\"size-full wp-image-4712 alignleft\" src=\"https:\/\/tavapy.gov.py\/biblioteca\/wp-content\/uploads\/2022\/04\/icono-PDF-copia-4.png\" alt=\"\" width=\"121\" height=\"140\" \/><\/a><\/p>\n","protected":false},"featured_media":4691,"comment_status":"open","ping_status":"closed","template":"","meta":{"spay_email":""},"product_cat":[398],"product_tag":[],"class_list":{"0":"post-4713","1":"product","2":"type-product","3":"status-publish","4":"has-post-thumbnail","6":"book_author-micahel-talbot","7":"product_cat-autoayuda-ciencia-espiritualidad","8":"entry"},"_links":{"self":[{"href":"https:\/\/tavapy.gov.py\/biblioteca\/wp-json\/wp\/v2\/product\/4713","targetHints":{"allow":["GET"]}}],"collection":[{"href":"https:\/\/tavapy.gov.py\/biblioteca\/wp-json\/wp\/v2\/product"}],"about":[{"href":"https:\/\/tavapy.gov.py\/biblioteca\/wp-json\/wp\/v2\/types\/product"}],"replies":[{"embeddable":true,"href":"https:\/\/tavapy.gov.py\/biblioteca\/wp-json\/wp\/v2\/comments?post=4713"}],"wp:featuredmedia":[{"embeddable":true,"href":"https:\/\/tavapy.gov.py\/biblioteca\/wp-json\/wp\/v2\/media\/4691"}],"wp:attachment":[{"href":"https:\/\/tavapy.gov.py\/biblioteca\/wp-json\/wp\/v2\/media?parent=4713"}],"wp:term":[{"taxonomy":"product_cat","embeddable":true,"href":"https:\/\/tavapy.gov.py\/biblioteca\/wp-json\/wp\/v2\/product_cat?post=4713"},{"taxonomy":"product_tag","embeddable":true,"href":"https:\/\/tavapy.gov.py\/biblioteca\/wp-json\/wp\/v2\/product_tag?post=4713"}],"curies":[{"name":"wp","href":"https:\/\/api.w.org\/{rel}","templated":true}]}}