{"id":4715,"date":"2022-04-28T12:10:53","date_gmt":"2022-04-28T12:10:53","guid":{"rendered":"https:\/\/tavapy.gov.py\/biblioteca\/?post_type=product&#038;p=4715"},"modified":"2022-04-28T12:10:54","modified_gmt":"2022-04-28T12:10:54","slug":"arrugas-en-el-tiempo","status":"publish","type":"product","link":"https:\/\/tavapy.gov.py\/biblioteca\/product\/arrugas-en-el-tiempo\/","title":{"rendered":"ARRUGAS EN EL TIEMPO."},"content":{"rendered":"","protected":false},"excerpt":{"rendered":"<p>Todo lo que somos y todo lo que nos rodea proviene de un mismo lugar y un mismo momento: el Big Bang. La cosmolog\u00eda contempor\u00e1nea, esa disciplina en que la astronom\u00eda convive con la f\u00edsica cu\u00e1ntica y la relatividad general para estudiar el origen y la evoluci\u00f3n temprana del universo, explica el surgimiento y la distribuci\u00f3n de los cuerpos celestes y los elementos qu\u00edmicos.<\/p>\n<p>Este libro publicado en 1.993 presenta un recuento de los hitos que a lo largo del siglo XX transformaron nuestro modo de comprender el cosmos; es adem\u00e1s una emocionante bit\u00e1cora de las aportaciones del propio Smoot \u2014con globos que ascienden a la estratosfera, aviones bombarderos adaptados para la exploraci\u00f3n cient\u00edfica, severos viajes a la Ant\u00e1rtida, todo ello aderezado con las rivalidades entre distintos grupos de investigaci\u00f3n\u2014 para escudri\u00f1ar en el fondo c\u00f3smico de microondas, como nunca se hab\u00eda hecho antes, en busca de peque\u00f1as irregularidades \u2014las \u00abarrugas en el tiempo\u00bb del t\u00edtulo\u2014 en la estructura del espacio-tiempo en los primeros momentos del Big Bang.<\/p>\n<p>Tal vez la contagiosa pasi\u00f3n que irradia este libro provenga de la certeza de George Smoot de que esos hallazgos fueron \u00abcomo mirar a Dios\u00bb pues logr\u00f3 \u00abvislumbrar el momento mismo de la creaci\u00f3n\u00bb. Por eso Stephen Hawking consider\u00f3 que \u00e9ste fue \u00abel descubrimiento cient\u00edfico del siglo, si no es que de todos los tiempos\u00bb.<\/p>\n<p><a href=\"https:\/\/tavapy.gov.py\/biblioteca\/wp-content\/uploads\/2022\/04\/SmootG-Arrugas-en-el-tiempo.pdf\" target=\"_blank\" rel=\"attachment noopener wp-att-4712\"><img loading=\"lazy\" decoding=\"async\" class=\"size-full wp-image-4712 alignleft\" src=\"https:\/\/tavapy.gov.py\/biblioteca\/wp-content\/uploads\/2022\/04\/icono-PDF-copia-4.png\" alt=\"\" width=\"121\" height=\"140\" \/><\/a><\/p>\n","protected":false},"featured_media":4684,"comment_status":"open","ping_status":"closed","template":"","meta":{"spay_email":""},"product_cat":[401],"product_tag":[],"class_list":{"0":"post-4715","1":"product","2":"type-product","3":"status-publish","4":"has-post-thumbnail","6":"book_author-george-smoot","7":"product_cat-fisica-moderna-cosmologia","8":"entry"},"_links":{"self":[{"href":"https:\/\/tavapy.gov.py\/biblioteca\/wp-json\/wp\/v2\/product\/4715","targetHints":{"allow":["GET"]}}],"collection":[{"href":"https:\/\/tavapy.gov.py\/biblioteca\/wp-json\/wp\/v2\/product"}],"about":[{"href":"https:\/\/tavapy.gov.py\/biblioteca\/wp-json\/wp\/v2\/types\/product"}],"replies":[{"embeddable":true,"href":"https:\/\/tavapy.gov.py\/biblioteca\/wp-json\/wp\/v2\/comments?post=4715"}],"wp:featuredmedia":[{"embeddable":true,"href":"https:\/\/tavapy.gov.py\/biblioteca\/wp-json\/wp\/v2\/media\/4684"}],"wp:attachment":[{"href":"https:\/\/tavapy.gov.py\/biblioteca\/wp-json\/wp\/v2\/media?parent=4715"}],"wp:term":[{"taxonomy":"product_cat","embeddable":true,"href":"https:\/\/tavapy.gov.py\/biblioteca\/wp-json\/wp\/v2\/product_cat?post=4715"},{"taxonomy":"product_tag","embeddable":true,"href":"https:\/\/tavapy.gov.py\/biblioteca\/wp-json\/wp\/v2\/product_tag?post=4715"}],"curies":[{"name":"wp","href":"https:\/\/api.w.org\/{rel}","templated":true}]}}