{"id":4722,"date":"2022-04-28T19:53:35","date_gmt":"2022-04-28T19:53:35","guid":{"rendered":"https:\/\/tavapy.gov.py\/biblioteca\/?post_type=product&#038;p=4722"},"modified":"2022-04-28T19:53:36","modified_gmt":"2022-04-28T19:53:36","slug":"la-quinta-disciplina","status":"publish","type":"product","link":"https:\/\/tavapy.gov.py\/biblioteca\/product\/la-quinta-disciplina\/","title":{"rendered":"LA QUINTA DISCIPLINA."},"content":{"rendered":"","protected":false},"excerpt":{"rendered":"<p>La Quinta Disciplina: El Arte y la Pr\u00e1ctica de la Organizaci\u00f3n de Aprendizaje es un libro publicado en 1.990 de Peter Senge que se enfoca en la resoluci\u00f3n de problemas grupales utilizando el m\u00e9todo de pensamiento de sistemas para convertir a las empresas en organizaciones de aprendizaje.<\/p>\n<p>Las cinco disciplinas representan enfoques (teor\u00edas y m\u00e9todos) para desarrollar tres capacidades b\u00e1sicas de aprendizaje: fomentar la aspiraci\u00f3n, desarrollar una conversaci\u00f3n reflexiva y comprender la complejidad.<\/p>\n<p><a href=\"https:\/\/tavapy.gov.py\/biblioteca\/wp-content\/uploads\/2022\/04\/SengeP-La-quinta-disciplina.pdf\" target=\"_blank\" rel=\"attachment noopener wp-att-4712\"><img loading=\"lazy\" decoding=\"async\" class=\"size-full wp-image-4712 alignleft\" src=\"https:\/\/tavapy.gov.py\/biblioteca\/wp-content\/uploads\/2022\/04\/icono-PDF-copia-4.png\" alt=\"\" width=\"121\" height=\"140\" \/><\/a><\/p>\n<p>&nbsp;<\/p>\n","protected":false},"featured_media":4673,"comment_status":"open","ping_status":"closed","template":"","meta":{"spay_email":""},"product_cat":[406],"product_tag":[],"class_list":{"0":"post-4722","1":"product","2":"type-product","3":"status-publish","4":"has-post-thumbnail","6":"book_author-peter-senge","7":"product_cat-empresa-estrategia-empresarial-talentos-humanos","8":"entry"},"_links":{"self":[{"href":"https:\/\/tavapy.gov.py\/biblioteca\/wp-json\/wp\/v2\/product\/4722","targetHints":{"allow":["GET"]}}],"collection":[{"href":"https:\/\/tavapy.gov.py\/biblioteca\/wp-json\/wp\/v2\/product"}],"about":[{"href":"https:\/\/tavapy.gov.py\/biblioteca\/wp-json\/wp\/v2\/types\/product"}],"replies":[{"embeddable":true,"href":"https:\/\/tavapy.gov.py\/biblioteca\/wp-json\/wp\/v2\/comments?post=4722"}],"wp:featuredmedia":[{"embeddable":true,"href":"https:\/\/tavapy.gov.py\/biblioteca\/wp-json\/wp\/v2\/media\/4673"}],"wp:attachment":[{"href":"https:\/\/tavapy.gov.py\/biblioteca\/wp-json\/wp\/v2\/media?parent=4722"}],"wp:term":[{"taxonomy":"product_cat","embeddable":true,"href":"https:\/\/tavapy.gov.py\/biblioteca\/wp-json\/wp\/v2\/product_cat?post=4722"},{"taxonomy":"product_tag","embeddable":true,"href":"https:\/\/tavapy.gov.py\/biblioteca\/wp-json\/wp\/v2\/product_tag?post=4722"}],"curies":[{"name":"wp","href":"https:\/\/api.w.org\/{rel}","templated":true}]}}