{"id":4723,"date":"2022-04-28T19:59:24","date_gmt":"2022-04-28T19:59:24","guid":{"rendered":"https:\/\/tavapy.gov.py\/biblioteca\/?post_type=product&#038;p=4723"},"modified":"2022-04-28T19:59:24","modified_gmt":"2022-04-28T19:59:24","slug":"aprenda-optimismo","status":"publish","type":"product","link":"https:\/\/tavapy.gov.py\/biblioteca\/product\/aprenda-optimismo\/","title":{"rendered":"APRENDA OPTIMISMO."},"content":{"rendered":"","protected":false},"excerpt":{"rendered":"<p>Aprende a superar tu pesimismo y transforma definitivamente tus pensamientos negativos. \u00bfEs usted optimista o pesimista? \u00bfC\u00f3mo se siente si un amigo le dice que hiere sus sentimientos? \u00bfCon que frecuencia se embarca en nuevos e interesantes proyectos o celebra sus \u00e9xitos?<\/p>\n<p>El psic\u00f3logo Martin E. P. Seligman -uno de los expertos mundiales en la llamada psicolog\u00eda positiva- le ense\u00f1a ahora a explorar una nueva visi\u00f3n de la vida con un \u00aboptimismo flexible\u00bb. En esta gu\u00eda, basada en veinte a\u00f1os de investigaci\u00f3n cl\u00ednica, el doctor Seligman presenta t\u00e9cnicas sencillas de aplicar que ya han ayudado a miles de personas a superar su pesimismo y la tristeza que acompa\u00f1a a los pensamientos negativos.<\/p>\n<p>Aprenda optimismo, obra publicada en 1.990, contiene asimismo tests que le revelar\u00e1n cu\u00e1les son sus niveles de optimismo y pesimismo en la actualidad, as\u00ed como t\u00e9cnicas garantizadas para transformar definitivamente los pensamientos negativos y desembarazarse del sentimiento de derrota.<\/p>\n<p><a href=\"https:\/\/tavapy.gov.py\/biblioteca\/wp-content\/uploads\/2022\/04\/SeligmanM-Aprenda-optimismo.pdf\" target=\"_blank\" rel=\"attachment noopener wp-att-4712\"><img loading=\"lazy\" decoding=\"async\" class=\"size-full wp-image-4712 alignleft\" src=\"https:\/\/tavapy.gov.py\/biblioteca\/wp-content\/uploads\/2022\/04\/icono-PDF-copia-4.png\" alt=\"\" width=\"121\" height=\"140\" \/><\/a><\/p>\n","protected":false},"featured_media":4664,"comment_status":"open","ping_status":"closed","template":"","meta":{"spay_email":""},"product_cat":[408],"product_tag":[],"class_list":{"0":"post-4723","1":"product","2":"type-product","3":"status-publish","4":"has-post-thumbnail","6":"book_author-martin-seligman","7":"product_cat-autoayuda-psicologia-espiritualidad","8":"entry"},"_links":{"self":[{"href":"https:\/\/tavapy.gov.py\/biblioteca\/wp-json\/wp\/v2\/product\/4723","targetHints":{"allow":["GET"]}}],"collection":[{"href":"https:\/\/tavapy.gov.py\/biblioteca\/wp-json\/wp\/v2\/product"}],"about":[{"href":"https:\/\/tavapy.gov.py\/biblioteca\/wp-json\/wp\/v2\/types\/product"}],"replies":[{"embeddable":true,"href":"https:\/\/tavapy.gov.py\/biblioteca\/wp-json\/wp\/v2\/comments?post=4723"}],"wp:featuredmedia":[{"embeddable":true,"href":"https:\/\/tavapy.gov.py\/biblioteca\/wp-json\/wp\/v2\/media\/4664"}],"wp:attachment":[{"href":"https:\/\/tavapy.gov.py\/biblioteca\/wp-json\/wp\/v2\/media?parent=4723"}],"wp:term":[{"taxonomy":"product_cat","embeddable":true,"href":"https:\/\/tavapy.gov.py\/biblioteca\/wp-json\/wp\/v2\/product_cat?post=4723"},{"taxonomy":"product_tag","embeddable":true,"href":"https:\/\/tavapy.gov.py\/biblioteca\/wp-json\/wp\/v2\/product_tag?post=4723"}],"curies":[{"name":"wp","href":"https:\/\/api.w.org\/{rel}","templated":true}]}}