{"id":4728,"date":"2022-04-28T20:31:11","date_gmt":"2022-04-28T20:31:11","guid":{"rendered":"https:\/\/tavapy.gov.py\/biblioteca\/?post_type=product&#038;p=4728"},"modified":"2022-04-28T20:31:12","modified_gmt":"2022-04-28T20:31:12","slug":"que-es-la-democracia","status":"publish","type":"product","link":"https:\/\/tavapy.gov.py\/biblioteca\/product\/que-es-la-democracia\/","title":{"rendered":"\u00bfQU\u00c9 ES LA DEMOCRACIA?"},"content":{"rendered":"","protected":false},"excerpt":{"rendered":"<p>Para definir la democracia, Sartori en esta obra publicada en 1.993, dialoga consigo mismo, as\u00ed como con Arist\u00f3teles, Locke, Rousseau, Marx&#8230; y con el lector: reflexiona sobre la democracia, el liberalismo, la libertad, desde sus or\u00edgenes y en todas sus acepciones hasta llegar a nuestro actual uso, comprensi\u00f3n y aplicaci\u00f3n de estos conceptos y valores.<\/p>\n<p>Analiza las relaciones entre pol\u00edtica y econom\u00eda, revoluci\u00f3n y reforma; Estado, sociedad civil e individuo.<\/p>\n<p><a href=\"https:\/\/tavapy.gov.py\/biblioteca\/wp-content\/uploads\/2022\/04\/Sartori-G-Que-es-la-democracia.pdf\" target=\"_blank\" rel=\"attachment noopener wp-att-4712\"><img loading=\"lazy\" decoding=\"async\" class=\"size-full wp-image-4712 alignleft\" src=\"https:\/\/tavapy.gov.py\/biblioteca\/wp-content\/uploads\/2022\/04\/icono-PDF-copia-4.png\" alt=\"\" width=\"121\" height=\"140\" \/><\/a><\/p>\n","protected":false},"featured_media":4652,"comment_status":"open","ping_status":"closed","template":"","meta":{"spay_email":""},"product_cat":[369],"product_tag":[],"class_list":{"0":"post-4728","1":"product","2":"type-product","3":"status-publish","4":"has-post-thumbnail","6":"book_author-giovanni-sartori","7":"product_cat-ciencia-politica","8":"entry"},"_links":{"self":[{"href":"https:\/\/tavapy.gov.py\/biblioteca\/wp-json\/wp\/v2\/product\/4728","targetHints":{"allow":["GET"]}}],"collection":[{"href":"https:\/\/tavapy.gov.py\/biblioteca\/wp-json\/wp\/v2\/product"}],"about":[{"href":"https:\/\/tavapy.gov.py\/biblioteca\/wp-json\/wp\/v2\/types\/product"}],"replies":[{"embeddable":true,"href":"https:\/\/tavapy.gov.py\/biblioteca\/wp-json\/wp\/v2\/comments?post=4728"}],"wp:featuredmedia":[{"embeddable":true,"href":"https:\/\/tavapy.gov.py\/biblioteca\/wp-json\/wp\/v2\/media\/4652"}],"wp:attachment":[{"href":"https:\/\/tavapy.gov.py\/biblioteca\/wp-json\/wp\/v2\/media?parent=4728"}],"wp:term":[{"taxonomy":"product_cat","embeddable":true,"href":"https:\/\/tavapy.gov.py\/biblioteca\/wp-json\/wp\/v2\/product_cat?post=4728"},{"taxonomy":"product_tag","embeddable":true,"href":"https:\/\/tavapy.gov.py\/biblioteca\/wp-json\/wp\/v2\/product_tag?post=4728"}],"curies":[{"name":"wp","href":"https:\/\/api.w.org\/{rel}","templated":true}]}}