{"id":4729,"date":"2022-04-28T23:09:51","date_gmt":"2022-04-28T23:09:51","guid":{"rendered":"https:\/\/tavapy.gov.py\/biblioteca\/?post_type=product&#038;p=4729"},"modified":"2022-04-28T23:09:51","modified_gmt":"2022-04-28T23:09:51","slug":"sandokan","status":"publish","type":"product","link":"https:\/\/tavapy.gov.py\/biblioteca\/product\/sandokan\/","title":{"rendered":"SANDOKAN."},"content":{"rendered":"","protected":false},"excerpt":{"rendered":"<p>Nacido en Verona, Italia, Emilio Salgari frecuent\u00f3 el mar desde muy joven, y pronto comenz\u00f3 a volcar sus experiencias en relatos breves. En su vasta obra narrativa se destacan algunos ciclos tem\u00e1ticos como la jungla, los piratas asi\u00e1ticos, los corsarios del caribe y las praderas norteamericanas.<\/p>\n<p>Sus novelas se caracterizan por la simplicidad de los personajes y la viveza de la acci\u00f3n, aspectos que terminar\u00edan por renovar el panorama de la literatura juvenil.<\/p>\n<p>Fue concebida como un alucinante viaje a trav\u00e9s del tiempo y el espacio a una tierra en la que era posible encontrar peleas, descomunales, tigres o diamantes del tama\u00f1o de una nuez.<\/p>\n<p>Sandok\u00e1n es el due\u00f1o y se\u00f1or de la isla de Mompracem. Movido por la venganza hacia los ingleses que le arrebataron su familia y su reino, se dedica a recorrer las costas de Malasia con sus hombres, ejerciendo cruelmente la pirater\u00eda contra el enemigo brit\u00e1nico. Por ello, es conocido por el sobrenombre de El Tigre de Malasia.<\/p>\n<p>Una noche en que la isla es sacudida por un fuerte hurac\u00e1n, Sandok\u00e1n recibe la visita de Y\u00e1nez, su m\u00e1s leal y fiel amigo, que le informa sobre Lady Mariana, sobrina del gobernador de la colonia inglesa de Labu\u00e1n, joven dama que por su extraordinaria belleza es conocida como La Perla de Labu\u00e1n. Impresionado por los comentarios de su amigo, Sandok\u00e1n emprender\u00e1 una expedici\u00f3n al mando de dos praos con destino a Labu\u00e1n.<\/p>\n<p>El objetivo es conocer a tan hermosa mujer, pero al llegar a las cercan\u00edas de la isla, las naves son interceptadas por un crucero brit\u00e1nico que consigue hundirlas y acabar con casi toda la tripulaci\u00f3n. Sandok\u00e1n, \u00fanico superviviente del ataque, conseguir\u00e1 llegar a tierra firme, magullado y herido.<\/p>\n<p><a href=\"https:\/\/tavapy.gov.py\/biblioteca\/wp-content\/uploads\/2022\/04\/SalgariE-Sandokan.pdf\" target=\"_blank\" rel=\"attachment noopener wp-att-4712\"><img loading=\"lazy\" decoding=\"async\" class=\"size-full wp-image-4712 alignleft\" src=\"https:\/\/tavapy.gov.py\/biblioteca\/wp-content\/uploads\/2022\/04\/icono-PDF-copia-4.png\" alt=\"\" width=\"121\" height=\"140\" \/><\/a><\/p>\n","protected":false},"featured_media":4648,"comment_status":"open","ping_status":"closed","template":"","meta":{"spay_email":""},"product_cat":[57],"product_tag":[],"class_list":{"0":"post-4729","1":"product","2":"type-product","3":"status-publish","4":"has-post-thumbnail","6":"book_author-emilio-salgari","7":"product_cat-novela","8":"entry"},"_links":{"self":[{"href":"https:\/\/tavapy.gov.py\/biblioteca\/wp-json\/wp\/v2\/product\/4729","targetHints":{"allow":["GET"]}}],"collection":[{"href":"https:\/\/tavapy.gov.py\/biblioteca\/wp-json\/wp\/v2\/product"}],"about":[{"href":"https:\/\/tavapy.gov.py\/biblioteca\/wp-json\/wp\/v2\/types\/product"}],"replies":[{"embeddable":true,"href":"https:\/\/tavapy.gov.py\/biblioteca\/wp-json\/wp\/v2\/comments?post=4729"}],"wp:featuredmedia":[{"embeddable":true,"href":"https:\/\/tavapy.gov.py\/biblioteca\/wp-json\/wp\/v2\/media\/4648"}],"wp:attachment":[{"href":"https:\/\/tavapy.gov.py\/biblioteca\/wp-json\/wp\/v2\/media?parent=4729"}],"wp:term":[{"taxonomy":"product_cat","embeddable":true,"href":"https:\/\/tavapy.gov.py\/biblioteca\/wp-json\/wp\/v2\/product_cat?post=4729"},{"taxonomy":"product_tag","embeddable":true,"href":"https:\/\/tavapy.gov.py\/biblioteca\/wp-json\/wp\/v2\/product_tag?post=4729"}],"curies":[{"name":"wp","href":"https:\/\/api.w.org\/{rel}","templated":true}]}}