{"id":4732,"date":"2022-06-14T17:37:47","date_gmt":"2022-06-14T17:37:47","guid":{"rendered":"https:\/\/tavapy.gov.py\/biblioteca\/?post_type=product&#038;p=4732"},"modified":"2022-06-14T17:42:59","modified_gmt":"2022-06-14T17:42:59","slug":"fundamentos-de-filosofia","status":"publish","type":"product","link":"https:\/\/tavapy.gov.py\/biblioteca\/product\/fundamentos-de-filosofia\/","title":{"rendered":"FUNDAMENTOS DE FILOSOF\u00cdA."},"content":{"rendered":"","protected":false},"excerpt":{"rendered":"<p>Con lucidez y claridad, el fil\u00f3sofo Bertrand Russell, Premio Nobel de Literatura de 1950 y una de las grandes mentes del siglo XX, expone su particular visi\u00f3n del mundo, desde la condici\u00f3n humana hasta la f\u00edsica.<\/p>\n<p><i>Fundamentos de filosof\u00eda<\/i>(1927) era una obra pensada para el gran p\u00fablico estadounidense que, sin embargo, despert\u00f3 una aguerrida controversia en los c\u00edrculos acad\u00e9micos. Su tesis clave afirma que la humanidad es el instrumento mediante el cual adquirimos nuestro conocimiento del universo (o, seg\u00fan Gorgias, \u00abel hombre es la medida de todas las cosas\u00bb).<\/p>\n<p>De ah\u00ed, surgen varias cuestiones: \u00bfDe qu\u00e9 maneras adquiere conocimiento el ser humano?, \u00bfEs posible la formulaci\u00f3n de leyes universales?, C\u00f3mo podemos distinguir verdad y opini\u00f3n? Todas las preguntas que plantea Russell abren las puertas al que es, al fin y al cabo, el m\u00e1s sugestivo de los interrogantes: \u00bfpuede el ser humano llegar a conocerlo todo?<\/p>\n<p><a href=\"https:\/\/tavapy.gov.py\/biblioteca\/wp-content\/uploads\/2022\/04\/RussellB-Fundamentos-de-Filosofia.pdf\" target=\"_blank\" rel=\"attachment noopener wp-att-5312\"><img loading=\"lazy\" decoding=\"async\" class=\"size-full wp-image-5312 alignleft\" src=\"https:\/\/tavapy.gov.py\/biblioteca\/wp-content\/uploads\/2022\/05\/icono-PDF-copia-2.png\" alt=\"\" width=\"121\" height=\"140\" \/><\/a><\/p>\n","protected":false},"featured_media":5381,"comment_status":"open","ping_status":"closed","template":"","meta":{"spay_email":""},"product_cat":[355],"product_tag":[],"class_list":{"0":"post-4732","1":"product","2":"type-product","3":"status-publish","4":"has-post-thumbnail","6":"book_author-bertrand-russell","7":"product_cat-filosofia-ensayo","8":"entry"},"_links":{"self":[{"href":"https:\/\/tavapy.gov.py\/biblioteca\/wp-json\/wp\/v2\/product\/4732","targetHints":{"allow":["GET"]}}],"collection":[{"href":"https:\/\/tavapy.gov.py\/biblioteca\/wp-json\/wp\/v2\/product"}],"about":[{"href":"https:\/\/tavapy.gov.py\/biblioteca\/wp-json\/wp\/v2\/types\/product"}],"replies":[{"embeddable":true,"href":"https:\/\/tavapy.gov.py\/biblioteca\/wp-json\/wp\/v2\/comments?post=4732"}],"wp:featuredmedia":[{"embeddable":true,"href":"https:\/\/tavapy.gov.py\/biblioteca\/wp-json\/wp\/v2\/media\/5381"}],"wp:attachment":[{"href":"https:\/\/tavapy.gov.py\/biblioteca\/wp-json\/wp\/v2\/media?parent=4732"}],"wp:term":[{"taxonomy":"product_cat","embeddable":true,"href":"https:\/\/tavapy.gov.py\/biblioteca\/wp-json\/wp\/v2\/product_cat?post=4732"},{"taxonomy":"product_tag","embeddable":true,"href":"https:\/\/tavapy.gov.py\/biblioteca\/wp-json\/wp\/v2\/product_tag?post=4732"}],"curies":[{"name":"wp","href":"https:\/\/api.w.org\/{rel}","templated":true}]}}