{"id":4741,"date":"2022-04-30T18:40:14","date_gmt":"2022-04-30T18:40:14","guid":{"rendered":"https:\/\/tavapy.gov.py\/biblioteca\/?post_type=product&#038;p=4741"},"modified":"2022-04-30T18:40:14","modified_gmt":"2022-04-30T18:40:14","slug":"el-poder-de-la-gratitud-2","status":"publish","type":"product","link":"https:\/\/tavapy.gov.py\/biblioteca\/product\/el-poder-de-la-gratitud-2\/","title":{"rendered":"EL PODER DE LA GRATITUD."},"content":{"rendered":"","protected":false},"excerpt":{"rendered":"<p>\u00a1La gratitud funciona! \u00bfQuieres ser m\u00e1s feliz, m\u00e1s sano y m\u00e1s rico?<\/p>\n<p>\u00bfQuieres convertirte en un im\u00e1n para todo lo que deseas, incluyendo dinero, oportunidades y personas? \u00bfQuieres disfrutar m\u00e1s de tu vida y sentirte mejor cada d\u00eda? \u00bfDesea mejorar las relaciones con tu c\u00f3nyuge, tus amigos y todos los dem\u00e1s?<\/p>\n<p>En su nuevo libro, El Poder de la Gratitud publicado en el 2.020, el autor de Bestseller y consultor de desarrollo personal Marc Reklau revela los beneficios cient\u00edficamente probados de la gratitud. La gratitud se considera la mejor y la m\u00e1s impactante intervenci\u00f3n de la psicolog\u00eda positiva.<\/p>\n<p><a href=\"https:\/\/tavapy.gov.py\/biblioteca\/wp-content\/uploads\/2022\/04\/ReklauM-El-poder-de-la-gratitud.pdf\" target=\"_blank\" rel=\"attachment noopener wp-att-4712\"><img loading=\"lazy\" decoding=\"async\" class=\"size-full wp-image-4712 alignleft\" src=\"https:\/\/tavapy.gov.py\/biblioteca\/wp-content\/uploads\/2022\/04\/icono-PDF-copia-4.png\" alt=\"\" width=\"121\" height=\"140\" \/><\/a><\/p>\n","protected":false},"featured_media":4623,"comment_status":"open","ping_status":"closed","template":"","meta":{"spay_email":""},"product_cat":[427],"product_tag":[],"class_list":{"0":"post-4741","1":"product","2":"type-product","3":"status-publish","4":"has-post-thumbnail","6":"book_author-mark-reklau","7":"product_cat-autoayuda","8":"entry"},"_links":{"self":[{"href":"https:\/\/tavapy.gov.py\/biblioteca\/wp-json\/wp\/v2\/product\/4741","targetHints":{"allow":["GET"]}}],"collection":[{"href":"https:\/\/tavapy.gov.py\/biblioteca\/wp-json\/wp\/v2\/product"}],"about":[{"href":"https:\/\/tavapy.gov.py\/biblioteca\/wp-json\/wp\/v2\/types\/product"}],"replies":[{"embeddable":true,"href":"https:\/\/tavapy.gov.py\/biblioteca\/wp-json\/wp\/v2\/comments?post=4741"}],"wp:featuredmedia":[{"embeddable":true,"href":"https:\/\/tavapy.gov.py\/biblioteca\/wp-json\/wp\/v2\/media\/4623"}],"wp:attachment":[{"href":"https:\/\/tavapy.gov.py\/biblioteca\/wp-json\/wp\/v2\/media?parent=4741"}],"wp:term":[{"taxonomy":"product_cat","embeddable":true,"href":"https:\/\/tavapy.gov.py\/biblioteca\/wp-json\/wp\/v2\/product_cat?post=4741"},{"taxonomy":"product_tag","embeddable":true,"href":"https:\/\/tavapy.gov.py\/biblioteca\/wp-json\/wp\/v2\/product_tag?post=4741"}],"curies":[{"name":"wp","href":"https:\/\/api.w.org\/{rel}","templated":true}]}}