{"id":4750,"date":"2022-04-30T21:49:04","date_gmt":"2022-04-30T21:49:04","guid":{"rendered":"https:\/\/tavapy.gov.py\/biblioteca\/?post_type=product&#038;p=4750"},"modified":"2022-04-30T21:49:05","modified_gmt":"2022-04-30T21:49:05","slug":"en-defensa-de-la-ilustracion","status":"publish","type":"product","link":"https:\/\/tavapy.gov.py\/biblioteca\/product\/en-defensa-de-la-ilustracion\/","title":{"rendered":"EN DEFENSA DE LA ILUSTRACI\u00d3N."},"content":{"rendered":"","protected":false},"excerpt":{"rendered":"<p>Si cre\u00edas que el mundo estaba llegando a su fin, esto te interesa: vivimos m\u00e1s a\u00f1os y la salud nos acompa\u00f1a, somos m\u00e1s libres y, en definitiva, m\u00e1s felices; y aunque los problemas a los que nos enfrentamos son extraordinarios, las soluciones residen en el ideal de la Ilustraci\u00f3n: el uso de la raz\u00f3n y la ciencia.<\/p>\n<p>En esta elegante evaluaci\u00f3n de la condici\u00f3n humana en el tercer milenio, el cient\u00edfico cognitivo e intelectual Steven Pinker nos insta a ver con otra perspectiva los titulares alarmistas y las profec\u00edas de la perdici\u00f3n que juegan con nuestros prejuicios psicol\u00f3gicos.<\/p>\n<p>En cambio, haciendo uso de datos emp\u00edricos, muestra que la vida, la salud, la prosperidad, la seguridad, la paz, el conocimiento y la felicidad van en aumento, no solo en Occidente, sino en todo el mundo. Este progreso no es el resultado de alguna fuerza c\u00f3smica. Es un regalo de la Ilustraci\u00f3n: la convicci\u00f3n de que la raz\u00f3n y la ciencia pueden mejorar el florecimiento humano.<\/p>\n<p>Lejos de ser una esperanza ingenua, la Ilustraci\u00f3n, ahora lo sabemos, ha funcionado. Pero hoy m\u00e1s que nunca necesita que la defendamos con vigor. Con profundidad intelectual y estilo literario, En defensa de la Ilustraci\u00f3n obra publicada en el 2.018, defiende la raz\u00f3n, la ciencia y el humanismo: los ideales que necesitamos para enfrentar nuestros problemas y continuar nuestro progreso.<\/p>\n<p><a href=\"https:\/\/tavapy.gov.py\/biblioteca\/wp-content\/uploads\/2022\/04\/PinkerS-En-defensa-de-la-Ilustracion.pdf\" target=\"_blank\" rel=\"attachment noopener wp-att-4712\"><img loading=\"lazy\" decoding=\"async\" class=\"size-full wp-image-4712 alignleft\" src=\"https:\/\/tavapy.gov.py\/biblioteca\/wp-content\/uploads\/2022\/04\/icono-PDF-copia-4.png\" alt=\"\" width=\"121\" height=\"140\" \/><\/a><\/p>\n","protected":false},"featured_media":4596,"comment_status":"open","ping_status":"closed","template":"","meta":{"spay_email":""},"product_cat":[94],"product_tag":[],"class_list":{"0":"post-4750","1":"product","2":"type-product","3":"status-publish","4":"has-post-thumbnail","6":"book_author-steven-pinker","7":"product_cat-filosofia-social","8":"entry"},"_links":{"self":[{"href":"https:\/\/tavapy.gov.py\/biblioteca\/wp-json\/wp\/v2\/product\/4750","targetHints":{"allow":["GET"]}}],"collection":[{"href":"https:\/\/tavapy.gov.py\/biblioteca\/wp-json\/wp\/v2\/product"}],"about":[{"href":"https:\/\/tavapy.gov.py\/biblioteca\/wp-json\/wp\/v2\/types\/product"}],"replies":[{"embeddable":true,"href":"https:\/\/tavapy.gov.py\/biblioteca\/wp-json\/wp\/v2\/comments?post=4750"}],"wp:featuredmedia":[{"embeddable":true,"href":"https:\/\/tavapy.gov.py\/biblioteca\/wp-json\/wp\/v2\/media\/4596"}],"wp:attachment":[{"href":"https:\/\/tavapy.gov.py\/biblioteca\/wp-json\/wp\/v2\/media?parent=4750"}],"wp:term":[{"taxonomy":"product_cat","embeddable":true,"href":"https:\/\/tavapy.gov.py\/biblioteca\/wp-json\/wp\/v2\/product_cat?post=4750"},{"taxonomy":"product_tag","embeddable":true,"href":"https:\/\/tavapy.gov.py\/biblioteca\/wp-json\/wp\/v2\/product_tag?post=4750"}],"curies":[{"name":"wp","href":"https:\/\/api.w.org\/{rel}","templated":true}]}}