{"id":4752,"date":"2022-04-30T22:32:01","date_gmt":"2022-04-30T22:32:01","guid":{"rendered":"https:\/\/tavapy.gov.py\/biblioteca\/?post_type=product&#038;p=4752"},"modified":"2022-04-30T22:32:01","modified_gmt":"2022-04-30T22:32:01","slug":"la-sorprendente-verda-sobre-que-nos-motiva","status":"publish","type":"product","link":"https:\/\/tavapy.gov.py\/biblioteca\/product\/la-sorprendente-verda-sobre-que-nos-motiva\/","title":{"rendered":"LA SORPRENDENTE VERDA SOBRE QU\u00c9 NOS MOTIVA."},"content":{"rendered":"","protected":false},"excerpt":{"rendered":"<p>La sorprendente verdad sobre lo que nos motiva fue publicado en 2009. Argumenta que la motivaci\u00f3n humana es en gran medida intr\u00ednseca, y que los aspectos de esta motivaci\u00f3n se pueden dividir en autonom\u00eda, dominio y prop\u00f3sito. Argumenta en contra de los viejos modelos de motivaci\u00f3n impulsados \u200b\u200bpor las recompensas y el miedo al castigo, dominados por factores extr\u00ednsecos como el dinero.<\/p>\n<p>Para motivar a los empleados que trabajan m\u00e1s all\u00e1 de las tareas b\u00e1sicas, Pink argumenta que apoyar a los empleados en las siguientes tres \u00e1reas dar\u00e1 como resultado un mayor rendimiento y satisfacci\u00f3n:<\/p>\n<p>Autonom\u00eda: nuestro deseo de ser autodirigidos. Aumenta el compromiso sobre el cumplimiento.<\/p>\n<p>Maestr\u00eda: la necesidad de mejorar sus habilidades.<\/p>\n<p>Prop\u00f3sito: el deseo de hacer algo que tiene significado y es importante. Las empresas que solo se enfocan en las ganancias sin valorar el prop\u00f3sito terminar\u00e1n con un servicio al cliente deficiente y empleados insatisfechos.<\/p>\n<p><a href=\"https:\/\/tavapy.gov.py\/biblioteca\/wp-content\/uploads\/2022\/04\/PinkD-La-sorprendente-verdad-sobre-que-nos...pdf\" target=\"_blank\" rel=\"attachment noopener wp-att-4712\"><img loading=\"lazy\" decoding=\"async\" class=\"size-full wp-image-4712 alignleft\" src=\"https:\/\/tavapy.gov.py\/biblioteca\/wp-content\/uploads\/2022\/04\/icono-PDF-copia-4.png\" alt=\"\" width=\"121\" height=\"140\" \/><\/a><\/p>\n","protected":false},"featured_media":4590,"comment_status":"open","ping_status":"closed","template":"","meta":{"spay_email":""},"product_cat":[408],"product_tag":[],"class_list":{"0":"post-4752","1":"product","2":"type-product","3":"status-publish","4":"has-post-thumbnail","6":"book_author-daniel-h-pink","7":"product_cat-autoayuda-psicologia-espiritualidad","8":"entry"},"_links":{"self":[{"href":"https:\/\/tavapy.gov.py\/biblioteca\/wp-json\/wp\/v2\/product\/4752","targetHints":{"allow":["GET"]}}],"collection":[{"href":"https:\/\/tavapy.gov.py\/biblioteca\/wp-json\/wp\/v2\/product"}],"about":[{"href":"https:\/\/tavapy.gov.py\/biblioteca\/wp-json\/wp\/v2\/types\/product"}],"replies":[{"embeddable":true,"href":"https:\/\/tavapy.gov.py\/biblioteca\/wp-json\/wp\/v2\/comments?post=4752"}],"wp:featuredmedia":[{"embeddable":true,"href":"https:\/\/tavapy.gov.py\/biblioteca\/wp-json\/wp\/v2\/media\/4590"}],"wp:attachment":[{"href":"https:\/\/tavapy.gov.py\/biblioteca\/wp-json\/wp\/v2\/media?parent=4752"}],"wp:term":[{"taxonomy":"product_cat","embeddable":true,"href":"https:\/\/tavapy.gov.py\/biblioteca\/wp-json\/wp\/v2\/product_cat?post=4752"},{"taxonomy":"product_tag","embeddable":true,"href":"https:\/\/tavapy.gov.py\/biblioteca\/wp-json\/wp\/v2\/product_tag?post=4752"}],"curies":[{"name":"wp","href":"https:\/\/api.w.org\/{rel}","templated":true}]}}