{"id":4754,"date":"2022-05-01T03:29:04","date_gmt":"2022-05-01T03:29:04","guid":{"rendered":"https:\/\/tavapy.gov.py\/biblioteca\/?post_type=product&#038;p=4754"},"modified":"2022-05-01T03:29:05","modified_gmt":"2022-05-01T03:29:05","slug":"el-camino-a-la-realidad","status":"publish","type":"product","link":"https:\/\/tavapy.gov.py\/biblioteca\/product\/el-camino-a-la-realidad\/","title":{"rendered":"EL CAMINO A LA REALIDAD."},"content":{"rendered":"","protected":false},"excerpt":{"rendered":"<p>El camino a la realidad es un libro sobre la f\u00edsica moderna escrito por el f\u00edsico matem\u00e1tico brit\u00e1nico Roger Penrose, y publicado en 2004. Cubre los aspectos b\u00e1sicos del modelo est\u00e1ndar de la f\u00edsica moderna, hablando de la relatividad general y la mec\u00e1nica cu\u00e1ntica, y luego se expande sobre la posible unificaci\u00f3n de estas dos teor\u00edas.<\/p>\n<p>La obra trata sobre el mundo f\u00edsico. Muchos campos que los cient\u00edficos en el siglo XIX consideraban por separado, la electricidad y el magnetismo, por ejemplo, son facetas de unas propiedades m\u00e1s fundamentales. Algunos textos, tanto populares como de nivel universitario, introducen estos temas como conceptos separados y luego \u00abfuerzan\u00bb la combinaci\u00f3n de ellos mucho m\u00e1s tarde.<\/p>\n<p>En \u00abel camino a la realidad\u00bb este proceso se invierte, en primer lugar demostrar que la matem\u00e1tica es necesaria para discutir el espacio-tiempo que parece que vivimos, a continuaci\u00f3n, muestra que el electromagnetismo, simplemente se cae totalmente formado.<\/p>\n<p>Como Penrose admite, los cap\u00edtulos finales reflejan su perspectiva personal, a diferencia de lo que \u00e9l considera la moda actual entre los f\u00edsicos te\u00f3ricos. \u00c9l es esc\u00e9ptico sobre la teor\u00eda de cuerdas, a la que \u00e9l prefiere la gravedad cu\u00e1ntica de bucles, es optimista sobre su propio enfoque, la teor\u00eda de twistores, y tiene algunos puntos de vista controvertidos sobre el papel de la conciencia en la f\u00edsica.<\/p>\n<p><a href=\"https:\/\/tavapy.gov.py\/biblioteca\/wp-content\/uploads\/2022\/04\/PenroseR-El-Camino-a-la-realidad.pdf\" target=\"_blank\" rel=\"attachment noopener wp-att-4712\"><img loading=\"lazy\" decoding=\"async\" class=\"size-full wp-image-4712 alignleft\" src=\"https:\/\/tavapy.gov.py\/biblioteca\/wp-content\/uploads\/2022\/04\/icono-PDF-copia-4.png\" alt=\"\" width=\"121\" height=\"140\" \/><\/a><\/p>\n","protected":false},"featured_media":4585,"comment_status":"open","ping_status":"closed","template":"","meta":{"spay_email":""},"product_cat":[401],"product_tag":[],"class_list":{"0":"post-4754","1":"product","2":"type-product","3":"status-publish","4":"has-post-thumbnail","6":"book_author-roger-penrose","7":"product_cat-fisica-moderna-cosmologia","8":"entry"},"_links":{"self":[{"href":"https:\/\/tavapy.gov.py\/biblioteca\/wp-json\/wp\/v2\/product\/4754","targetHints":{"allow":["GET"]}}],"collection":[{"href":"https:\/\/tavapy.gov.py\/biblioteca\/wp-json\/wp\/v2\/product"}],"about":[{"href":"https:\/\/tavapy.gov.py\/biblioteca\/wp-json\/wp\/v2\/types\/product"}],"replies":[{"embeddable":true,"href":"https:\/\/tavapy.gov.py\/biblioteca\/wp-json\/wp\/v2\/comments?post=4754"}],"wp:featuredmedia":[{"embeddable":true,"href":"https:\/\/tavapy.gov.py\/biblioteca\/wp-json\/wp\/v2\/media\/4585"}],"wp:attachment":[{"href":"https:\/\/tavapy.gov.py\/biblioteca\/wp-json\/wp\/v2\/media?parent=4754"}],"wp:term":[{"taxonomy":"product_cat","embeddable":true,"href":"https:\/\/tavapy.gov.py\/biblioteca\/wp-json\/wp\/v2\/product_cat?post=4754"},{"taxonomy":"product_tag","embeddable":true,"href":"https:\/\/tavapy.gov.py\/biblioteca\/wp-json\/wp\/v2\/product_tag?post=4754"}],"curies":[{"name":"wp","href":"https:\/\/api.w.org\/{rel}","templated":true}]}}