{"id":4756,"date":"2022-05-01T03:43:57","date_gmt":"2022-05-01T03:43:57","guid":{"rendered":"https:\/\/tavapy.gov.py\/biblioteca\/?post_type=product&#038;p=4756"},"modified":"2022-05-01T03:43:57","modified_gmt":"2022-05-01T03:43:57","slug":"neurocuantica-la-nueva-frontera-de-la-neurociencia","status":"publish","type":"product","link":"https:\/\/tavapy.gov.py\/biblioteca\/product\/neurocuantica-la-nueva-frontera-de-la-neurociencia\/","title":{"rendered":"NEUROCU\u00c1NTICA: LA NUEVA FRONTERA DE LA NEUROCIENCIA."},"content":{"rendered":"","protected":false},"excerpt":{"rendered":"<p>\u00bfQu\u00e9 es la mente? Y, sobre todo, d\u00f3nde est\u00e1 situada la mente?, representan las preguntas m\u00e1s importantes a las que se intenta responder en este libro. La concepci\u00f3n hologr\u00e1fica de la mente, compartida hoy por numerosos neurocient\u00edficos, lleva necesariamente al autor a adentrarse en la revoluci\u00f3n de la f\u00edsica de principios del siglo xx, representada sobre todo por la Teor\u00eda de la Relatividad y la mec\u00e1nica cu\u00e1ntica, que ha redise\u00f1ado por completo el paradigma de la realidad, dando un fuerte apoyo cient\u00edfico a una nueva visi\u00f3n de la relaci\u00f3n entre el hombre y la Creaci\u00f3n.<\/p>\n<p>Las confirmaciones te\u00f3ricas de la f\u00edsica cu\u00e1ntica ofrecen una base a la noci\u00f3n de \u201cCampo Unificado de Informaci\u00f3n\u201d, que tambi\u00e9n representa para el autor y otros estudiosos un modelo de Mente Universal en continua evoluci\u00f3n, a la que se unen todas las conciencias de los seres sintientes, aportando su contribuci\u00f3n como cocreadores del mundo.<\/p>\n<p>Esta visi\u00f3n es el fundamento de lo que el autor define como Neurocu\u00e1ntica en esta obra publicada en el 2.015: una nueva propuesta de investigaci\u00f3n interdisciplinar integrada sobre el papel de nuestra mente en su relaci\u00f3n con el Campo Unificado de Informaci\u00f3n. Estudiar el fen\u00f3meno de la \u201cresonancia\u201d, en el que se focaliza el autor en sus investigaciones de las medicinas naturales, puede ser un punto de partida para \u201casociar\u201d nuestro vivir con el campo hologr\u00e1fico descrito, a trav\u00e9s de un mecanismo ganar-ganar, \u201cen el que todos salimos ganando\u201d.<\/p>\n<p><a href=\"https:\/\/tavapy.gov.py\/biblioteca\/wp-content\/uploads\/2022\/04\/PaolelliE-Neurocuantica.pdf\" target=\"_blank\" rel=\"attachment noopener wp-att-4712\"><img loading=\"lazy\" decoding=\"async\" class=\"size-full wp-image-4712 alignleft\" src=\"https:\/\/tavapy.gov.py\/biblioteca\/wp-content\/uploads\/2022\/04\/icono-PDF-copia-4.png\" alt=\"\" width=\"121\" height=\"140\" \/><\/a><\/p>\n","protected":false},"featured_media":4579,"comment_status":"open","ping_status":"closed","template":"","meta":{"spay_email":""},"product_cat":[443],"product_tag":[],"class_list":{"0":"post-4756","1":"product","2":"type-product","3":"status-publish","4":"has-post-thumbnail","6":"book_author-ermanno-paolelli","7":"product_cat-autoayuda-psicologia-medicina-alternativa","8":"entry"},"_links":{"self":[{"href":"https:\/\/tavapy.gov.py\/biblioteca\/wp-json\/wp\/v2\/product\/4756","targetHints":{"allow":["GET"]}}],"collection":[{"href":"https:\/\/tavapy.gov.py\/biblioteca\/wp-json\/wp\/v2\/product"}],"about":[{"href":"https:\/\/tavapy.gov.py\/biblioteca\/wp-json\/wp\/v2\/types\/product"}],"replies":[{"embeddable":true,"href":"https:\/\/tavapy.gov.py\/biblioteca\/wp-json\/wp\/v2\/comments?post=4756"}],"wp:featuredmedia":[{"embeddable":true,"href":"https:\/\/tavapy.gov.py\/biblioteca\/wp-json\/wp\/v2\/media\/4579"}],"wp:attachment":[{"href":"https:\/\/tavapy.gov.py\/biblioteca\/wp-json\/wp\/v2\/media?parent=4756"}],"wp:term":[{"taxonomy":"product_cat","embeddable":true,"href":"https:\/\/tavapy.gov.py\/biblioteca\/wp-json\/wp\/v2\/product_cat?post=4756"},{"taxonomy":"product_tag","embeddable":true,"href":"https:\/\/tavapy.gov.py\/biblioteca\/wp-json\/wp\/v2\/product_tag?post=4756"}],"curies":[{"name":"wp","href":"https:\/\/api.w.org\/{rel}","templated":true}]}}