{"id":4757,"date":"2022-05-01T03:50:00","date_gmt":"2022-05-01T03:50:00","guid":{"rendered":"https:\/\/tavapy.gov.py\/biblioteca\/?post_type=product&#038;p=4757"},"modified":"2022-05-01T03:50:01","modified_gmt":"2022-05-01T03:50:01","slug":"los-evangelios-gnosticos","status":"publish","type":"product","link":"https:\/\/tavapy.gov.py\/biblioteca\/product\/los-evangelios-gnosticos\/","title":{"rendered":"LOS EVANGELIOS GN\u00d3STICOS."},"content":{"rendered":"","protected":false},"excerpt":{"rendered":"<p>Este libro publicado en 1.979 fue distinguido en Estados Unidos con el premio del National Book Critics Circle y con el National Book Award y, desde entonces, se ha convertido en obra de referencia indiscutible sobre los evangelios gn\u00f3sticos.<\/p>\n<p>En \u00e9l la profesora Pagels revela las numerosas discrepancias que separaban a los cristianos primitivos en torno a los hechos mismos de la vida de Cristo, al sentido de sus ense\u00f1anzas o a la forma que deb\u00eda adoptar su iglesia y describe las doctrinas gn\u00f3sticas que niegan la resurrecci\u00f3n de Cristo y rechazan la autoridad sacerdotal, explicando por qu\u00e9 y c\u00f3mo la ortodoxia que finalmente se impuso declar\u00f3 her\u00e9ticos a los gn\u00f3sticos y trat\u00f3 de eliminar todos los textos que conten\u00edan sus doctrinas.<\/p>\n<p>Estos Evangelios gn\u00f3sticos, sorprendentes y reveladores, nos obligan a reconsiderar profundamente la imagen establecida de los or\u00edgenes y el significado del cristianismo.<\/p>\n<p><a href=\"https:\/\/tavapy.gov.py\/biblioteca\/wp-content\/uploads\/2022\/04\/PagelsE-Los-Evangelios-Gnosticos.pdf\" target=\"_blank\" rel=\"attachment noopener wp-att-4712\"><img loading=\"lazy\" decoding=\"async\" class=\"size-full wp-image-4712 alignleft\" src=\"https:\/\/tavapy.gov.py\/biblioteca\/wp-content\/uploads\/2022\/04\/icono-PDF-copia-4.png\" alt=\"\" width=\"121\" height=\"140\" \/><\/a><\/p>\n","protected":false},"featured_media":4578,"comment_status":"open","ping_status":"closed","template":"","meta":{"spay_email":""},"product_cat":[445],"product_tag":[],"class_list":{"0":"post-4757","1":"product","2":"type-product","3":"status-publish","4":"has-post-thumbnail","6":"book_author-elaine-pagels","7":"product_cat-historia-cristianismo","8":"entry"},"_links":{"self":[{"href":"https:\/\/tavapy.gov.py\/biblioteca\/wp-json\/wp\/v2\/product\/4757","targetHints":{"allow":["GET"]}}],"collection":[{"href":"https:\/\/tavapy.gov.py\/biblioteca\/wp-json\/wp\/v2\/product"}],"about":[{"href":"https:\/\/tavapy.gov.py\/biblioteca\/wp-json\/wp\/v2\/types\/product"}],"replies":[{"embeddable":true,"href":"https:\/\/tavapy.gov.py\/biblioteca\/wp-json\/wp\/v2\/comments?post=4757"}],"wp:featuredmedia":[{"embeddable":true,"href":"https:\/\/tavapy.gov.py\/biblioteca\/wp-json\/wp\/v2\/media\/4578"}],"wp:attachment":[{"href":"https:\/\/tavapy.gov.py\/biblioteca\/wp-json\/wp\/v2\/media?parent=4757"}],"wp:term":[{"taxonomy":"product_cat","embeddable":true,"href":"https:\/\/tavapy.gov.py\/biblioteca\/wp-json\/wp\/v2\/product_cat?post=4757"},{"taxonomy":"product_tag","embeddable":true,"href":"https:\/\/tavapy.gov.py\/biblioteca\/wp-json\/wp\/v2\/product_tag?post=4757"}],"curies":[{"name":"wp","href":"https:\/\/api.w.org\/{rel}","templated":true}]}}