{"id":4764,"date":"2022-05-02T21:42:52","date_gmt":"2022-05-02T21:42:52","guid":{"rendered":"https:\/\/tavapy.gov.py\/biblioteca\/?post_type=product&#038;p=4764"},"modified":"2022-05-02T21:42:52","modified_gmt":"2022-05-02T21:42:52","slug":"el-metodo-ii-la-vida-de-la-vida","status":"publish","type":"product","link":"https:\/\/tavapy.gov.py\/biblioteca\/product\/el-metodo-ii-la-vida-de-la-vida\/","title":{"rendered":"EL M\u00c9TODO II: LA VIDA DE LA VIDA."},"content":{"rendered":"","protected":false},"excerpt":{"rendered":"<p>El formidable progreso de las ciencias de la vida (desde la teor\u00eda de la evoluci\u00f3n y la biolog\u00eda molecular a la ecolog\u00eda, la ingenier\u00eda gen\u00e9tica y la sociobiolog\u00eda) no debe llevarnos a rechazar las ideas de vida, existencia, individuo y sujeto, sino a comprenderlas m\u00e1s profundamente.<\/p>\n<p>En el M\u00e9todo II: la vida de la vida, obra publicada en 1.992, Morin sostiene que la vida, que emerge por entero del universo f\u00edsico, es al mismo tiempo algo enteramente original en ese universo. Comparar la vida con la no-vida no ser\u00eda suficiente; hay que captar tambi\u00e9n la vida de la vida. La frontera que nos separa de los otros vivientes es una frontera cultural, que no anula a la vida, sino que la abre al desarrollo del esp\u00edritu.<\/p>\n<p>Toda ciencia del hombre que reduzca la vida a lo privado es una ciencia privada de vida. Pensar la vida ha llegado a ser algo vital para nosotros, y la biolog\u00eda ha resultado ser la ciencia en cuesti\u00f3n. \u00bfPodemos consentir que la intervenci\u00f3n gen\u00e9tica y cerebral transformen nuestras vidas, nuestros esp\u00edritus, antes de que sepamos verdaderamente lo que son la vida, el cerebro, el esp\u00edritu, antes de que seamos capaces de controlarnos a nosotros mismos y de controlar a nuestros controladores?<\/p>\n<p><a href=\"https:\/\/tavapy.gov.py\/biblioteca\/wp-content\/uploads\/2022\/04\/MorinE-El-metodo-II-La-vida-de-la-vida.pdf\" target=\"_blank\" rel=\"attachment noopener wp-att-4712\"><img loading=\"lazy\" decoding=\"async\" class=\"size-full wp-image-4712 alignleft\" src=\"https:\/\/tavapy.gov.py\/biblioteca\/wp-content\/uploads\/2022\/04\/icono-PDF-copia-4.png\" alt=\"\" width=\"121\" height=\"140\" \/><\/a><\/p>\n","protected":false},"featured_media":4557,"comment_status":"open","ping_status":"closed","template":"","meta":{"spay_email":""},"product_cat":[454],"product_tag":[],"class_list":{"0":"post-4764","1":"product","2":"type-product","3":"status-publish","4":"has-post-thumbnail","6":"book_author-edgar-morin","7":"product_cat-nueva-cosmologia-filosofia-epistemologia","8":"entry"},"_links":{"self":[{"href":"https:\/\/tavapy.gov.py\/biblioteca\/wp-json\/wp\/v2\/product\/4764","targetHints":{"allow":["GET"]}}],"collection":[{"href":"https:\/\/tavapy.gov.py\/biblioteca\/wp-json\/wp\/v2\/product"}],"about":[{"href":"https:\/\/tavapy.gov.py\/biblioteca\/wp-json\/wp\/v2\/types\/product"}],"replies":[{"embeddable":true,"href":"https:\/\/tavapy.gov.py\/biblioteca\/wp-json\/wp\/v2\/comments?post=4764"}],"wp:featuredmedia":[{"embeddable":true,"href":"https:\/\/tavapy.gov.py\/biblioteca\/wp-json\/wp\/v2\/media\/4557"}],"wp:attachment":[{"href":"https:\/\/tavapy.gov.py\/biblioteca\/wp-json\/wp\/v2\/media?parent=4764"}],"wp:term":[{"taxonomy":"product_cat","embeddable":true,"href":"https:\/\/tavapy.gov.py\/biblioteca\/wp-json\/wp\/v2\/product_cat?post=4764"},{"taxonomy":"product_tag","embeddable":true,"href":"https:\/\/tavapy.gov.py\/biblioteca\/wp-json\/wp\/v2\/product_tag?post=4764"}],"curies":[{"name":"wp","href":"https:\/\/api.w.org\/{rel}","templated":true}]}}