{"id":4780,"date":"2022-05-02T23:28:49","date_gmt":"2022-05-02T23:28:49","guid":{"rendered":"https:\/\/tavapy.gov.py\/biblioteca\/?post_type=product&#038;p=4780"},"modified":"2022-05-02T23:28:49","modified_gmt":"2022-05-02T23:28:49","slug":"manual-de-bases-biologicas-del-comportamiento-humano","status":"publish","type":"product","link":"https:\/\/tavapy.gov.py\/biblioteca\/product\/manual-de-bases-biologicas-del-comportamiento-humano\/","title":{"rendered":"MANUAL DE BASES BIOL\u00d3GICAS DEL COMPORTAMIENTO HUMANO."},"content":{"rendered":"","protected":false},"excerpt":{"rendered":"<p>La denominaci\u00f3n del ser humano como biopsicosocial implica una fragmentaci\u00f3n que puede resultar \u00fatil con fines descriptivos o de an\u00e1lisis, pero constituyen aspectos inseparables de un complejo entramado que tiende a consolidar la concepci\u00f3n unitaria y hol\u00edstica del mismo, siendo el aspecto biol\u00f3gico una de las dimensiones de lo humano. Sin embargo, esta \u00e1rea del conocimiento debe aparecer como una necesidad para avanzar en la comprensi\u00f3n de la complejidad del comportamiento.<\/p>\n<p>La ense\u00f1anza de la Biolog\u00eda en la formaci\u00f3n de los psic\u00f3logos ha presentado hist\u00f3ricamente importantes desaf\u00edos. La mayor\u00eda de los estudiantes que ingresan a esta carrera tienen escasa formaci\u00f3n biol\u00f3gica, lo cual determina que algunos conceptos b\u00e1sicos, para la comprensi\u00f3n de las tem\u00e1ticas abordadas en el curso, presenten ciertas dificultades de aprendizaje. Por otra parte, ha sido un reclamo de los estudiantes y una preocupaci\u00f3n del equipo docente, la necesidad de un texto apropiado para los objetivos y contenidos de esta disciplina en la Facultad de Psicolog\u00eda.<\/p>\n<p>Es en este sentido que en la elaboraci\u00f3n de este manual publicado en el 2.011, se ha priorizado los aspectos m\u00e1s relevantes desarroll\u00e1ndolos de forma concisa, utilizando im\u00e1genes, esquemas y un lenguaje accesible. De esta forma aspiramos a que el manual promueva y mejore los aprendizajes de los estudiantes de psicolog\u00eda en esta \u00e1rea del conocimiento.<\/p>\n<p><a href=\"https:\/\/tavapy.gov.py\/biblioteca\/wp-content\/uploads\/2022\/04\/Leira-PermuyM-Manual-de-bases-biolo\u0301gicas...pdf\" target=\"_blank\" rel=\"attachment noopener wp-att-4712\"><img loading=\"lazy\" decoding=\"async\" class=\"size-full wp-image-4712 alignleft\" src=\"https:\/\/tavapy.gov.py\/biblioteca\/wp-content\/uploads\/2022\/04\/icono-PDF-copia-4.png\" alt=\"\" width=\"121\" height=\"140\" \/><\/a><\/p>\n","protected":false},"featured_media":4523,"comment_status":"open","ping_status":"closed","template":"","meta":{"spay_email":""},"product_cat":[177],"product_tag":[],"class_list":{"0":"post-4780","1":"product","2":"type-product","3":"status-publish","4":"has-post-thumbnail","6":"book_author-maria-sol-leira-permuy","7":"product_cat-biologia-moderna","8":"entry"},"_links":{"self":[{"href":"https:\/\/tavapy.gov.py\/biblioteca\/wp-json\/wp\/v2\/product\/4780","targetHints":{"allow":["GET"]}}],"collection":[{"href":"https:\/\/tavapy.gov.py\/biblioteca\/wp-json\/wp\/v2\/product"}],"about":[{"href":"https:\/\/tavapy.gov.py\/biblioteca\/wp-json\/wp\/v2\/types\/product"}],"replies":[{"embeddable":true,"href":"https:\/\/tavapy.gov.py\/biblioteca\/wp-json\/wp\/v2\/comments?post=4780"}],"wp:featuredmedia":[{"embeddable":true,"href":"https:\/\/tavapy.gov.py\/biblioteca\/wp-json\/wp\/v2\/media\/4523"}],"wp:attachment":[{"href":"https:\/\/tavapy.gov.py\/biblioteca\/wp-json\/wp\/v2\/media?parent=4780"}],"wp:term":[{"taxonomy":"product_cat","embeddable":true,"href":"https:\/\/tavapy.gov.py\/biblioteca\/wp-json\/wp\/v2\/product_cat?post=4780"},{"taxonomy":"product_tag","embeddable":true,"href":"https:\/\/tavapy.gov.py\/biblioteca\/wp-json\/wp\/v2\/product_tag?post=4780"}],"curies":[{"name":"wp","href":"https:\/\/api.w.org\/{rel}","templated":true}]}}