{"id":4788,"date":"2022-05-03T00:58:25","date_gmt":"2022-05-03T00:58:25","guid":{"rendered":"https:\/\/tavapy.gov.py\/biblioteca\/?post_type=product&#038;p=4788"},"modified":"2022-05-03T00:58:26","modified_gmt":"2022-05-03T00:58:26","slug":"la-insoportable-levedad-del-ser","status":"publish","type":"product","link":"https:\/\/tavapy.gov.py\/biblioteca\/product\/la-insoportable-levedad-del-ser\/","title":{"rendered":"LA INSOPORTABLE LEVEDAD DEL SER."},"content":{"rendered":"","protected":false},"excerpt":{"rendered":"<p>La insoportable levedad del ser es una novela del escritor checo Milan Kundera, publicada en 1984.<\/p>\n<p>Ambientada en Praga durante 1968, La insoportable levedad del ser trata de un hombre y sus dudas existenciales en torno a la vida en pareja, convertidas en conflictos sexuales y afectivos.<\/p>\n<p>La novela relata escenas de la vida cotidiana trazadas con un profundo sentido trascendental: la inutilidad de la existencia y la necesidad del eterno retorno de Nietzsche por el que todo lo vivido ha de repetirse eternamente, solo que al volver lo hace de un modo diferente, ya no fugaz como ocurri\u00f3 en el principio.<\/p>\n<p>La conjunci\u00f3n de ambos factores, esencialmente antag\u00f3nicos, valdr\u00edan a los personajes para dar un sentido propio y singular a la vida; las acciones de los mismos se estructuran a partir de varios factores: hist\u00f3rico-pol\u00edtico, filos\u00f3fico, psicol\u00f3gico y art\u00edstico, en el marco de una experiencia franqueada por el experimento socialista y la Guerra Fr\u00eda.<\/p>\n<p><a href=\"https:\/\/tavapy.gov.py\/biblioteca\/wp-content\/uploads\/2022\/04\/KunderaM-La-insoportable-levedad-del-ser.pdf\" target=\"_blank\" rel=\"attachment noopener wp-att-4712\"><img loading=\"lazy\" decoding=\"async\" class=\"size-full wp-image-4712 alignleft\" src=\"https:\/\/tavapy.gov.py\/biblioteca\/wp-content\/uploads\/2022\/04\/icono-PDF-copia-4.png\" alt=\"\" width=\"121\" height=\"140\" \/><\/a><\/p>\n","protected":false},"featured_media":4495,"comment_status":"open","ping_status":"closed","template":"","meta":{"spay_email":""},"product_cat":[478],"product_tag":[],"class_list":{"0":"post-4788","1":"product","2":"type-product","3":"status-publish","4":"has-post-thumbnail","6":"book_author-milan-kundera","7":"product_cat-novela-filosofica","8":"entry"},"_links":{"self":[{"href":"https:\/\/tavapy.gov.py\/biblioteca\/wp-json\/wp\/v2\/product\/4788","targetHints":{"allow":["GET"]}}],"collection":[{"href":"https:\/\/tavapy.gov.py\/biblioteca\/wp-json\/wp\/v2\/product"}],"about":[{"href":"https:\/\/tavapy.gov.py\/biblioteca\/wp-json\/wp\/v2\/types\/product"}],"replies":[{"embeddable":true,"href":"https:\/\/tavapy.gov.py\/biblioteca\/wp-json\/wp\/v2\/comments?post=4788"}],"wp:featuredmedia":[{"embeddable":true,"href":"https:\/\/tavapy.gov.py\/biblioteca\/wp-json\/wp\/v2\/media\/4495"}],"wp:attachment":[{"href":"https:\/\/tavapy.gov.py\/biblioteca\/wp-json\/wp\/v2\/media?parent=4788"}],"wp:term":[{"taxonomy":"product_cat","embeddable":true,"href":"https:\/\/tavapy.gov.py\/biblioteca\/wp-json\/wp\/v2\/product_cat?post=4788"},{"taxonomy":"product_tag","embeddable":true,"href":"https:\/\/tavapy.gov.py\/biblioteca\/wp-json\/wp\/v2\/product_tag?post=4788"}],"curies":[{"name":"wp","href":"https:\/\/api.w.org\/{rel}","templated":true}]}}