{"id":4791,"date":"2022-05-03T02:57:05","date_gmt":"2022-05-03T02:57:05","guid":{"rendered":"https:\/\/tavapy.gov.py\/biblioteca\/?post_type=product&#038;p=4791"},"modified":"2022-05-03T02:57:06","modified_gmt":"2022-05-03T02:57:06","slug":"una-pedagogia-de-la-comunicacion","status":"publish","type":"product","link":"https:\/\/tavapy.gov.py\/biblioteca\/product\/una-pedagogia-de-la-comunicacion\/","title":{"rendered":"UNA PEDAGOG\u00cdA DE LA COMUNICACI\u00d3N."},"content":{"rendered":"","protected":false},"excerpt":{"rendered":"<p>Este texto publicado en 1.998 es un instrumento de trabajo para aquellos que con una inquietud educativa ven la comunicaci\u00f3n como una profesi\u00f3n y un medio de vida.<\/p>\n<p>As\u00ed, se hace necesario el conocimiento y dominio de una pedagog\u00eda comunicacional; no s\u00f3lo para un coto exclusivo de especialistas sino para todos los interesados en que su mensaje realmente comunique.<\/p>\n<p><a href=\"https:\/\/tavapy.gov.py\/biblioteca\/wp-content\/uploads\/2022\/04\/KaplunM-Una-pedagogia-de-la-comunicacion.pdf\" target=\"_blank\" rel=\"attachment noopener wp-att-4712\"><img loading=\"lazy\" decoding=\"async\" class=\"size-full wp-image-4712 alignleft\" src=\"https:\/\/tavapy.gov.py\/biblioteca\/wp-content\/uploads\/2022\/04\/icono-PDF-copia-4.png\" alt=\"\" width=\"121\" height=\"140\" \/><\/a><\/p>\n","protected":false},"featured_media":4487,"comment_status":"open","ping_status":"closed","template":"","meta":{"spay_email":""},"product_cat":[196],"product_tag":[],"class_list":{"0":"post-4791","1":"product","2":"type-product","3":"status-publish","4":"has-post-thumbnail","6":"book_author-mario-kaplun","7":"product_cat-psicologia-educacion","8":"entry"},"_links":{"self":[{"href":"https:\/\/tavapy.gov.py\/biblioteca\/wp-json\/wp\/v2\/product\/4791","targetHints":{"allow":["GET"]}}],"collection":[{"href":"https:\/\/tavapy.gov.py\/biblioteca\/wp-json\/wp\/v2\/product"}],"about":[{"href":"https:\/\/tavapy.gov.py\/biblioteca\/wp-json\/wp\/v2\/types\/product"}],"replies":[{"embeddable":true,"href":"https:\/\/tavapy.gov.py\/biblioteca\/wp-json\/wp\/v2\/comments?post=4791"}],"wp:featuredmedia":[{"embeddable":true,"href":"https:\/\/tavapy.gov.py\/biblioteca\/wp-json\/wp\/v2\/media\/4487"}],"wp:attachment":[{"href":"https:\/\/tavapy.gov.py\/biblioteca\/wp-json\/wp\/v2\/media?parent=4791"}],"wp:term":[{"taxonomy":"product_cat","embeddable":true,"href":"https:\/\/tavapy.gov.py\/biblioteca\/wp-json\/wp\/v2\/product_cat?post=4791"},{"taxonomy":"product_tag","embeddable":true,"href":"https:\/\/tavapy.gov.py\/biblioteca\/wp-json\/wp\/v2\/product_tag?post=4791"}],"curies":[{"name":"wp","href":"https:\/\/api.w.org\/{rel}","templated":true}]}}