{"id":4801,"date":"2022-05-03T03:46:23","date_gmt":"2022-05-03T03:46:23","guid":{"rendered":"https:\/\/tavapy.gov.py\/biblioteca\/?post_type=product&#038;p=4801"},"modified":"2022-05-03T03:46:23","modified_gmt":"2022-05-03T03:46:23","slug":"las-nuevas-ciencias-y-las-humanidades","status":"publish","type":"product","link":"https:\/\/tavapy.gov.py\/biblioteca\/product\/las-nuevas-ciencias-y-las-humanidades\/","title":{"rendered":"LAS NUEVAS CIENCIAS Y LAS HUMANIDADES."},"content":{"rendered":"","protected":false},"excerpt":{"rendered":"<p>Este libro publicado en el 2.004, es una introducci\u00f3n a las Nuevas Ciencias y Humanidades: una forma de acercarse a ellas desde la academia hasta la pol\u00edtica, desde la cultura general hasta la especializada. Busca abrir el camino a una comprensi\u00f3n m\u00e1s profunda de los conocimientos fundamentales sobre la transformaci\u00f3n de la sociedad contempor\u00e1nea actual y virtual, dominante y alternativa.<\/p>\n<p>El li\u00adbro quie\u00adre rom\u00adper ta\u00adb\u00faes del pro\u00adpio pen\u00adsa\u00admien\u00adto cr\u00ed\u00adti\u00adco y al\u00adter\u00adna\u00adti\u00advo. In\u00adser\u00adta tan\u00adto a los sis\u00adte\u00admas com\u00adple\u00adjos di\u00adsi\u00adpa\u00adti\u00advos co\u00admo a los au\u00adto\u00adrre\u00adgu\u00adla\u00addos y a las he\u00adge\u00adm\u00f3\u00adni\u00adcas tec\u00adno\u00adcien\u00adcias del co\u00adno\u00adci\u00admien\u00adto y la in\u00adfor\u00adma\u00adci\u00f3n en una dia\u00adl\u00e9c\u00adti\u00adca que en gran me\u00addi\u00adda re\u00adde\u00adfi\u00adne a las fuer\u00adzas do\u00admi\u00adnan\u00adtes.<\/p>\n<p>En ella las fuer\u00adzas al\u00adter\u00adna\u00adti\u00advas s\u00f3\u00adlo po\u00addr\u00e1n im\u00adpo\u00adner el in\u00adte\u00adr\u00e9s ge\u00adne\u00adral, el bien co\u00adm\u00fan o el pro\u00adyec\u00adto hu\u00adma\u00adnis\u00adta, de\u00admo\u00adcr\u00e1\u00adti\u00adco, li\u00adber\u00adta\u00addor y so\u00adcia\u00adlis\u00adta, si en la re\u00adno\u00adva\u00adci\u00f3n de su co\u00adno\u00adci\u00admien\u00adto y de su ac\u00adci\u00f3n dan a las nue\u00advas m\u00e1\u00adqui\u00adnas de pen\u00adsar-ha\u00adcer, a las tec\u00adno\u00adcien\u00adcias del co\u00adno\u00adci\u00admien\u00adto y la in\u00adfor\u00adma\u00adci\u00f3n, y a la cul\u00adtu\u00adra hob\u00adbe\u00adsia\u00adna del po\u00adder la im\u00adpor\u00adtan\u00adcia que tie\u00adnen en el di\u00adse\u00ad\u00f1o de un ca\u00adpi\u00adta\u00adlis\u00admo que an\u00adtes no exis\u00adt\u00eda. Un sis\u00adte\u00adma mun\u00addial al\u00adter\u00adna\u00adti\u00advo de\u00adpen\u00adde en gran me\u00addi\u00adda del co\u00adno\u00adci\u00admien\u00adto de las nue\u00advas cien\u00adcias co\u00admo ins\u00adtru\u00admen\u00adto de li\u00adbe\u00adraci\u00f3n.<\/p>\n<p><a href=\"https:\/\/tavapy.gov.py\/biblioteca\/wp-content\/uploads\/2022\/04\/Gonzalez-CasanovaP-Las-Nuevas-Ciencias-y-las-Humanidades.pdf\" target=\"_blank\" rel=\"attachment noopener wp-att-4712\"><img loading=\"lazy\" decoding=\"async\" class=\"size-full wp-image-4712 alignleft\" src=\"https:\/\/tavapy.gov.py\/biblioteca\/wp-content\/uploads\/2022\/04\/icono-PDF-copia-4.png\" alt=\"\" width=\"121\" height=\"140\" \/><\/a><\/p>\n","protected":false},"featured_media":4457,"comment_status":"open","ping_status":"closed","template":"","meta":{"spay_email":""},"product_cat":[491],"product_tag":[],"class_list":{"0":"post-4801","1":"product","2":"type-product","3":"status-publish","4":"has-post-thumbnail","6":"book_author-pablo-gonzalez-casanova","7":"product_cat-psicologia-pedagogia","8":"entry"},"_links":{"self":[{"href":"https:\/\/tavapy.gov.py\/biblioteca\/wp-json\/wp\/v2\/product\/4801","targetHints":{"allow":["GET"]}}],"collection":[{"href":"https:\/\/tavapy.gov.py\/biblioteca\/wp-json\/wp\/v2\/product"}],"about":[{"href":"https:\/\/tavapy.gov.py\/biblioteca\/wp-json\/wp\/v2\/types\/product"}],"replies":[{"embeddable":true,"href":"https:\/\/tavapy.gov.py\/biblioteca\/wp-json\/wp\/v2\/comments?post=4801"}],"wp:featuredmedia":[{"embeddable":true,"href":"https:\/\/tavapy.gov.py\/biblioteca\/wp-json\/wp\/v2\/media\/4457"}],"wp:attachment":[{"href":"https:\/\/tavapy.gov.py\/biblioteca\/wp-json\/wp\/v2\/media?parent=4801"}],"wp:term":[{"taxonomy":"product_cat","embeddable":true,"href":"https:\/\/tavapy.gov.py\/biblioteca\/wp-json\/wp\/v2\/product_cat?post=4801"},{"taxonomy":"product_tag","embeddable":true,"href":"https:\/\/tavapy.gov.py\/biblioteca\/wp-json\/wp\/v2\/product_tag?post=4801"}],"curies":[{"name":"wp","href":"https:\/\/api.w.org\/{rel}","templated":true}]}}