{"id":4819,"date":"2022-05-04T02:57:45","date_gmt":"2022-05-04T02:57:45","guid":{"rendered":"https:\/\/tavapy.gov.py\/biblioteca\/?post_type=product&#038;p=4819"},"modified":"2022-05-04T02:57:46","modified_gmt":"2022-05-04T02:57:46","slug":"la-administracion-en-una-epoca-de-grandes-cambios","status":"publish","type":"product","link":"https:\/\/tavapy.gov.py\/biblioteca\/product\/la-administracion-en-una-epoca-de-grandes-cambios\/","title":{"rendered":"LA ADMINISTRACI\u00d3N EN UNA \u00c9POCA DE GRANDES CAMBIOS."},"content":{"rendered":"","protected":false},"excerpt":{"rendered":"<p>Drucker combina una aguda comprensi\u00f3n de las fuerzas socioecon\u00f3micas con una percepci\u00f3n pr\u00e1ctica de la forma en que los dirigentes pueden convertir la turbulencia en oportunidad. \u00bfQu\u00e9 ha sucedido en el mundo empresarial que cambi\u00f3 los supuestos, reglas y c\u00f3digos que funcionaron durante los \u00faltimos cuarenta a\u00f1os? \u00bfC\u00f3mo manejarse en este nuevo entorno? \u00bfQu\u00e9 nos depara el futuro?<\/p>\n<p>Drucker desaf\u00eda el supuesto que asegura que lo entendible es vulgar, y analiza el pasado como \u00fanica fuente de verdad para la toma de decisiones exitosas. \u00abNo es tan dif\u00edcil predecir el futuro, lo que sucede es que no tiene objeto. Los cambios fundamentales que se produjeron pese a que nadie los predijo son siempre mucho m\u00e1s importantes\u00bb, asegura el autor.<\/p>\n<p>La administraci\u00f3n en una \u00e9poca de grandes cambios, obra publicada en 1.995, aborda los irreversibles cambios que ya se han producido. Con estilo persuasivo, la obra de Drucker tiene varios ejes. Entre otros, analiza el significado de la era inform\u00e1tica y el motivo por el cual es la clave de \u00e9xito en el management.<\/p>\n<p>A partir de ejemplos hist\u00f3ricos, diferencia a las organizaciones lucrativas de las que no lo son, y detalla los diversos tipos de trabajo en equipo entre los que pueden elegir.<\/p>\n<p><a href=\"https:\/\/tavapy.gov.py\/biblioteca\/wp-content\/uploads\/2022\/04\/DruckerP-La-administracion-en-una-epoca-de-grandes-cambios.pdf\" target=\"_blank\" rel=\"attachment noopener wp-att-4712\"><img loading=\"lazy\" decoding=\"async\" class=\"size-full wp-image-4712 alignleft\" src=\"https:\/\/tavapy.gov.py\/biblioteca\/wp-content\/uploads\/2022\/04\/icono-PDF-copia-4.png\" alt=\"\" width=\"121\" height=\"140\" \/><\/a><\/p>\n","protected":false},"featured_media":4418,"comment_status":"open","ping_status":"closed","template":"","meta":{"spay_email":""},"product_cat":[88],"product_tag":[],"class_list":{"0":"post-4819","1":"product","2":"type-product","3":"status-publish","4":"has-post-thumbnail","6":"book_author-peter-drucker","7":"product_cat-administracion","8":"entry"},"_links":{"self":[{"href":"https:\/\/tavapy.gov.py\/biblioteca\/wp-json\/wp\/v2\/product\/4819","targetHints":{"allow":["GET"]}}],"collection":[{"href":"https:\/\/tavapy.gov.py\/biblioteca\/wp-json\/wp\/v2\/product"}],"about":[{"href":"https:\/\/tavapy.gov.py\/biblioteca\/wp-json\/wp\/v2\/types\/product"}],"replies":[{"embeddable":true,"href":"https:\/\/tavapy.gov.py\/biblioteca\/wp-json\/wp\/v2\/comments?post=4819"}],"wp:featuredmedia":[{"embeddable":true,"href":"https:\/\/tavapy.gov.py\/biblioteca\/wp-json\/wp\/v2\/media\/4418"}],"wp:attachment":[{"href":"https:\/\/tavapy.gov.py\/biblioteca\/wp-json\/wp\/v2\/media?parent=4819"}],"wp:term":[{"taxonomy":"product_cat","embeddable":true,"href":"https:\/\/tavapy.gov.py\/biblioteca\/wp-json\/wp\/v2\/product_cat?post=4819"},{"taxonomy":"product_tag","embeddable":true,"href":"https:\/\/tavapy.gov.py\/biblioteca\/wp-json\/wp\/v2\/product_tag?post=4819"}],"curies":[{"name":"wp","href":"https:\/\/api.w.org\/{rel}","templated":true}]}}