{"id":4826,"date":"2022-05-04T03:46:55","date_gmt":"2022-05-04T03:46:55","guid":{"rendered":"https:\/\/tavapy.gov.py\/biblioteca\/?post_type=product&#038;p=4826"},"modified":"2022-05-04T03:46:55","modified_gmt":"2022-05-04T03:46:55","slug":"jesus-vida-de-un-campesino-judio","status":"publish","type":"product","link":"https:\/\/tavapy.gov.py\/biblioteca\/product\/jesus-vida-de-un-campesino-judio\/","title":{"rendered":"JES\u00daS: VIDA DE UN CAMPESINO JUD\u00cdO."},"content":{"rendered":"","protected":false},"excerpt":{"rendered":"<p>John Dominic Crossan, cat\u00f3lico y profesor de Estudios B\u00edblicos en una universidad estadounidense, reconstruye en este libro apasionante la verdad hist\u00f3rica de Jes\u00fas, utilizando los conocimientos que la investigaci\u00f3n ha aportado en las \u00faltimas d\u00e9cadas, ya que, a pesar del t\u00f3pico que sostiene que sabemos poco del Jes\u00fas hist\u00f3rico, Crossan demuestra que se trata de una de las figuras mejor documentadas de la Antig\u00fcedad.<\/p>\n<p>Tras analizar la sociedad y el tiempo en que vivi\u00f3 \u2013las rebeliones contra Roma, los problemas de los campesinos jud\u00edos\u2013 sit\u00faa en este marco los hechos reales de su vida, reuniendo todas las evidencias disponibles \u2013incluso las de los evangelios llamados ap\u00f3crifos y las de una serie de textos de los primeros tiempos del cristianismo- y las interpreta a la luz de una cr\u00edtica rigurosa, contrastando cada afirmaci\u00f3n para seleccionar las que resultan mejor atestiguadas.<\/p>\n<p>De ese esfuerzo de erudici\u00f3n surge una nueva imagen del Jes\u00fas hist\u00f3rico en esta obra publicada en 1.994: la de un campesino que comparti\u00f3 los problemas de su gente y cre\u00f3 un programa social revolucionario; que critic\u00f3 los abusos del poder y la opresi\u00f3n de los campesinos, predic\u00f3 \u00abel reino de Dios\u00bb y se preocup\u00f3 por los pobres y los marginados. Situado en estas coordenadas, y al margen de la fe y de los milagros.<\/p>\n<p><a href=\"https:\/\/tavapy.gov.py\/biblioteca\/wp-content\/uploads\/2022\/04\/CrossanJ-Jesus.Vida-de-un-campesino-judio.pdf\" target=\"_blank\" rel=\"attachment noopener wp-att-4712\"><img loading=\"lazy\" decoding=\"async\" class=\"size-full wp-image-4712 alignleft\" src=\"https:\/\/tavapy.gov.py\/biblioteca\/wp-content\/uploads\/2022\/04\/icono-PDF-copia-4.png\" alt=\"\" width=\"121\" height=\"140\" \/><\/a><\/p>\n","protected":false},"featured_media":4396,"comment_status":"open","ping_status":"closed","template":"","meta":{"spay_email":""},"product_cat":[445],"product_tag":[],"class_list":{"0":"post-4826","1":"product","2":"type-product","3":"status-publish","4":"has-post-thumbnail","6":"book_author-john-dominic-crossan","7":"product_cat-historia-cristianismo","8":"entry"},"_links":{"self":[{"href":"https:\/\/tavapy.gov.py\/biblioteca\/wp-json\/wp\/v2\/product\/4826","targetHints":{"allow":["GET"]}}],"collection":[{"href":"https:\/\/tavapy.gov.py\/biblioteca\/wp-json\/wp\/v2\/product"}],"about":[{"href":"https:\/\/tavapy.gov.py\/biblioteca\/wp-json\/wp\/v2\/types\/product"}],"replies":[{"embeddable":true,"href":"https:\/\/tavapy.gov.py\/biblioteca\/wp-json\/wp\/v2\/comments?post=4826"}],"wp:featuredmedia":[{"embeddable":true,"href":"https:\/\/tavapy.gov.py\/biblioteca\/wp-json\/wp\/v2\/media\/4396"}],"wp:attachment":[{"href":"https:\/\/tavapy.gov.py\/biblioteca\/wp-json\/wp\/v2\/media?parent=4826"}],"wp:term":[{"taxonomy":"product_cat","embeddable":true,"href":"https:\/\/tavapy.gov.py\/biblioteca\/wp-json\/wp\/v2\/product_cat?post=4826"},{"taxonomy":"product_tag","embeddable":true,"href":"https:\/\/tavapy.gov.py\/biblioteca\/wp-json\/wp\/v2\/product_tag?post=4826"}],"curies":[{"name":"wp","href":"https:\/\/api.w.org\/{rel}","templated":true}]}}