{"id":4831,"date":"2022-05-04T04:10:11","date_gmt":"2022-05-04T04:10:11","guid":{"rendered":"https:\/\/tavapy.gov.py\/biblioteca\/?post_type=product&#038;p=4831"},"modified":"2022-05-04T04:10:11","modified_gmt":"2022-05-04T04:10:11","slug":"biografia-de-la-tierra","status":"publish","type":"product","link":"https:\/\/tavapy.gov.py\/biblioteca\/product\/biografia-de-la-tierra\/","title":{"rendered":"BIOGRAF\u00cdA DE LA TIERRA."},"content":{"rendered":"","protected":false},"excerpt":{"rendered":"<p>El autor nos propone la tesis de que vivimos sobre un viejo planeta, y \u00e9sta es su historia. No es una historia hecha a la medida del ser humano. El planeta ha existido largo tiempo sin nosotros, y seguir\u00e1 vivo cuando el ser humano desaparezca.<\/p>\n<p>Los cient\u00edficos de la Tierra buscan pistas como detectives del pasado y diagnostican dolencias como m\u00e9dicos de futuro. Armados con herramientas de alta tecnolog\u00eda, han logrado incre\u00edbles reconstrucciones de hechos que se pierden en la noche de los tiempos; y se atreven, a\u00fan admitiendo sus limitaciones a predecir el provenir del planeta.<\/p>\n<p>Este relato publicado en el 2.002, tiene la estructura de un viaje al pasado, con una t\u00edmida incursi\u00f3n final en el futuro. Pero no ser\u00eda realista si no incluyese las peripecias de quienes se dedican al estudio cient\u00edfico. Este libro es por ello una cr\u00f3nica de las b\u00fasquedas, peleas, \u00e9xitos y fracasos de quienes investigan la Tierra entretejida con la descripci\u00f3n de los hechos a veces maravillosos, a veces prosaicos, que han descubierto.<\/p>\n<p><a href=\"https:\/\/tavapy.gov.py\/biblioteca\/wp-content\/uploads\/2022\/04\/AnguitaF-Biografia-de-la-tierra.pdf\" target=\"_blank\" rel=\"attachment noopener wp-att-4712\"><img loading=\"lazy\" decoding=\"async\" class=\"size-full wp-image-4712 alignleft\" src=\"https:\/\/tavapy.gov.py\/biblioteca\/wp-content\/uploads\/2022\/04\/icono-PDF-copia-4.png\" alt=\"\" width=\"121\" height=\"140\" \/><\/a><\/p>\n","protected":false},"featured_media":4390,"comment_status":"open","ping_status":"closed","template":"","meta":{"spay_email":""},"product_cat":[517],"product_tag":[],"class_list":{"0":"post-4831","1":"product","2":"type-product","3":"status-publish","4":"has-post-thumbnail","6":"book_author-francisco-anguita","7":"product_cat-ciencia-geologia-evolucion","8":"entry"},"_links":{"self":[{"href":"https:\/\/tavapy.gov.py\/biblioteca\/wp-json\/wp\/v2\/product\/4831","targetHints":{"allow":["GET"]}}],"collection":[{"href":"https:\/\/tavapy.gov.py\/biblioteca\/wp-json\/wp\/v2\/product"}],"about":[{"href":"https:\/\/tavapy.gov.py\/biblioteca\/wp-json\/wp\/v2\/types\/product"}],"replies":[{"embeddable":true,"href":"https:\/\/tavapy.gov.py\/biblioteca\/wp-json\/wp\/v2\/comments?post=4831"}],"wp:featuredmedia":[{"embeddable":true,"href":"https:\/\/tavapy.gov.py\/biblioteca\/wp-json\/wp\/v2\/media\/4390"}],"wp:attachment":[{"href":"https:\/\/tavapy.gov.py\/biblioteca\/wp-json\/wp\/v2\/media?parent=4831"}],"wp:term":[{"taxonomy":"product_cat","embeddable":true,"href":"https:\/\/tavapy.gov.py\/biblioteca\/wp-json\/wp\/v2\/product_cat?post=4831"},{"taxonomy":"product_tag","embeddable":true,"href":"https:\/\/tavapy.gov.py\/biblioteca\/wp-json\/wp\/v2\/product_tag?post=4831"}],"curies":[{"name":"wp","href":"https:\/\/api.w.org\/{rel}","templated":true}]}}