{"id":4966,"date":"2022-05-09T12:53:17","date_gmt":"2022-05-09T12:53:17","guid":{"rendered":"https:\/\/tavapy.gov.py\/biblioteca\/?post_type=product&#038;p=4966"},"modified":"2022-05-09T12:53:17","modified_gmt":"2022-05-09T12:53:17","slug":"los-mensajes-de-los-sabios","status":"publish","type":"product","link":"https:\/\/tavapy.gov.py\/biblioteca\/product\/los-mensajes-de-los-sabios\/","title":{"rendered":"LOS MENSAJES DE LOS SABIOS."},"content":{"rendered":"","protected":false},"excerpt":{"rendered":"<p>Brian Weiss nos transmite en este libro el mensaje impartido por los maestros y los testimonios, \u00edntimos y sorprendentes, del milagroso potencial del amor.<\/p>\n<p>En \u201cLos mensajes de los sabios\u201d, obra publicada en el 2.000, ahonda en el conocimiento de los Sabios, nuestros gu\u00edas espirituales, y nos habla del amor como fuerza esencial de la vida.<\/p>\n<p>Este libro ofrece los testimonios \u00edntimos y sorprendentes de la milagrosa fuerza del amor. A trav\u00e9s de ellos sabremos, lo que sucede despu\u00e9s de la muerte. Pero no s\u00f3lo eso: tambi\u00e9n aprenderemos estrategias para recuperar la paz interior.<\/p>\n<p><a href=\"https:\/\/tavapy.gov.py\/biblioteca\/wp-content\/uploads\/2022\/05\/WeissB-Los-mensajes-de-los-sabios.pdf\" target=\"_blank\" rel=\"attachment noopener wp-att-4712\"><img loading=\"lazy\" decoding=\"async\" class=\"size-full wp-image-4712 alignleft\" src=\"https:\/\/tavapy.gov.py\/biblioteca\/wp-content\/uploads\/2022\/04\/icono-PDF-copia-4.png\" alt=\"\" width=\"121\" height=\"140\" \/><\/a><\/p>\n","protected":false},"featured_media":4954,"comment_status":"open","ping_status":"closed","template":"","meta":{"spay_email":""},"product_cat":[522],"product_tag":[],"class_list":{"0":"post-4966","1":"product","2":"type-product","3":"status-publish","4":"has-post-thumbnail","6":"book_author-brian-weiss","7":"product_cat-autoayuda-espiritualidad","8":"entry"},"_links":{"self":[{"href":"https:\/\/tavapy.gov.py\/biblioteca\/wp-json\/wp\/v2\/product\/4966","targetHints":{"allow":["GET"]}}],"collection":[{"href":"https:\/\/tavapy.gov.py\/biblioteca\/wp-json\/wp\/v2\/product"}],"about":[{"href":"https:\/\/tavapy.gov.py\/biblioteca\/wp-json\/wp\/v2\/types\/product"}],"replies":[{"embeddable":true,"href":"https:\/\/tavapy.gov.py\/biblioteca\/wp-json\/wp\/v2\/comments?post=4966"}],"wp:featuredmedia":[{"embeddable":true,"href":"https:\/\/tavapy.gov.py\/biblioteca\/wp-json\/wp\/v2\/media\/4954"}],"wp:attachment":[{"href":"https:\/\/tavapy.gov.py\/biblioteca\/wp-json\/wp\/v2\/media?parent=4966"}],"wp:term":[{"taxonomy":"product_cat","embeddable":true,"href":"https:\/\/tavapy.gov.py\/biblioteca\/wp-json\/wp\/v2\/product_cat?post=4966"},{"taxonomy":"product_tag","embeddable":true,"href":"https:\/\/tavapy.gov.py\/biblioteca\/wp-json\/wp\/v2\/product_tag?post=4966"}],"curies":[{"name":"wp","href":"https:\/\/api.w.org\/{rel}","templated":true}]}}