{"id":4970,"date":"2022-05-09T13:49:06","date_gmt":"2022-05-09T13:49:06","guid":{"rendered":"https:\/\/tavapy.gov.py\/biblioteca\/?post_type=product&#038;p=4970"},"modified":"2022-05-09T13:49:07","modified_gmt":"2022-05-09T13:49:07","slug":"los-ladrones-de-cadaveres","status":"publish","type":"product","link":"https:\/\/tavapy.gov.py\/biblioteca\/product\/los-ladrones-de-cadaveres\/","title":{"rendered":"LOS LADRONES DE CAD\u00c1VERES."},"content":{"rendered":"","protected":false},"excerpt":{"rendered":"<p>El cuento publicado en 1.884, narra la oscura historia de un estudiante de medicina de Reino Unido, que se ve involucrado en el negocio ilegal de la profanaci\u00f3n de cuerpos para su posterior estudio.<\/p>\n<p>La historia comienza en un tiempo posterior a los hechos relatados a lo largo de la historia, en una posada de Debenham, donde un empresario f\u00fanebre, el due\u00f1o de la posada, Fettes y el narrador del cuento, se encuentran reunidos.<\/p>\n<p>En eso ocurre la aparici\u00f3n de un tal Doctor Macfarlane, quien despierta el asombro y los nervios de Fettes. En este momento, se deja ver que alg\u00fan hecho de implicancia ocurri\u00f3 en tiempos pasados entre Fettes y el Dr. Macfarlane.<\/p>\n<p><a href=\"https:\/\/tavapy.gov.py\/biblioteca\/wp-content\/uploads\/2022\/05\/StevensonR-Los-ladrones-de-cadaveres.pdf\" target=\"_blank\" rel=\"attachment noopener wp-att-4712\"><img loading=\"lazy\" decoding=\"async\" class=\"size-full wp-image-4712 alignleft\" src=\"https:\/\/tavapy.gov.py\/biblioteca\/wp-content\/uploads\/2022\/04\/icono-PDF-copia-4.png\" alt=\"\" width=\"121\" height=\"140\" \/><\/a><\/p>\n","protected":false},"featured_media":4943,"comment_status":"open","ping_status":"closed","template":"","meta":{"spay_email":""},"product_cat":[50],"product_tag":[],"class_list":{"0":"post-4970","1":"product","2":"type-product","3":"status-publish","4":"has-post-thumbnail","6":"product_cat-cuento","7":"entry"},"_links":{"self":[{"href":"https:\/\/tavapy.gov.py\/biblioteca\/wp-json\/wp\/v2\/product\/4970","targetHints":{"allow":["GET"]}}],"collection":[{"href":"https:\/\/tavapy.gov.py\/biblioteca\/wp-json\/wp\/v2\/product"}],"about":[{"href":"https:\/\/tavapy.gov.py\/biblioteca\/wp-json\/wp\/v2\/types\/product"}],"replies":[{"embeddable":true,"href":"https:\/\/tavapy.gov.py\/biblioteca\/wp-json\/wp\/v2\/comments?post=4970"}],"wp:featuredmedia":[{"embeddable":true,"href":"https:\/\/tavapy.gov.py\/biblioteca\/wp-json\/wp\/v2\/media\/4943"}],"wp:attachment":[{"href":"https:\/\/tavapy.gov.py\/biblioteca\/wp-json\/wp\/v2\/media?parent=4970"}],"wp:term":[{"taxonomy":"product_cat","embeddable":true,"href":"https:\/\/tavapy.gov.py\/biblioteca\/wp-json\/wp\/v2\/product_cat?post=4970"},{"taxonomy":"product_tag","embeddable":true,"href":"https:\/\/tavapy.gov.py\/biblioteca\/wp-json\/wp\/v2\/product_tag?post=4970"}],"curies":[{"name":"wp","href":"https:\/\/api.w.org\/{rel}","templated":true}]}}