{"id":4976,"date":"2022-05-09T14:19:04","date_gmt":"2022-05-09T14:19:04","guid":{"rendered":"https:\/\/tavapy.gov.py\/biblioteca\/?post_type=product&#038;p=4976"},"modified":"2022-05-09T14:19:04","modified_gmt":"2022-05-09T14:19:04","slug":"un-judio-marginal-nueva-vision-del-jesus-historico-tomo-iv","status":"publish","type":"product","link":"https:\/\/tavapy.gov.py\/biblioteca\/product\/un-judio-marginal-nueva-vision-del-jesus-historico-tomo-iv\/","title":{"rendered":"UN JUD\u00cdO MARGINAL: NUEVA VISI\u00d3N DEL JES\u00daS HIST\u00d3RICO \u2013 TOMO IV."},"content":{"rendered":"","protected":false},"excerpt":{"rendered":"<p>En este tomo IV, de su monumental obra publicado en el 2.009, Meier aborda un nuevo asunto -las ense\u00f1anzas del Jes\u00fas hist\u00f3rico concernientes a la Ley mosaica y la moral- con el mismo rigor de que hizo gala en los tomos anteriores.<\/p>\n<p>Despu\u00e9s de corregir conceptos err\u00f3neos respecto a la Ley mosaica en tiempos de Jes\u00fas, este volumen se ocupa de las ense\u00f1anzas de Jes\u00fas sobre importantes materias legales como el divorcio, los juramentos, el s\u00e1bado, las leyes de pureza y los diversos mandamientos de amor contenidos en los Evangelios.<\/p>\n<p>Lo que resulta de la investigaci\u00f3n de Meier es el perfil de un complicado jud\u00edo palestino del siglo primero, que, lejos de intentar abolir la Ley, entr\u00f3 a fondo en debates concernientes a su observancia.<\/p>\n<p>Para Meier, s\u00f3lo teniendo presente esta imagen del Jes\u00fas hist\u00f3rico tan interesado en cuestiones de la Tor\u00e1 se puede evitar el com\u00fan error de construir teolog\u00eda moral cristiana so capa de estudiar \u00abJes\u00fas y la Ley\u00bb.<\/p>\n<p><a href=\"https:\/\/tavapy.gov.py\/biblioteca\/wp-content\/uploads\/2022\/05\/MeierJ_Un-judio-marginal-IV.pdf\" target=\"_blank\" rel=\"attachment noopener wp-att-4974\"><img loading=\"lazy\" decoding=\"async\" class=\"size-full wp-image-4974 alignleft\" src=\"https:\/\/tavapy.gov.py\/biblioteca\/wp-content\/uploads\/2022\/05\/icono-PDF-copia.png\" alt=\"\" width=\"121\" height=\"140\" \/><\/a><\/p>\n","protected":false},"featured_media":4933,"comment_status":"open","ping_status":"closed","template":"","meta":{"spay_email":""},"product_cat":[173],"product_tag":[],"class_list":{"0":"post-4976","1":"product","2":"type-product","3":"status-publish","4":"has-post-thumbnail","6":"book_author-john-paul-meier","7":"product_cat-estudios-biblicos","8":"entry"},"_links":{"self":[{"href":"https:\/\/tavapy.gov.py\/biblioteca\/wp-json\/wp\/v2\/product\/4976","targetHints":{"allow":["GET"]}}],"collection":[{"href":"https:\/\/tavapy.gov.py\/biblioteca\/wp-json\/wp\/v2\/product"}],"about":[{"href":"https:\/\/tavapy.gov.py\/biblioteca\/wp-json\/wp\/v2\/types\/product"}],"replies":[{"embeddable":true,"href":"https:\/\/tavapy.gov.py\/biblioteca\/wp-json\/wp\/v2\/comments?post=4976"}],"wp:featuredmedia":[{"embeddable":true,"href":"https:\/\/tavapy.gov.py\/biblioteca\/wp-json\/wp\/v2\/media\/4933"}],"wp:attachment":[{"href":"https:\/\/tavapy.gov.py\/biblioteca\/wp-json\/wp\/v2\/media?parent=4976"}],"wp:term":[{"taxonomy":"product_cat","embeddable":true,"href":"https:\/\/tavapy.gov.py\/biblioteca\/wp-json\/wp\/v2\/product_cat?post=4976"},{"taxonomy":"product_tag","embeddable":true,"href":"https:\/\/tavapy.gov.py\/biblioteca\/wp-json\/wp\/v2\/product_tag?post=4976"}],"curies":[{"name":"wp","href":"https:\/\/api.w.org\/{rel}","templated":true}]}}