{"id":4982,"date":"2022-05-09T14:50:04","date_gmt":"2022-05-09T14:50:04","guid":{"rendered":"https:\/\/tavapy.gov.py\/biblioteca\/?post_type=product&#038;p=4982"},"modified":"2022-05-09T14:50:05","modified_gmt":"2022-05-09T14:50:05","slug":"un-judio-marginal-nueva-vision-del-jesus-historico-tomo-ii-primera-parte","status":"publish","type":"product","link":"https:\/\/tavapy.gov.py\/biblioteca\/product\/un-judio-marginal-nueva-vision-del-jesus-historico-tomo-ii-primera-parte\/","title":{"rendered":"UN JUD\u00cdO MARGINAL: NUEVA VISI\u00d3N DEL JES\u00daS HIST\u00d3RICO \u2013 TOMO II \u2013 PRIMERA PARTE."},"content":{"rendered":"","protected":false},"excerpt":{"rendered":"<p>En este tomo II, primera parte de la obra \u201cUn jud\u00edo marginal: nueva visi\u00f3n del Jes\u00fas Hist\u00f3rico\u201d, publicado en 1.991, se inicia el tratamiento directo de los dichos y hechos de Jes\u00fas correspondientes a su ministerio p\u00fablico.<\/p>\n<p>Est\u00e1 dividido en tres partes principales: \u00abel mentor\u00bb, \u00bb el mensaje\u00bb y \u00ablos milagros\u00bb t\u00edtulos claramente alusivos al contenido.<\/p>\n<p>En la primera parte Meier disecciona la figura de Juan Bautista, la persona que individualmente tuvo m\u00e1s marcada influencia en el ministerio de Jes\u00fas, y que con mucha frecuencia ha recibido un tratamiento demasiado somero, mientras que en la segunda parte se interna en el mensaje, a partir de un enunciado clave como es reino de Dios.<\/p>\n<p>Con ello, Meier contin\u00faa completando el gran retrato del Jes\u00fas hist\u00f3rico que constituye el conjunto de Un jud\u00edo marginal.<\/p>\n<p><a href=\"https:\/\/tavapy.gov.py\/biblioteca\/wp-content\/uploads\/2022\/05\/MeierJ_Un_judio_marginal_II-1-2.pdf\" target=\"_blank\" rel=\"attachment noopener wp-att-4974\"><img loading=\"lazy\" decoding=\"async\" class=\"size-full wp-image-4974 alignleft\" src=\"https:\/\/tavapy.gov.py\/biblioteca\/wp-content\/uploads\/2022\/05\/icono-PDF-copia.png\" alt=\"\" width=\"121\" height=\"140\" \/><\/a><\/p>\n","protected":false},"featured_media":4926,"comment_status":"open","ping_status":"closed","template":"","meta":{"spay_email":""},"product_cat":[173],"product_tag":[],"class_list":{"0":"post-4982","1":"product","2":"type-product","3":"status-publish","4":"has-post-thumbnail","6":"book_author-john-paul-meier","7":"product_cat-estudios-biblicos","8":"entry"},"_links":{"self":[{"href":"https:\/\/tavapy.gov.py\/biblioteca\/wp-json\/wp\/v2\/product\/4982","targetHints":{"allow":["GET"]}}],"collection":[{"href":"https:\/\/tavapy.gov.py\/biblioteca\/wp-json\/wp\/v2\/product"}],"about":[{"href":"https:\/\/tavapy.gov.py\/biblioteca\/wp-json\/wp\/v2\/types\/product"}],"replies":[{"embeddable":true,"href":"https:\/\/tavapy.gov.py\/biblioteca\/wp-json\/wp\/v2\/comments?post=4982"}],"wp:featuredmedia":[{"embeddable":true,"href":"https:\/\/tavapy.gov.py\/biblioteca\/wp-json\/wp\/v2\/media\/4926"}],"wp:attachment":[{"href":"https:\/\/tavapy.gov.py\/biblioteca\/wp-json\/wp\/v2\/media?parent=4982"}],"wp:term":[{"taxonomy":"product_cat","embeddable":true,"href":"https:\/\/tavapy.gov.py\/biblioteca\/wp-json\/wp\/v2\/product_cat?post=4982"},{"taxonomy":"product_tag","embeddable":true,"href":"https:\/\/tavapy.gov.py\/biblioteca\/wp-json\/wp\/v2\/product_tag?post=4982"}],"curies":[{"name":"wp","href":"https:\/\/api.w.org\/{rel}","templated":true}]}}