{"id":4995,"date":"2022-05-09T22:12:20","date_gmt":"2022-05-09T22:12:20","guid":{"rendered":"https:\/\/tavapy.gov.py\/biblioteca\/?post_type=product&#038;p=4995"},"modified":"2022-05-09T22:12:21","modified_gmt":"2022-05-09T22:12:21","slug":"para-entender-la-economia-politica-y-la-politica-economica","status":"publish","type":"product","link":"https:\/\/tavapy.gov.py\/biblioteca\/product\/para-entender-la-economia-politica-y-la-politica-economica\/","title":{"rendered":"PARA ENTENDER LA ECONOM\u00cdA POL\u00cdTICA (Y LA POL\u00cdTICA ECON\u00d3MICA)."},"content":{"rendered":"","protected":false},"excerpt":{"rendered":"<p>El presente libro publicado en el 2.000 es una introducci\u00f3n a los principios y conceptos b\u00e1sicos de la econom\u00eda pol\u00edtica. El autor ha tratado que la obra sea interesante, introduciendo temas no s\u00f3lo de econom\u00eda sino tambi\u00e9n de pol\u00edtica econ\u00f3mica, sin eludir algunas \u00e1reas pol\u00e9micas.<\/p>\n<p>La idea detr\u00e1s de estas p\u00e1ginas es explicar conceptos en forma simple pero estricta. Ello para que, ya sea como profesional o ciudadano, el lector sepa c\u00f3mo y por qu\u00e9 le pueden afectar, a \u00e9l o a su pa\u00eds, nuevas leyes de salario m\u00ednimo, un nuevo r\u00e9gimen cambiario o leyes para proteger a la mujer en el mercado de trabajo, etc\u00e9tera.<\/p>\n<p>El libro se dirige a todos aquellos que quieran refrescar sus conocimientos o est\u00e9n interesados en tener una visi\u00f3n general, simple y pr\u00e1ctica, de la ciencia econ\u00f3mica. Es decir, est\u00e1 pensado para aquellas personas que no quieran ser receptoras pasivas de los an\u00e1lisis de comentaristas televisivos o period\u00edsticos. Tambi\u00e9n va dirigido a aquellos profesores que necesiten un texto introductorio para regularizar a alumnos de distinta formaci\u00f3n.<\/p>\n<p><a href=\"https:\/\/tavapy.gov.py\/biblioteca\/wp-content\/uploads\/2022\/05\/GarciaV-Para-entender-la-economia-politica.pdf\" target=\"_blank\" rel=\"attachment noopener wp-att-4974\"><img loading=\"lazy\" decoding=\"async\" class=\"size-full wp-image-4974 alignleft\" src=\"https:\/\/tavapy.gov.py\/biblioteca\/wp-content\/uploads\/2022\/05\/icono-PDF-copia.png\" alt=\"\" width=\"121\" height=\"140\" \/><\/a><\/p>\n","protected":false},"featured_media":4895,"comment_status":"open","ping_status":"closed","template":"","meta":{"spay_email":""},"product_cat":[541],"product_tag":[],"class_list":{"0":"post-4995","1":"product","2":"type-product","3":"status-publish","4":"has-post-thumbnail","6":"book_author-valeriano-garcia","7":"product_cat-economia-politica","8":"entry"},"_links":{"self":[{"href":"https:\/\/tavapy.gov.py\/biblioteca\/wp-json\/wp\/v2\/product\/4995","targetHints":{"allow":["GET"]}}],"collection":[{"href":"https:\/\/tavapy.gov.py\/biblioteca\/wp-json\/wp\/v2\/product"}],"about":[{"href":"https:\/\/tavapy.gov.py\/biblioteca\/wp-json\/wp\/v2\/types\/product"}],"replies":[{"embeddable":true,"href":"https:\/\/tavapy.gov.py\/biblioteca\/wp-json\/wp\/v2\/comments?post=4995"}],"wp:featuredmedia":[{"embeddable":true,"href":"https:\/\/tavapy.gov.py\/biblioteca\/wp-json\/wp\/v2\/media\/4895"}],"wp:attachment":[{"href":"https:\/\/tavapy.gov.py\/biblioteca\/wp-json\/wp\/v2\/media?parent=4995"}],"wp:term":[{"taxonomy":"product_cat","embeddable":true,"href":"https:\/\/tavapy.gov.py\/biblioteca\/wp-json\/wp\/v2\/product_cat?post=4995"},{"taxonomy":"product_tag","embeddable":true,"href":"https:\/\/tavapy.gov.py\/biblioteca\/wp-json\/wp\/v2\/product_tag?post=4995"}],"curies":[{"name":"wp","href":"https:\/\/api.w.org\/{rel}","templated":true}]}}