{"id":5162,"date":"2022-05-17T00:20:09","date_gmt":"2022-05-17T00:20:09","guid":{"rendered":"https:\/\/tavapy.gov.py\/biblioteca\/?post_type=product&#038;p=5162"},"modified":"2022-05-17T00:20:10","modified_gmt":"2022-05-17T00:20:10","slug":"asi-se-domina-el-mundo","status":"publish","type":"product","link":"https:\/\/tavapy.gov.py\/biblioteca\/product\/asi-se-domina-el-mundo\/","title":{"rendered":"AS\u00cd SE DOMINA EL MUNDO."},"content":{"rendered":"","protected":false},"excerpt":{"rendered":"<p>Alianzas, manipulaci\u00f3n, rivalidad, guerra psicol\u00f3gica&#8230; Mejor que Juego de tronos: las claves de la geoestrategia mundial. Desde hace algunos a\u00f1os, debido a la compleja situaci\u00f3n actual, la ciencia de la geopol\u00edtica est\u00e1 adquiriendo una importancia que hab\u00eda perdido en cierto modo tras la segunda guerra mundial. \u00bfC\u00f3mo se relacionan los pa\u00edses? \u00bfQu\u00e9 estrategias de poder utilizan?<\/p>\n<p>A trav\u00e9s de numerosos ejemplos, veremos que existen una serie de estrategias cl\u00e1sicas, todas con un trasfondo de hipocres\u00eda y de aprovechamiento de las debilidades ajenas, que han prevalecido a lo largo del tiempo. Tambi\u00e9n descubriremos que a lo largo de la historia se han cometido una serie de errores geopol\u00edticos que se siguen repitiendo. Porque, aunque hoy en d\u00eda las reglas han cambiado, existen unos fundamentos inamovibles en este campo.<\/p>\n<p>El coronel y experto estratega Pedro Ba\u00f1os en esta obra publicada en el 2.017, nos adentra en las inc\u00f3gnitas de estos juegos de dominio entre pa\u00edses y nos desvela las claves y trucos del poder mundial, que son ni m\u00e1s ni menos que unas eficaces reglas universales para conseguir nuestros objetivos manipulando al adversario.<\/p>\n<p><a href=\"https:\/\/tavapy.gov.py\/biblioteca\/wp-content\/uploads\/2022\/05\/BanosP-Asi-se-domina-el-mundo.pdf\" target=\"_blank\" rel=\"attachment noopener wp-att-5154\"><img loading=\"lazy\" decoding=\"async\" class=\"size-full wp-image-5154 alignleft\" src=\"https:\/\/tavapy.gov.py\/biblioteca\/wp-content\/uploads\/2022\/05\/icono-PDF-copia-1.png\" alt=\"\" width=\"121\" height=\"140\" \/><\/a><\/p>\n","protected":false},"featured_media":5128,"comment_status":"open","ping_status":"closed","template":"","meta":{"spay_email":""},"product_cat":[573],"product_tag":[],"class_list":{"0":"post-5162","1":"product","2":"type-product","3":"status-publish","4":"has-post-thumbnail","6":"book_author-pedro-banos","7":"product_cat-geopolitica","8":"entry"},"_links":{"self":[{"href":"https:\/\/tavapy.gov.py\/biblioteca\/wp-json\/wp\/v2\/product\/5162","targetHints":{"allow":["GET"]}}],"collection":[{"href":"https:\/\/tavapy.gov.py\/biblioteca\/wp-json\/wp\/v2\/product"}],"about":[{"href":"https:\/\/tavapy.gov.py\/biblioteca\/wp-json\/wp\/v2\/types\/product"}],"replies":[{"embeddable":true,"href":"https:\/\/tavapy.gov.py\/biblioteca\/wp-json\/wp\/v2\/comments?post=5162"}],"wp:featuredmedia":[{"embeddable":true,"href":"https:\/\/tavapy.gov.py\/biblioteca\/wp-json\/wp\/v2\/media\/5128"}],"wp:attachment":[{"href":"https:\/\/tavapy.gov.py\/biblioteca\/wp-json\/wp\/v2\/media?parent=5162"}],"wp:term":[{"taxonomy":"product_cat","embeddable":true,"href":"https:\/\/tavapy.gov.py\/biblioteca\/wp-json\/wp\/v2\/product_cat?post=5162"},{"taxonomy":"product_tag","embeddable":true,"href":"https:\/\/tavapy.gov.py\/biblioteca\/wp-json\/wp\/v2\/product_tag?post=5162"}],"curies":[{"name":"wp","href":"https:\/\/api.w.org\/{rel}","templated":true}]}}