{"id":5166,"date":"2022-05-17T00:43:15","date_gmt":"2022-05-17T00:43:15","guid":{"rendered":"https:\/\/tavapy.gov.py\/biblioteca\/?post_type=product&#038;p=5166"},"modified":"2022-05-17T00:43:15","modified_gmt":"2022-05-17T00:43:15","slug":"discursos-interrumpidos-tomo-i","status":"publish","type":"product","link":"https:\/\/tavapy.gov.py\/biblioteca\/product\/discursos-interrumpidos-tomo-i\/","title":{"rendered":"DISCURSOS INTERRUMPIDOS &#8211; TOMO I"},"content":{"rendered":"","protected":false},"excerpt":{"rendered":"<p>En Discursos Interrumpidos, obra publicada en 1.972, Walter Benjam\u00edn nos invita a reflexionar sobre los cambios generados en el arte, la fotograf\u00eda y el cine como resultado de t\u00e9cnicas de reproducci\u00f3n t\u00e9cnica. Para el autor el hecho de contar con una tecnolog\u00eda que permite la reproducci\u00f3n mecanizada de obras art\u00edsticas debilita su valor art\u00edstico y cultural.<\/p>\n<p>El autor no niega que el arte a trav\u00e9s de la historia haya estado susceptible a la reproducci\u00f3n pues considera que los seres humanos no pueden aislarse de u realidad; pero considera que en las sociedades posindustriales la masificaci\u00f3n de las obras diluye su \u201caura\u201d, su esencia y representatividad social.<\/p>\n<p>De acuerdo con Benjam\u00edn la invenci\u00f3n de la fotograf\u00eda gener\u00f3 un cambio radical en el arte y el trabajo del artista, gracias a su facilidad para representar el aqu\u00ed y el ahora. Para \u00e9l, aunque existi\u00f3 una cierta resistencia en esta comunidad, muchos pintores decidieron aprovechar este recurso para desarrollar su trabajo e incluso incursionar en este campo.<\/p>\n<p><a href=\"https:\/\/tavapy.gov.py\/biblioteca\/wp-content\/uploads\/2022\/05\/BenjaminW-Discursos-interrumpidos.pdf\" target=\"_blank\" rel=\"attachment noopener wp-att-5154\"><img loading=\"lazy\" decoding=\"async\" class=\"size-full wp-image-5154 alignleft\" src=\"https:\/\/tavapy.gov.py\/biblioteca\/wp-content\/uploads\/2022\/05\/icono-PDF-copia-1.png\" alt=\"\" width=\"121\" height=\"140\" \/><\/a><\/p>\n","protected":false},"featured_media":5117,"comment_status":"open","ping_status":"closed","template":"","meta":{"spay_email":""},"product_cat":[578],"product_tag":[],"class_list":{"0":"post-5166","1":"product","2":"type-product","3":"status-publish","4":"has-post-thumbnail","6":"book_author-walter-benjamin","7":"product_cat-filosofia-estetica","8":"entry"},"_links":{"self":[{"href":"https:\/\/tavapy.gov.py\/biblioteca\/wp-json\/wp\/v2\/product\/5166","targetHints":{"allow":["GET"]}}],"collection":[{"href":"https:\/\/tavapy.gov.py\/biblioteca\/wp-json\/wp\/v2\/product"}],"about":[{"href":"https:\/\/tavapy.gov.py\/biblioteca\/wp-json\/wp\/v2\/types\/product"}],"replies":[{"embeddable":true,"href":"https:\/\/tavapy.gov.py\/biblioteca\/wp-json\/wp\/v2\/comments?post=5166"}],"wp:featuredmedia":[{"embeddable":true,"href":"https:\/\/tavapy.gov.py\/biblioteca\/wp-json\/wp\/v2\/media\/5117"}],"wp:attachment":[{"href":"https:\/\/tavapy.gov.py\/biblioteca\/wp-json\/wp\/v2\/media?parent=5166"}],"wp:term":[{"taxonomy":"product_cat","embeddable":true,"href":"https:\/\/tavapy.gov.py\/biblioteca\/wp-json\/wp\/v2\/product_cat?post=5166"},{"taxonomy":"product_tag","embeddable":true,"href":"https:\/\/tavapy.gov.py\/biblioteca\/wp-json\/wp\/v2\/product_tag?post=5166"}],"curies":[{"name":"wp","href":"https:\/\/api.w.org\/{rel}","templated":true}]}}