{"id":5169,"date":"2022-05-17T01:01:37","date_gmt":"2022-05-17T01:01:37","guid":{"rendered":"https:\/\/tavapy.gov.py\/biblioteca\/?post_type=product&#038;p=5169"},"modified":"2022-05-17T01:01:40","modified_gmt":"2022-05-17T01:01:40","slug":"a-traves-del-maravilloso-espejo-del-universo","status":"publish","type":"product","link":"https:\/\/tavapy.gov.py\/biblioteca\/product\/a-traves-del-maravilloso-espejo-del-universo\/","title":{"rendered":"A TRAV\u00c9S DEL MARAVILLOSO ESPEJO DEL UNIVERSO."},"content":{"rendered":"","protected":false},"excerpt":{"rendered":"<p>A trav\u00e9s del maravilloso espejo del Universo obra publicada en 1.985, recrea los emocionantes viajes mentales de muchos cient\u00edficos prominentes -David Bohm, Karl Pribram, Ilya Prigogine y Rupert Sheldrake- cuyas asombrosas nuevas teor\u00edas pueden revolucionar nuestra comprensi\u00f3n del Universo.<\/p>\n<p>Estos cient\u00edficos de campos muy diferentes han alcanzado similares hip\u00f3tesis que no solamente desaf\u00edan sus propias disciplinas, sino el modo en que todos nosotros pensamos respecto de la realidad. Sus teor\u00edas \u00abdel espejo\u00bb proponen que en este preciso momento nosotros estamos en un universo como el de Alicia en el Pa\u00eds de las Maravillas, donde cada parte es de hecho el TODO, donde un cient\u00edfico que realiza un experimento es, en s\u00ed mismo, el experimento y donde inclusive los objetos inanimados tienen conciencia.<\/p>\n<p>Adem\u00e1s, estos principios pueden complementarse para dar lugar a una nueva hip\u00f3tesis que da contenido cient\u00edfico a la antigua idea m\u00edstica de que el Universo es UNO. Este extraordinario y fascinante libro captura no s\u00f3lo los pensamientos de los cient\u00edficos \u00abrebeldes\u00bb, que nos conducen al borde de una cambiante visi\u00f3n del mundo, sino tambi\u00e9n el esplendor y la excitaci\u00f3n de esa visi\u00f3n.<\/p>\n<p><a href=\"https:\/\/tavapy.gov.py\/biblioteca\/wp-content\/uploads\/2022\/05\/Briggs-Peat-A-traves-del-maravilloso-espejo...pdf\" target=\"_blank\" rel=\"attachment noopener wp-att-5154\"><img loading=\"lazy\" decoding=\"async\" class=\"size-full wp-image-5154 alignleft\" src=\"https:\/\/tavapy.gov.py\/biblioteca\/wp-content\/uploads\/2022\/05\/icono-PDF-copia-1.png\" alt=\"\" width=\"121\" height=\"140\" \/><\/a><\/p>\n","protected":false},"featured_media":5109,"comment_status":"open","ping_status":"closed","template":"","meta":{"spay_email":""},"product_cat":[227],"product_tag":[],"class_list":{"0":"post-5169","1":"product","2":"type-product","3":"status-publish","4":"has-post-thumbnail","6":"book_author-francis-david-peat","7":"product_cat-ciencia-divulgacion-cientifica","8":"entry"},"_links":{"self":[{"href":"https:\/\/tavapy.gov.py\/biblioteca\/wp-json\/wp\/v2\/product\/5169","targetHints":{"allow":["GET"]}}],"collection":[{"href":"https:\/\/tavapy.gov.py\/biblioteca\/wp-json\/wp\/v2\/product"}],"about":[{"href":"https:\/\/tavapy.gov.py\/biblioteca\/wp-json\/wp\/v2\/types\/product"}],"replies":[{"embeddable":true,"href":"https:\/\/tavapy.gov.py\/biblioteca\/wp-json\/wp\/v2\/comments?post=5169"}],"wp:featuredmedia":[{"embeddable":true,"href":"https:\/\/tavapy.gov.py\/biblioteca\/wp-json\/wp\/v2\/media\/5109"}],"wp:attachment":[{"href":"https:\/\/tavapy.gov.py\/biblioteca\/wp-json\/wp\/v2\/media?parent=5169"}],"wp:term":[{"taxonomy":"product_cat","embeddable":true,"href":"https:\/\/tavapy.gov.py\/biblioteca\/wp-json\/wp\/v2\/product_cat?post=5169"},{"taxonomy":"product_tag","embeddable":true,"href":"https:\/\/tavapy.gov.py\/biblioteca\/wp-json\/wp\/v2\/product_tag?post=5169"}],"curies":[{"name":"wp","href":"https:\/\/api.w.org\/{rel}","templated":true}]}}