{"id":5173,"date":"2022-05-17T01:36:58","date_gmt":"2022-05-17T01:36:58","guid":{"rendered":"https:\/\/tavapy.gov.py\/biblioteca\/?post_type=product&#038;p=5173"},"modified":"2022-05-17T01:36:59","modified_gmt":"2022-05-17T01:36:59","slug":"memorias-o-reminiscencias-historicas-sobre-la-guerra-del-paraguay","status":"publish","type":"product","link":"https:\/\/tavapy.gov.py\/biblioteca\/product\/memorias-o-reminiscencias-historicas-sobre-la-guerra-del-paraguay\/","title":{"rendered":"MEMORIAS O REMINISCENCIAS HIST\u00d3RICAS SOBRE LA GUERRA DEL PARAGUAY."},"content":{"rendered":"","protected":false},"excerpt":{"rendered":"<p>Escribi\u00f3 sus \u201cMemorias o Reminiscencias hist\u00f3ricas sobre la Guerra del Paraguay\u201d, medulosa descripci\u00f3n testimonial de los acontecimientos m\u00e1s destacados de la Guerra contra la Triple Alianza.<\/p>\n<p>El coronel Centuri\u00f3n, sobreviviente del conflicto, escribi\u00f3 las cr\u00f3nicas m\u00e1s amplias y abarcantes no solo de la contienda contra la Triple Alianza, sino de la era presidencial de los L\u00f3pez. La obra abarca desde su juventud y sus labores como funcionario, hasta la hecatombe de Cerro Cor\u00e1, el 1 de marzo de 1870.<\/p>\n<p>El autor hace al final del volumen una descripci\u00f3n muy expl\u00edcita y completa de la forma en que fuera ultimado el mariscal Francisco Solano L\u00f3pez por soldados del Brasil.<\/p>\n<p><a href=\"https:\/\/tavapy.gov.py\/biblioteca\/wp-content\/uploads\/2022\/05\/Centurion-J-Memorias.pdf\" target=\"_blank\" rel=\"attachment noopener wp-att-5154\"><img loading=\"lazy\" decoding=\"async\" class=\"size-full wp-image-5154 alignleft\" src=\"https:\/\/tavapy.gov.py\/biblioteca\/wp-content\/uploads\/2022\/05\/icono-PDF-copia-1.png\" alt=\"\" width=\"121\" height=\"140\" \/><\/a><\/p>\n","protected":false},"featured_media":5099,"comment_status":"open","ping_status":"closed","template":"","meta":{"spay_email":""},"product_cat":[586],"product_tag":[],"class_list":{"0":"post-5173","1":"product","2":"type-product","3":"status-publish","4":"has-post-thumbnail","6":"book_author-juan-crisostomo-centurion","7":"product_cat-historia-memorias","8":"entry"},"_links":{"self":[{"href":"https:\/\/tavapy.gov.py\/biblioteca\/wp-json\/wp\/v2\/product\/5173","targetHints":{"allow":["GET"]}}],"collection":[{"href":"https:\/\/tavapy.gov.py\/biblioteca\/wp-json\/wp\/v2\/product"}],"about":[{"href":"https:\/\/tavapy.gov.py\/biblioteca\/wp-json\/wp\/v2\/types\/product"}],"replies":[{"embeddable":true,"href":"https:\/\/tavapy.gov.py\/biblioteca\/wp-json\/wp\/v2\/comments?post=5173"}],"wp:featuredmedia":[{"embeddable":true,"href":"https:\/\/tavapy.gov.py\/biblioteca\/wp-json\/wp\/v2\/media\/5099"}],"wp:attachment":[{"href":"https:\/\/tavapy.gov.py\/biblioteca\/wp-json\/wp\/v2\/media?parent=5173"}],"wp:term":[{"taxonomy":"product_cat","embeddable":true,"href":"https:\/\/tavapy.gov.py\/biblioteca\/wp-json\/wp\/v2\/product_cat?post=5173"},{"taxonomy":"product_tag","embeddable":true,"href":"https:\/\/tavapy.gov.py\/biblioteca\/wp-json\/wp\/v2\/product_tag?post=5173"}],"curies":[{"name":"wp","href":"https:\/\/api.w.org\/{rel}","templated":true}]}}