{"id":5175,"date":"2022-05-17T01:46:25","date_gmt":"2022-05-17T01:46:25","guid":{"rendered":"https:\/\/tavapy.gov.py\/biblioteca\/?post_type=product&#038;p=5175"},"modified":"2022-05-17T01:46:26","modified_gmt":"2022-05-17T01:46:26","slug":"trilogia-de-los-7-reinos-ii-la-reina-exiliada","status":"publish","type":"product","link":"https:\/\/tavapy.gov.py\/biblioteca\/product\/trilogia-de-los-7-reinos-ii-la-reina-exiliada\/","title":{"rendered":"TRILOG\u00cdA DE LOS 7 REINOS II: LA REINA EXILIADA."},"content":{"rendered":"","protected":false},"excerpt":{"rendered":"<p>La Reina Exiliada, obra publicada en el 2.010, es la apasionante continuaci\u00f3n de \u00abEl rey demonio\u00bb. Obsesionado con la muerte de su madre y de su hermana, Han Alister viaja hacia el sur para comenzar a recibir educaci\u00f3n en la Casa Mystwerk, en el Vado de Oden. Pero es imposible huir del peligro: los Bayar, la poderosa familia de magos, lo acechan intentando recuperar el amuleto que les rob\u00f3.<\/p>\n<p>Adem\u00e1s, la Casa Mystwerk tampoco es un lugar tan seguro: all\u00ed Cuervo, un mago misterioso, se convierte en su tutor para ense\u00f1arle todo lo que sabe sobre las artes m\u00e1s oscuras de la bujer\u00eda, tras sellar un pacto del que Han podr\u00eda arrepentirse. Por otra parte, la princesa Raisa Ana Marianna escapa de un matrimonio forzoso acompa\u00f1ada por su amigo Amon.<\/p>\n<p>El lugar m\u00e1s seguro para ella es la Casa Wien, la academia militar en el Vado de Oden, donde lograr\u00e1 conseguir la educaci\u00f3n que necesita para convertirse en la pr\u00f3xima reina de los Lobo Gris. Pero cuando los caminos de Han y Raisa se cruzan, el orden de sus vidas se ve trastornado por completo.<\/p>\n<p><a href=\"https:\/\/tavapy.gov.py\/biblioteca\/wp-content\/uploads\/2022\/05\/ChimaC-La-Reina-Exiliada-2.pdf\" rel=\"attachment wp-att-5154\"><img loading=\"lazy\" decoding=\"async\" class=\"size-full wp-image-5154 alignleft\" src=\"https:\/\/tavapy.gov.py\/biblioteca\/wp-content\/uploads\/2022\/05\/icono-PDF-copia-1.png\" alt=\"\" width=\"121\" height=\"140\" \/><\/a><\/p>\n","protected":false},"featured_media":5094,"comment_status":"open","ping_status":"closed","template":"","meta":{"spay_email":""},"product_cat":[588],"product_tag":[],"class_list":{"0":"post-5175","1":"product","2":"type-product","3":"status-publish","4":"has-post-thumbnail","6":"book_author-cinda-williams-chima","7":"product_cat-novela-fantastica","8":"entry"},"_links":{"self":[{"href":"https:\/\/tavapy.gov.py\/biblioteca\/wp-json\/wp\/v2\/product\/5175","targetHints":{"allow":["GET"]}}],"collection":[{"href":"https:\/\/tavapy.gov.py\/biblioteca\/wp-json\/wp\/v2\/product"}],"about":[{"href":"https:\/\/tavapy.gov.py\/biblioteca\/wp-json\/wp\/v2\/types\/product"}],"replies":[{"embeddable":true,"href":"https:\/\/tavapy.gov.py\/biblioteca\/wp-json\/wp\/v2\/comments?post=5175"}],"wp:featuredmedia":[{"embeddable":true,"href":"https:\/\/tavapy.gov.py\/biblioteca\/wp-json\/wp\/v2\/media\/5094"}],"wp:attachment":[{"href":"https:\/\/tavapy.gov.py\/biblioteca\/wp-json\/wp\/v2\/media?parent=5175"}],"wp:term":[{"taxonomy":"product_cat","embeddable":true,"href":"https:\/\/tavapy.gov.py\/biblioteca\/wp-json\/wp\/v2\/product_cat?post=5175"},{"taxonomy":"product_tag","embeddable":true,"href":"https:\/\/tavapy.gov.py\/biblioteca\/wp-json\/wp\/v2\/product_tag?post=5175"}],"curies":[{"name":"wp","href":"https:\/\/api.w.org\/{rel}","templated":true}]}}