{"id":5180,"date":"2022-05-17T02:14:45","date_gmt":"2022-05-17T02:14:45","guid":{"rendered":"https:\/\/tavapy.gov.py\/biblioteca\/?post_type=product&#038;p=5180"},"modified":"2022-05-17T02:16:20","modified_gmt":"2022-05-17T02:16:20","slug":"analectas","status":"publish","type":"product","link":"https:\/\/tavapy.gov.py\/biblioteca\/product\/analectas\/","title":{"rendered":"ANALECTAS."},"content":{"rendered":"","protected":false},"excerpt":{"rendered":"<p>Los Analectas de Confucio ofrecen profundas reflexiones y expl\u00edcitos mensajes sobre la \u00e9tica, la moral, el orden social, la gobernanza y los rituales que deber\u00edan regir el mundo.<\/p>\n<p>Pocos fil\u00f3sofos han influido tanto en la idiosincrasia de un pueblo como Confucio, quien se podr\u00eda decir que ha acu\u00f1ado la identidad cultural de la naci\u00f3n china. Su obra m\u00e1s importante son sus Analectas, cuya tesis central se basa en la Benevolencia, que es el \u00abamor al pr\u00f3jimo\u00bb y \u00abla lealtad y la tolerancia\u00bb. Asimismo, su obra refleja los ideales pol\u00edticos del Maestro, quien siempre defendi\u00f3 \u00abgobernar por la virtud\u00bb en contra del despotismo y, como gran pedagogo, abog\u00f3 por \u00abimpartir la educaci\u00f3n sin diferenciaci\u00f3n de las condiciones socioecon\u00f3micas\u00bb.<\/p>\n<p>Las ense\u00f1anzas de Confucio rebasan sin embargo los l\u00edmites de la metaf\u00edsica para extenderse a la literatura, a la erudici\u00f3n, a la pol\u00edtica, a la religi\u00f3n, a la pedagog\u00eda y a la \u00e9tica. Quiz\u00e1s justamente por esta peculiaridad, siguen vigentes sus razonamientos, consejos, moralejas, an\u00e9cdotas e instrucciones, as\u00ed como sus reflexiones, contenidas todas ellas, en las Analectas.<\/p>\n<p><a href=\"https:\/\/tavapy.gov.py\/biblioteca\/wp-content\/uploads\/2022\/05\/Confucio-Analectas.pdf\" target=\"_blank\" rel=\"attachment noopener wp-att-5154\"><img loading=\"lazy\" decoding=\"async\" class=\"size-full wp-image-5154 alignleft\" src=\"https:\/\/tavapy.gov.py\/biblioteca\/wp-content\/uploads\/2022\/05\/icono-PDF-copia-1.png\" alt=\"\" width=\"121\" height=\"140\" \/><\/a><\/p>\n","protected":false},"featured_media":5082,"comment_status":"open","ping_status":"closed","template":"","meta":{"spay_email":""},"product_cat":[594],"product_tag":[],"class_list":{"0":"post-5180","1":"product","2":"type-product","3":"status-publish","4":"has-post-thumbnail","6":"book_author-confucio","7":"product_cat-filosofia-oriental","8":"entry"},"_links":{"self":[{"href":"https:\/\/tavapy.gov.py\/biblioteca\/wp-json\/wp\/v2\/product\/5180","targetHints":{"allow":["GET"]}}],"collection":[{"href":"https:\/\/tavapy.gov.py\/biblioteca\/wp-json\/wp\/v2\/product"}],"about":[{"href":"https:\/\/tavapy.gov.py\/biblioteca\/wp-json\/wp\/v2\/types\/product"}],"replies":[{"embeddable":true,"href":"https:\/\/tavapy.gov.py\/biblioteca\/wp-json\/wp\/v2\/comments?post=5180"}],"wp:featuredmedia":[{"embeddable":true,"href":"https:\/\/tavapy.gov.py\/biblioteca\/wp-json\/wp\/v2\/media\/5082"}],"wp:attachment":[{"href":"https:\/\/tavapy.gov.py\/biblioteca\/wp-json\/wp\/v2\/media?parent=5180"}],"wp:term":[{"taxonomy":"product_cat","embeddable":true,"href":"https:\/\/tavapy.gov.py\/biblioteca\/wp-json\/wp\/v2\/product_cat?post=5180"},{"taxonomy":"product_tag","embeddable":true,"href":"https:\/\/tavapy.gov.py\/biblioteca\/wp-json\/wp\/v2\/product_tag?post=5180"}],"curies":[{"name":"wp","href":"https:\/\/api.w.org\/{rel}","templated":true}]}}