{"id":5183,"date":"2022-05-19T01:31:36","date_gmt":"2022-05-19T01:31:36","guid":{"rendered":"https:\/\/tavapy.gov.py\/biblioteca\/?post_type=product&#038;p=5183"},"modified":"2022-05-19T01:31:37","modified_gmt":"2022-05-19T01:31:37","slug":"breve-historia-de-las-religiones","status":"publish","type":"product","link":"https:\/\/tavapy.gov.py\/biblioteca\/product\/breve-historia-de-las-religiones\/","title":{"rendered":"BREVE HISTORIA DE LAS RELIGIONES."},"content":{"rendered":"","protected":false},"excerpt":{"rendered":"<p>Un libro necesario, escrito sin prejuicios, sencillo y marcado por un car\u00e1cter pr\u00e1ctico y divulgativo. El autor consigue responder a las dudas m\u00e1s habituales de todo aquel que siente curiosidad por la religi\u00f3n.<\/p>\n<p>Breve historia de las religiones publicado en el 2.013, es una suerte de manual de uso popular sobre las distintas creencias, las religiones m\u00e1s importantes y las no creencias. A partir de la idea de que la b\u00fasqueda de la verdad es una inquietud universal, de todos los tiempos y de todas las culturas, y evitando centrarse en las religiones vigentes en la actualidad para analizar tambi\u00e9n las que fueron importantes e influyeron en las actuales pero han desaparecido.<\/p>\n<p>Adem\u00e1s de ahondar en las dudas y diferencias, Orbaneja analiza los or\u00edgenes y hace un repaso por la evoluci\u00f3n de las distintas religiones en las grandes civilizaciones a lo largo de la historia de la humanidad, Mesopotamia, pasando por las no creencias, el gnosticismo y el ate\u00edsmo, para concluir con un apartado \u00fatil a modo de resumen: una recopilaci\u00f3n de los aforismos m\u00e1s significativos de las diferentes creencias.<\/p>\n<p><a href=\"https:\/\/tavapy.gov.py\/biblioteca\/wp-content\/uploads\/2022\/05\/De-orbanejaF-Breve-Historia-de-las-Religiones.pdf\" target=\"_blank\" rel=\"attachment noopener wp-att-5154\"><img loading=\"lazy\" decoding=\"async\" class=\"size-full wp-image-5154 alignleft\" src=\"https:\/\/tavapy.gov.py\/biblioteca\/wp-content\/uploads\/2022\/05\/icono-PDF-copia-1.png\" alt=\"\" width=\"121\" height=\"140\" \/><\/a><\/p>\n","protected":false},"featured_media":5072,"comment_status":"open","ping_status":"closed","template":"","meta":{"spay_email":""},"product_cat":[247],"product_tag":[],"class_list":{"0":"post-5183","1":"product","2":"type-product","3":"status-publish","4":"has-post-thumbnail","6":"book_author-fernando-de-orbaneja","7":"product_cat-historia-de-las-religiones","8":"entry"},"_links":{"self":[{"href":"https:\/\/tavapy.gov.py\/biblioteca\/wp-json\/wp\/v2\/product\/5183","targetHints":{"allow":["GET"]}}],"collection":[{"href":"https:\/\/tavapy.gov.py\/biblioteca\/wp-json\/wp\/v2\/product"}],"about":[{"href":"https:\/\/tavapy.gov.py\/biblioteca\/wp-json\/wp\/v2\/types\/product"}],"replies":[{"embeddable":true,"href":"https:\/\/tavapy.gov.py\/biblioteca\/wp-json\/wp\/v2\/comments?post=5183"}],"wp:featuredmedia":[{"embeddable":true,"href":"https:\/\/tavapy.gov.py\/biblioteca\/wp-json\/wp\/v2\/media\/5072"}],"wp:attachment":[{"href":"https:\/\/tavapy.gov.py\/biblioteca\/wp-json\/wp\/v2\/media?parent=5183"}],"wp:term":[{"taxonomy":"product_cat","embeddable":true,"href":"https:\/\/tavapy.gov.py\/biblioteca\/wp-json\/wp\/v2\/product_cat?post=5183"},{"taxonomy":"product_tag","embeddable":true,"href":"https:\/\/tavapy.gov.py\/biblioteca\/wp-json\/wp\/v2\/product_tag?post=5183"}],"curies":[{"name":"wp","href":"https:\/\/api.w.org\/{rel}","templated":true}]}}