{"id":5187,"date":"2022-05-19T02:10:08","date_gmt":"2022-05-19T02:10:08","guid":{"rendered":"https:\/\/tavapy.gov.py\/biblioteca\/?post_type=product&#038;p=5187"},"modified":"2022-05-19T02:10:09","modified_gmt":"2022-05-19T02:10:09","slug":"cristianismos-perdidos","status":"publish","type":"product","link":"https:\/\/tavapy.gov.py\/biblioteca\/product\/cristianismos-perdidos\/","title":{"rendered":"CRISTIANISMOS PERDIDOS."},"content":{"rendered":"","protected":false},"excerpt":{"rendered":"<p>Uno de los mayores especialistas en la Iglesia primitiva y la figura de Jes\u00fas, el profesor Bart D. Ehrman, nos ofrece en este libro, publicado en el 2.003 y sostenido por una erudici\u00f3n importante, un fascinante an\u00e1lisis de los credos cristianos que pudieron ser y no fueron, de las luchas de poder en el seno de la Iglesia primitiva.<\/p>\n<p>Y de c\u00f3mo los vencedores de esas luchas impusieron la adopci\u00f3n final de sus ideas que, recopiladas m\u00e1s tarde en los libros can\u00f3nicos del Nuevo Testamento, acabaron constituy\u00e9ndose en el credo -uno de los muchos posibles- que a\u00fan hoy recitan los cristianos en la misa.<\/p>\n<p><a href=\"https:\/\/tavapy.gov.py\/biblioteca\/wp-content\/uploads\/2022\/05\/EhrmanB-Cristianismos-perdidos.pdf\" target=\"_blank\" rel=\"attachment noopener wp-att-5154\"><img loading=\"lazy\" decoding=\"async\" class=\"size-full wp-image-5154 alignleft\" src=\"https:\/\/tavapy.gov.py\/biblioteca\/wp-content\/uploads\/2022\/05\/icono-PDF-copia-1.png\" alt=\"\" width=\"121\" height=\"140\" \/><\/a><\/p>\n","protected":false},"featured_media":5063,"comment_status":"open","ping_status":"closed","template":"","meta":{"spay_email":""},"product_cat":[173],"product_tag":[],"class_list":{"0":"post-5187","1":"product","2":"type-product","3":"status-publish","4":"has-post-thumbnail","6":"book_author-bart-d-ehrman","7":"product_cat-estudios-biblicos","8":"entry"},"_links":{"self":[{"href":"https:\/\/tavapy.gov.py\/biblioteca\/wp-json\/wp\/v2\/product\/5187","targetHints":{"allow":["GET"]}}],"collection":[{"href":"https:\/\/tavapy.gov.py\/biblioteca\/wp-json\/wp\/v2\/product"}],"about":[{"href":"https:\/\/tavapy.gov.py\/biblioteca\/wp-json\/wp\/v2\/types\/product"}],"replies":[{"embeddable":true,"href":"https:\/\/tavapy.gov.py\/biblioteca\/wp-json\/wp\/v2\/comments?post=5187"}],"wp:featuredmedia":[{"embeddable":true,"href":"https:\/\/tavapy.gov.py\/biblioteca\/wp-json\/wp\/v2\/media\/5063"}],"wp:attachment":[{"href":"https:\/\/tavapy.gov.py\/biblioteca\/wp-json\/wp\/v2\/media?parent=5187"}],"wp:term":[{"taxonomy":"product_cat","embeddable":true,"href":"https:\/\/tavapy.gov.py\/biblioteca\/wp-json\/wp\/v2\/product_cat?post=5187"},{"taxonomy":"product_tag","embeddable":true,"href":"https:\/\/tavapy.gov.py\/biblioteca\/wp-json\/wp\/v2\/product_tag?post=5187"}],"curies":[{"name":"wp","href":"https:\/\/api.w.org\/{rel}","templated":true}]}}