{"id":5188,"date":"2022-05-19T02:20:04","date_gmt":"2022-05-19T02:20:04","guid":{"rendered":"https:\/\/tavapy.gov.py\/biblioteca\/?post_type=product&#038;p=5188"},"modified":"2022-05-19T02:20:05","modified_gmt":"2022-05-19T02:20:05","slug":"microfisica-del-poder","status":"publish","type":"product","link":"https:\/\/tavapy.gov.py\/biblioteca\/product\/microfisica-del-poder\/","title":{"rendered":"MICROF\u00cdSICA DEL PODER."},"content":{"rendered":"","protected":false},"excerpt":{"rendered":"<p>Microf\u00edsica del poder publicado en 1.978, recoge las intervenciones pol\u00edticas directas de Foucault en los debates de los a\u00f1os 70&#8242;. Lejos del registro puramente filos\u00f3fico y acad\u00e9mico, el gran pensador franc\u00e9s opina y se pronuncia sobre cuestiones del d\u00eda a d\u00eda de la disputa pol\u00edtica.<\/p>\n<p>En conversaciones con interlocutores como Gilles Deleuze, Jacques Ranci\u00e8re o Andr\u00e9 Glucksmann, Foucault aborda el an\u00e1lisis del presente, no a modo de cr\u00f3nica o interpretaci\u00f3n de acontecimientos sino en relaci\u00f3n con sus propios intereses e inquietudes.<\/p>\n<p>Adem\u00e1s, el libro funciona como una especie de gu\u00eda conceptual de su obra, ya que analiza su recorrido desde Historia de la locura hasta Vigilar y castigar. Finalmente, hechos hist\u00f3ricos de enorme calado como la crisis del comunismo se enfocan en estos textos donde Foucault intenta construir una idea de izquierda no totalitaria ni conservadora, sobre la que todav\u00eda hoy se discute sin descanso.<\/p>\n<p><a href=\"https:\/\/tavapy.gov.py\/biblioteca\/wp-content\/uploads\/2022\/05\/FocaultM-Microfisica-del-poder.pdf\" target=\"_blank\" rel=\"attachment noopener wp-att-5154\"><img loading=\"lazy\" decoding=\"async\" class=\"size-full wp-image-5154 alignleft\" src=\"https:\/\/tavapy.gov.py\/biblioteca\/wp-content\/uploads\/2022\/05\/icono-PDF-copia-1.png\" alt=\"\" width=\"121\" height=\"140\" \/><\/a><\/p>\n","protected":false},"featured_media":5062,"comment_status":"open","ping_status":"closed","template":"","meta":{"spay_email":""},"product_cat":[229],"product_tag":[],"class_list":{"0":"post-5188","1":"product","2":"type-product","3":"status-publish","4":"has-post-thumbnail","6":"book_author-michel-foucalt","7":"product_cat-filosofia-politica","8":"entry"},"_links":{"self":[{"href":"https:\/\/tavapy.gov.py\/biblioteca\/wp-json\/wp\/v2\/product\/5188","targetHints":{"allow":["GET"]}}],"collection":[{"href":"https:\/\/tavapy.gov.py\/biblioteca\/wp-json\/wp\/v2\/product"}],"about":[{"href":"https:\/\/tavapy.gov.py\/biblioteca\/wp-json\/wp\/v2\/types\/product"}],"replies":[{"embeddable":true,"href":"https:\/\/tavapy.gov.py\/biblioteca\/wp-json\/wp\/v2\/comments?post=5188"}],"wp:featuredmedia":[{"embeddable":true,"href":"https:\/\/tavapy.gov.py\/biblioteca\/wp-json\/wp\/v2\/media\/5062"}],"wp:attachment":[{"href":"https:\/\/tavapy.gov.py\/biblioteca\/wp-json\/wp\/v2\/media?parent=5188"}],"wp:term":[{"taxonomy":"product_cat","embeddable":true,"href":"https:\/\/tavapy.gov.py\/biblioteca\/wp-json\/wp\/v2\/product_cat?post=5188"},{"taxonomy":"product_tag","embeddable":true,"href":"https:\/\/tavapy.gov.py\/biblioteca\/wp-json\/wp\/v2\/product_tag?post=5188"}],"curies":[{"name":"wp","href":"https:\/\/api.w.org\/{rel}","templated":true}]}}