{"id":5190,"date":"2022-05-19T02:33:34","date_gmt":"2022-05-19T02:33:34","guid":{"rendered":"https:\/\/tavapy.gov.py\/biblioteca\/?post_type=product&#038;p=5190"},"modified":"2022-05-19T02:33:34","modified_gmt":"2022-05-19T02:33:34","slug":"libertad-de-elegir","status":"publish","type":"product","link":"https:\/\/tavapy.gov.py\/biblioteca\/product\/libertad-de-elegir\/","title":{"rendered":"LIBERTAD DE ELEGIR."},"content":{"rendered":"","protected":false},"excerpt":{"rendered":"<p>La publicaci\u00f3n de \u201cLibertad de elegir\u201d es un homenaje a la sencillez y a la eficacia con las que Milton Friedman explicaba y defend\u00eda las mejores ideas, que son las ideas de la libertad. Es una invitaci\u00f3n a las generaciones m\u00e1s j\u00f3venes a conocer, sin intermediarios ni prejuicios, c\u00f3mo y por qu\u00e9 Friedman argumenta que \u00abla libertad garantiza la posibilidad de que los desfavorecidos de hoy sean los privilegiados de ma\u00f1ana\u00bb.<\/p>\n<p>En Libertad de elegir publicado en 1.980 Friedman afirma que \u00abNuestra sociedad es lo que hacemos de ella. Podemos dise\u00f1ar nuestras instituciones. Nada nos impide, si lo deseamos, edificar una sociedad que preserve y estimule la libertad humana, que sepa mantener el lugar del Estado, y convertirlo en nuestro servidor y no en nuestro amo\u00bb.<\/p>\n<p>Esta reedici\u00f3n es tambi\u00e9n un tributo a quien explic\u00f3, mejor que nadie, los errores en pol\u00edtica econ\u00f3mica que llevaron a la Gran Depresi\u00f3n; y a quien ofreci\u00f3 medidas atrevidas a favor de los m\u00e1s d\u00e9biles como el impuesto negativo sobre la renta o el bono escolar.<\/p>\n<p><a href=\"https:\/\/tavapy.gov.py\/biblioteca\/wp-content\/uploads\/2022\/05\/FriedmanLibre-para-elegir.pdf\" target=\"_blank\" rel=\"attachment noopener wp-att-5154\"><img loading=\"lazy\" decoding=\"async\" class=\"size-full wp-image-5154 alignleft\" src=\"https:\/\/tavapy.gov.py\/biblioteca\/wp-content\/uploads\/2022\/05\/icono-PDF-copia-1.png\" alt=\"\" width=\"121\" height=\"140\" \/><\/a><\/p>\n","protected":false},"featured_media":5056,"comment_status":"open","ping_status":"closed","template":"","meta":{"spay_email":""},"product_cat":[541],"product_tag":[],"class_list":{"0":"post-5190","1":"product","2":"type-product","3":"status-publish","4":"has-post-thumbnail","6":"book_author-milton-friedman","7":"product_cat-economia-politica","8":"entry"},"_links":{"self":[{"href":"https:\/\/tavapy.gov.py\/biblioteca\/wp-json\/wp\/v2\/product\/5190","targetHints":{"allow":["GET"]}}],"collection":[{"href":"https:\/\/tavapy.gov.py\/biblioteca\/wp-json\/wp\/v2\/product"}],"about":[{"href":"https:\/\/tavapy.gov.py\/biblioteca\/wp-json\/wp\/v2\/types\/product"}],"replies":[{"embeddable":true,"href":"https:\/\/tavapy.gov.py\/biblioteca\/wp-json\/wp\/v2\/comments?post=5190"}],"wp:featuredmedia":[{"embeddable":true,"href":"https:\/\/tavapy.gov.py\/biblioteca\/wp-json\/wp\/v2\/media\/5056"}],"wp:attachment":[{"href":"https:\/\/tavapy.gov.py\/biblioteca\/wp-json\/wp\/v2\/media?parent=5190"}],"wp:term":[{"taxonomy":"product_cat","embeddable":true,"href":"https:\/\/tavapy.gov.py\/biblioteca\/wp-json\/wp\/v2\/product_cat?post=5190"},{"taxonomy":"product_tag","embeddable":true,"href":"https:\/\/tavapy.gov.py\/biblioteca\/wp-json\/wp\/v2\/product_tag?post=5190"}],"curies":[{"name":"wp","href":"https:\/\/api.w.org\/{rel}","templated":true}]}}