{"id":5205,"date":"2022-05-20T02:43:32","date_gmt":"2022-05-20T02:43:32","guid":{"rendered":"https:\/\/tavapy.gov.py\/biblioteca\/?post_type=product&#038;p=5205"},"modified":"2022-05-20T02:43:32","modified_gmt":"2022-05-20T02:43:32","slug":"credito-y-cobranza","status":"publish","type":"product","link":"https:\/\/tavapy.gov.py\/biblioteca\/product\/credito-y-cobranza\/","title":{"rendered":"CR\u00c9DITO Y COBRANZA."},"content":{"rendered":"","protected":false},"excerpt":{"rendered":"<p>El cr\u00e9dito es el mecanismo por excelencia que aumenta las ventas de las empresas, y cuando \u00e9ste sucede las compa\u00f1\u00edas incrementan la intensidad de su ciclo financiero y las compras que hacen a otras empresas de materias primas y servicios necesarios para sus procesos de producci\u00f3n.<\/p>\n<p>Con ello se presenta un efecto multiplicador en la econom\u00eda porque las empresas aumentan sus operaciones y con ello compras de materias primas, pago de servicios diversos, pago de impuestos, etc., por ello el cr\u00e9dito es una herramienta que ayuda a reactivar la econom\u00eda.<\/p>\n<p>Cr\u00e9dito y cobranza, obra publicada en el 2.014, proporciona a las empresas las herramientas para aumentar las ventas y los ingresos en sus ciclos financieros, pero es fundamental que las actividades desarrolladas en el otorgamiento de cr\u00e9ditos sean precisas para que \u00e9stos se puedan recuperar, lo cual se logra mediante un an\u00e1lisis minucioso de los solicitantes de cr\u00e9dito para asegurar que s\u00ed tendr\u00e1n los recursos necesarios para saldar sus deudas y que adem\u00e1s est\u00e9n dispuestos a pagar.<\/p>\n<p><a href=\"https:\/\/tavapy.gov.py\/biblioteca\/wp-content\/uploads\/2022\/05\/Morales-Castro-J-Credito-y-cobranza.pdf\" target=\"_blank\" rel=\"attachment noopener wp-att-5154\"><img loading=\"lazy\" decoding=\"async\" class=\"size-full wp-image-5154 alignleft\" src=\"https:\/\/tavapy.gov.py\/biblioteca\/wp-content\/uploads\/2022\/05\/icono-PDF-copia-1.png\" alt=\"\" width=\"121\" height=\"140\" \/><\/a><\/p>\n","protected":false},"featured_media":5026,"comment_status":"open","ping_status":"closed","template":"","meta":{"spay_email":""},"product_cat":[613],"product_tag":[],"class_list":{"0":"post-5205","1":"product","2":"type-product","3":"status-publish","4":"has-post-thumbnail","6":"book_author-jose-antonio-morales-castro","7":"product_cat-creditos-y-cobranzas","8":"entry"},"_links":{"self":[{"href":"https:\/\/tavapy.gov.py\/biblioteca\/wp-json\/wp\/v2\/product\/5205","targetHints":{"allow":["GET"]}}],"collection":[{"href":"https:\/\/tavapy.gov.py\/biblioteca\/wp-json\/wp\/v2\/product"}],"about":[{"href":"https:\/\/tavapy.gov.py\/biblioteca\/wp-json\/wp\/v2\/types\/product"}],"replies":[{"embeddable":true,"href":"https:\/\/tavapy.gov.py\/biblioteca\/wp-json\/wp\/v2\/comments?post=5205"}],"wp:featuredmedia":[{"embeddable":true,"href":"https:\/\/tavapy.gov.py\/biblioteca\/wp-json\/wp\/v2\/media\/5026"}],"wp:attachment":[{"href":"https:\/\/tavapy.gov.py\/biblioteca\/wp-json\/wp\/v2\/media?parent=5205"}],"wp:term":[{"taxonomy":"product_cat","embeddable":true,"href":"https:\/\/tavapy.gov.py\/biblioteca\/wp-json\/wp\/v2\/product_cat?post=5205"},{"taxonomy":"product_tag","embeddable":true,"href":"https:\/\/tavapy.gov.py\/biblioteca\/wp-json\/wp\/v2\/product_tag?post=5205"}],"curies":[{"name":"wp","href":"https:\/\/api.w.org\/{rel}","templated":true}]}}