{"id":5207,"date":"2022-05-20T02:53:08","date_gmt":"2022-05-20T02:53:08","guid":{"rendered":"https:\/\/tavapy.gov.py\/biblioteca\/?post_type=product&#038;p=5207"},"modified":"2022-05-20T03:05:07","modified_gmt":"2022-05-20T03:05:07","slug":"vender-es-humano","status":"publish","type":"product","link":"https:\/\/tavapy.gov.py\/biblioteca\/product\/vender-es-humano\/","title":{"rendered":"VENDER ES HUMANO."},"content":{"rendered":"","protected":false},"excerpt":{"rendered":"<p>Vender es humano, obra publicada en el 2.012, ofrece una nueva perspectiva sobre el arte y la ciencia de la venta. Como ya hizo en sus obras anteriores, Daniel H. Pink pone en tela de juicio lo que creemos saber y consideramos como verdades irrefutables, y nos explica lo que cient\u00edficos e investigadores han descubierto sobre este tema. Todo ello con un estilo fresco, ameno y al alcance de todos los p\u00fablicos.<\/p>\n<p>En este libro nos ense\u00f1a c\u00f3mo persuadir, convencer e influir sobre los dem\u00e1s porque, en el fondo, todos somos vendedores. Independientemente de la actividad profesional a la que nos dediquemos, podremos conseguir que la persona con la que estamos negociando cambie de opini\u00f3n y acepte nuestra oferta, que nuestro mensaje llegue claro y n\u00edtido al p\u00fablico al que nos dirigimos y de esta manera ganar la partida y que, al mismo tiempo, nuestro interlocutor crea haberse salido con la suya.<\/p>\n<p>En definitiva, una obra pr\u00e1ctica y perspicaz, cuya lectura har\u00e1 que cambies tu forma de ver el mundo y c\u00f3mo te comportas y te relacionas con los dem\u00e1s tanto en tu vida personal como profesional.<\/p>\n<p><a href=\"https:\/\/tavapy.gov.py\/biblioteca\/wp-content\/uploads\/2022\/05\/PinkD-Vender-es-humano.pdf\" target=\"_blank\" rel=\"attachment noopener wp-att-5154\"><img loading=\"lazy\" decoding=\"async\" class=\"size-full wp-image-5154 alignleft\" src=\"https:\/\/tavapy.gov.py\/biblioteca\/wp-content\/uploads\/2022\/05\/icono-PDF-copia-1.png\" alt=\"\" width=\"121\" height=\"140\" \/><\/a><\/p>\n","protected":false},"featured_media":5022,"comment_status":"open","ping_status":"closed","template":"","meta":{"spay_email":""},"product_cat":[614],"product_tag":[],"class_list":{"0":"post-5207","1":"product","2":"type-product","3":"status-publish","4":"has-post-thumbnail","6":"book_author-daniel-h-pink","7":"product_cat-marketing-ventas","8":"entry"},"_links":{"self":[{"href":"https:\/\/tavapy.gov.py\/biblioteca\/wp-json\/wp\/v2\/product\/5207","targetHints":{"allow":["GET"]}}],"collection":[{"href":"https:\/\/tavapy.gov.py\/biblioteca\/wp-json\/wp\/v2\/product"}],"about":[{"href":"https:\/\/tavapy.gov.py\/biblioteca\/wp-json\/wp\/v2\/types\/product"}],"replies":[{"embeddable":true,"href":"https:\/\/tavapy.gov.py\/biblioteca\/wp-json\/wp\/v2\/comments?post=5207"}],"wp:featuredmedia":[{"embeddable":true,"href":"https:\/\/tavapy.gov.py\/biblioteca\/wp-json\/wp\/v2\/media\/5022"}],"wp:attachment":[{"href":"https:\/\/tavapy.gov.py\/biblioteca\/wp-json\/wp\/v2\/media?parent=5207"}],"wp:term":[{"taxonomy":"product_cat","embeddable":true,"href":"https:\/\/tavapy.gov.py\/biblioteca\/wp-json\/wp\/v2\/product_cat?post=5207"},{"taxonomy":"product_tag","embeddable":true,"href":"https:\/\/tavapy.gov.py\/biblioteca\/wp-json\/wp\/v2\/product_tag?post=5207"}],"curies":[{"name":"wp","href":"https:\/\/api.w.org\/{rel}","templated":true}]}}