{"id":5208,"date":"2022-05-20T02:55:56","date_gmt":"2022-05-20T02:55:56","guid":{"rendered":"https:\/\/tavapy.gov.py\/biblioteca\/?post_type=product&#038;p=5208"},"modified":"2022-05-20T02:55:56","modified_gmt":"2022-05-20T02:55:56","slug":"conjeturas-y-refutaciones","status":"publish","type":"product","link":"https:\/\/tavapy.gov.py\/biblioteca\/product\/conjeturas-y-refutaciones\/","title":{"rendered":"CONJETURAS Y REFUTACIONES."},"content":{"rendered":"","protected":false},"excerpt":{"rendered":"<p>En el presente volumen, publicado en 1.963, Karl Popper examina varias cuestiones relativas al desarrollo del conocimiento, a la historia de la ciencia y a la filosof\u00eda de la ciencia, vistas a trav\u00e9s de la moderna metodolog\u00eda, pero tambi\u00e9n se ocupa de problemas de pol\u00edtica y sociolog\u00eda, siempre aplicando sus peculiares procedimientos sem\u00e1nticos, l\u00f3gicos y gnoseol\u00f3gicos.<\/p>\n<p>Los ensayos y conferencias que componen el texto son variaciones de un mismo tema: la tesis de que podemos aprender de nuestros errores. Se trata de una teor\u00eda acerca del conocimiento y de su desarrollo, una teor\u00eda de la raz\u00f3n y una teor\u00eda de la experiencia que no se resigna al escepticismo y afirma que la ciencia puede progresar. El conocimiento cient\u00edfico avanza a trav\u00e9s de anticipaciones injustificadas, de presunciones, de soluciones tentativas para nuestros problemas a las que llamamos conjeturas, que, a su vez, son controladas por la cr\u00edtica, esto es, por intentos de refutaciones, entre las que se cuentan tests severamente cr\u00edticos.<\/p>\n<p>La cr\u00edtica de nuestras conjeturas es de importancia decisiva: al poner de manifiesto nuestros errores, nos hace comprender las dificultades del problema que estamos tratando de resolver. De este modo llegamos a adquirir un conocimiento m\u00e1s profundo del problema y a estar en condiciones de proponer soluciones m\u00e1s maduras: la misma refutaci\u00f3n de una teor\u00eda es siempre un paso adelante que nos acerca a la verdad.<\/p>\n<p><a href=\"https:\/\/tavapy.gov.py\/biblioteca\/wp-content\/uploads\/2022\/05\/PopperK-Conjeturas-y-refutaciones.pdf\" target=\"_blank\" rel=\"attachment noopener wp-att-5154\"><img loading=\"lazy\" decoding=\"async\" class=\"size-full wp-image-5154 alignleft\" src=\"https:\/\/tavapy.gov.py\/biblioteca\/wp-content\/uploads\/2022\/05\/icono-PDF-copia-1.png\" alt=\"\" width=\"121\" height=\"140\" \/><\/a><\/p>\n","protected":false},"featured_media":5020,"comment_status":"open","ping_status":"closed","template":"","meta":{"spay_email":""},"product_cat":[271],"product_tag":[],"class_list":{"0":"post-5208","1":"product","2":"type-product","3":"status-publish","4":"has-post-thumbnail","6":"book_author-karl-popper","7":"product_cat-epistemologia-filosofia","8":"entry"},"_links":{"self":[{"href":"https:\/\/tavapy.gov.py\/biblioteca\/wp-json\/wp\/v2\/product\/5208","targetHints":{"allow":["GET"]}}],"collection":[{"href":"https:\/\/tavapy.gov.py\/biblioteca\/wp-json\/wp\/v2\/product"}],"about":[{"href":"https:\/\/tavapy.gov.py\/biblioteca\/wp-json\/wp\/v2\/types\/product"}],"replies":[{"embeddable":true,"href":"https:\/\/tavapy.gov.py\/biblioteca\/wp-json\/wp\/v2\/comments?post=5208"}],"wp:featuredmedia":[{"embeddable":true,"href":"https:\/\/tavapy.gov.py\/biblioteca\/wp-json\/wp\/v2\/media\/5020"}],"wp:attachment":[{"href":"https:\/\/tavapy.gov.py\/biblioteca\/wp-json\/wp\/v2\/media?parent=5208"}],"wp:term":[{"taxonomy":"product_cat","embeddable":true,"href":"https:\/\/tavapy.gov.py\/biblioteca\/wp-json\/wp\/v2\/product_cat?post=5208"},{"taxonomy":"product_tag","embeddable":true,"href":"https:\/\/tavapy.gov.py\/biblioteca\/wp-json\/wp\/v2\/product_tag?post=5208"}],"curies":[{"name":"wp","href":"https:\/\/api.w.org\/{rel}","templated":true}]}}