{"id":5313,"date":"2022-05-24T22:57:22","date_gmt":"2022-05-24T22:57:22","guid":{"rendered":"https:\/\/tavapy.gov.py\/biblioteca\/?post_type=product&#038;p=5313"},"modified":"2022-05-24T22:57:22","modified_gmt":"2022-05-24T22:57:22","slug":"agilmente","status":"publish","type":"product","link":"https:\/\/tavapy.gov.py\/biblioteca\/product\/agilmente\/","title":{"rendered":"\u00c1GILMENTE."},"content":{"rendered":"","protected":false},"excerpt":{"rendered":"<p>Bachrach es bi\u00f3logo molecular y explica el funcionamiento del cerebro. A trav\u00e9s de ello, da consejos y herramientas para ser m\u00e1s creativos y felices en el trabajo y en la vida.<\/p>\n<p>La neurociencia es clara: el cerebro aprende hasta el \u00faltimo d\u00eda de vida. La creatividad puede expandirse. Tu mente, mediante la aplicaci\u00f3n de las t\u00e9cnicas correctas, puede modificar la anatom\u00eda y estructura de tu cerebro.<\/p>\n<p>\u00c1gilMente es un libro publicado en el 2.012 y aborda sobre la habilidad para imaginar y ser m\u00e1s creativos. A trav\u00e9s de estas p\u00e1ginas vas a lograr desarrollar todo tu potencial y a entender los mecanismos de tus propios aprendizajes, a comprender c\u00f3mo utilizar los sentidos, a ampliar la memoria, a focalizar la atenci\u00f3n, a controlar las emociones negativas y a disfrutar de las positivas.<\/p>\n<p>\u00abBienvenidos a la ciencia, y al arte, de la creatividad. Estanislao Bachrach nos propone nada menos que entender c\u00f3mo funciona nuestro cerebro, eso que nos hace ser quienes somos. \u00c1gilMente es mucho m\u00e1s que un libro: son las fascinantes instrucciones de uso, y abuso, de nuestro cerebro, por donde pasan los recuerdos, los sentidos, los sue\u00f1os&#8230;nosotros. Crear no cuesta nada. \u00a1Aqu\u00ed comienza el viaje!\u00bb<\/p>\n<p><a href=\"https:\/\/tavapy.gov.py\/biblioteca\/wp-content\/uploads\/2022\/05\/BachrachE-Agilmente.pdf\" target=\"_blank\" rel=\"attachment noopener wp-att-5312\"><img loading=\"lazy\" decoding=\"async\" class=\"size-full wp-image-5312 alignleft\" src=\"https:\/\/tavapy.gov.py\/biblioteca\/wp-content\/uploads\/2022\/05\/icono-PDF-copia-2.png\" alt=\"\" width=\"121\" height=\"140\" \/><\/a><\/p>\n","protected":false},"featured_media":5309,"comment_status":"open","ping_status":"closed","template":"","meta":{"spay_email":""},"product_cat":[129],"product_tag":[],"class_list":{"0":"post-5313","1":"product","2":"type-product","3":"status-publish","4":"has-post-thumbnail","6":"book_author-estanislao-bachrach","7":"product_cat-neurociencia","8":"entry"},"_links":{"self":[{"href":"https:\/\/tavapy.gov.py\/biblioteca\/wp-json\/wp\/v2\/product\/5313","targetHints":{"allow":["GET"]}}],"collection":[{"href":"https:\/\/tavapy.gov.py\/biblioteca\/wp-json\/wp\/v2\/product"}],"about":[{"href":"https:\/\/tavapy.gov.py\/biblioteca\/wp-json\/wp\/v2\/types\/product"}],"replies":[{"embeddable":true,"href":"https:\/\/tavapy.gov.py\/biblioteca\/wp-json\/wp\/v2\/comments?post=5313"}],"wp:featuredmedia":[{"embeddable":true,"href":"https:\/\/tavapy.gov.py\/biblioteca\/wp-json\/wp\/v2\/media\/5309"}],"wp:attachment":[{"href":"https:\/\/tavapy.gov.py\/biblioteca\/wp-json\/wp\/v2\/media?parent=5313"}],"wp:term":[{"taxonomy":"product_cat","embeddable":true,"href":"https:\/\/tavapy.gov.py\/biblioteca\/wp-json\/wp\/v2\/product_cat?post=5313"},{"taxonomy":"product_tag","embeddable":true,"href":"https:\/\/tavapy.gov.py\/biblioteca\/wp-json\/wp\/v2\/product_tag?post=5313"}],"curies":[{"name":"wp","href":"https:\/\/api.w.org\/{rel}","templated":true}]}}