{"id":5332,"date":"2022-05-25T00:39:49","date_gmt":"2022-05-25T00:39:49","guid":{"rendered":"https:\/\/tavapy.gov.py\/biblioteca\/?post_type=product&#038;p=5332"},"modified":"2022-05-25T00:39:50","modified_gmt":"2022-05-25T00:39:50","slug":"tus-zonas-erroneas","status":"publish","type":"product","link":"https:\/\/tavapy.gov.py\/biblioteca\/product\/tus-zonas-erroneas\/","title":{"rendered":"TUS ZONAS ERR\u00d3NEAS."},"content":{"rendered":"","protected":false},"excerpt":{"rendered":"<p>Tus zonas err\u00f3neas es el primer libro de autoayuda escrito por Wayne Dyer, publicado en 1976. Es uno de los libros m\u00e1s vendidos con una cifra estimada de 35 millones de copias vendidas. El libro pas\u00f3 64 semanas en la lista de best sellers del New York Times en noviembre de 1977,\u200b llegando a posicionarse como n\u00famero uno en la semana del 8 de mayo de 1977.\u200b<\/p>\n<p>El libro da pautas para superar el miedo, la culpa, la conducta autodestructiva, resultado de procesos cognitivos que pueden ser perjudiciales.<\/p>\n<p><a href=\"https:\/\/tavapy.gov.py\/biblioteca\/wp-content\/uploads\/2022\/05\/DyerW-Tus-Zonas-Erroneas.pdf\" target=\"_blank\" rel=\"attachment noopener wp-att-5312\"><img loading=\"lazy\" decoding=\"async\" class=\"size-full wp-image-5312 alignleft\" src=\"https:\/\/tavapy.gov.py\/biblioteca\/wp-content\/uploads\/2022\/05\/icono-PDF-copia-2.png\" alt=\"\" width=\"121\" height=\"140\" \/><\/a><\/p>\n","protected":false},"featured_media":5272,"comment_status":"open","ping_status":"closed","template":"","meta":{"spay_email":""},"product_cat":[631],"product_tag":[],"class_list":{"0":"post-5332","1":"product","2":"type-product","3":"status-publish","4":"has-post-thumbnail","6":"book_author-wayne-dyer","7":"product_cat-autoayuda-psicologia","8":"entry"},"_links":{"self":[{"href":"https:\/\/tavapy.gov.py\/biblioteca\/wp-json\/wp\/v2\/product\/5332","targetHints":{"allow":["GET"]}}],"collection":[{"href":"https:\/\/tavapy.gov.py\/biblioteca\/wp-json\/wp\/v2\/product"}],"about":[{"href":"https:\/\/tavapy.gov.py\/biblioteca\/wp-json\/wp\/v2\/types\/product"}],"replies":[{"embeddable":true,"href":"https:\/\/tavapy.gov.py\/biblioteca\/wp-json\/wp\/v2\/comments?post=5332"}],"wp:featuredmedia":[{"embeddable":true,"href":"https:\/\/tavapy.gov.py\/biblioteca\/wp-json\/wp\/v2\/media\/5272"}],"wp:attachment":[{"href":"https:\/\/tavapy.gov.py\/biblioteca\/wp-json\/wp\/v2\/media?parent=5332"}],"wp:term":[{"taxonomy":"product_cat","embeddable":true,"href":"https:\/\/tavapy.gov.py\/biblioteca\/wp-json\/wp\/v2\/product_cat?post=5332"},{"taxonomy":"product_tag","embeddable":true,"href":"https:\/\/tavapy.gov.py\/biblioteca\/wp-json\/wp\/v2\/product_tag?post=5332"}],"curies":[{"name":"wp","href":"https:\/\/api.w.org\/{rel}","templated":true}]}}