{"id":5349,"date":"2022-05-25T01:36:38","date_gmt":"2022-05-25T01:36:38","guid":{"rendered":"https:\/\/tavapy.gov.py\/biblioteca\/?post_type=product&#038;p=5349"},"modified":"2022-05-25T01:36:39","modified_gmt":"2022-05-25T01:36:39","slug":"las-neuronas-de-dios","status":"publish","type":"product","link":"https:\/\/tavapy.gov.py\/biblioteca\/product\/las-neuronas-de-dios\/","title":{"rendered":"LAS NEURONAS DE DIOS."},"content":{"rendered":"","protected":false},"excerpt":{"rendered":"<p>\u00bfPor qu\u00e9, en pleno siglo XXI, seguimos creyendo en algo o alguien superior, ll\u00e1mese Dios, meditaci\u00f3n trascendental, espiritualidad o sentido de la vida? \u00bfDe d\u00f3nde surge esta necesidad, antigua como nuestra especie, de preguntarnos por lo que habr\u00e1 \u00abdespu\u00e9s\u00bb o lo que est\u00e1 \u00abm\u00e1s all\u00e1\u00bb? \u00bfViene \u00abde f\u00e1brica\u00bb o es un producto de la cultura? En este libro fascinante, publicado en el 2.015, que es un verdadero viaje al coraz\u00f3n de las creencias, Diego Golombek se anima a proponer una ciencia de la religi\u00f3n como fen\u00f3meno eminentemente humano.<\/p>\n<p>A lo largo de estas p\u00e1ginas, nuestro autor pasa revista a un sinf\u00edn de experimentos que muestran c\u00f3mo act\u00faan las neuronas de monjas rezadoras, budistas meditadores, pentecostales o iluminados con LSD, peyote, ayahuasca y hongos alucin\u00f3genos varios. Recorre las historias de quienes han atravesado experiencias l\u00edmite, como trances epil\u00e9pticos o la vivencia de la propia muerte con la misteriosa luz al final del t\u00fanel. E incluso se mete en el mundo de los rituales dise\u00f1ados ad hoc y los asesores espirituales rob\u00f3ticos.<\/p>\n<p>La investigaci\u00f3n cient\u00edfica que, entre otras cosas, ha encontrado circuitos cerebrales en la base de visiones y experiencias m\u00edsticas sugiere que, si la creencia en lo sobrenatural est\u00e1 tan arraigada en nuestra especie, quiz\u00e1 se deba a alguna ventaja adaptativa que tuvo a lo largo de nuestra historia. De hecho, est\u00e1 demostrado que la religi\u00f3n reduce la ansiedad, estimula la empat\u00eda con los dem\u00e1s y los lazos comunitarios y aporta mayor seguridad personal.<\/p>\n<p>\u00bfSer\u00e1 que las tecnolog\u00edas religiosas surgieron como un subproducto del desarrollo cognitivo de los humanos, pero se revelaron tan beneficiosas que siguen con nosotros desde hace millones de a\u00f1os? Con sentido del humor y una claridad a toda prueba, Diego Golombek nos propone una aventura desafiante: la b\u00fasqueda de Dios en los pliegues del cerebro humano.<\/p>\n<p><a href=\"https:\/\/tavapy.gov.py\/biblioteca\/wp-content\/uploads\/2022\/05\/GolombekD-Las-Neuronas-de-Dios.pdf\" target=\"_blank\" rel=\"attachment noopener wp-att-5312\"><img loading=\"lazy\" decoding=\"async\" class=\"size-full wp-image-5312 alignleft\" src=\"https:\/\/tavapy.gov.py\/biblioteca\/wp-content\/uploads\/2022\/05\/icono-PDF-copia-2.png\" alt=\"\" width=\"121\" height=\"140\" \/><\/a><\/p>\n","protected":false},"featured_media":5258,"comment_status":"open","ping_status":"closed","template":"","meta":{"spay_email":""},"product_cat":[636],"product_tag":[],"class_list":{"0":"post-5349","1":"product","2":"type-product","3":"status-publish","4":"has-post-thumbnail","6":"book_author-diego-golombek","7":"product_cat-neurociencia-religion-espiritualidad","8":"entry"},"_links":{"self":[{"href":"https:\/\/tavapy.gov.py\/biblioteca\/wp-json\/wp\/v2\/product\/5349","targetHints":{"allow":["GET"]}}],"collection":[{"href":"https:\/\/tavapy.gov.py\/biblioteca\/wp-json\/wp\/v2\/product"}],"about":[{"href":"https:\/\/tavapy.gov.py\/biblioteca\/wp-json\/wp\/v2\/types\/product"}],"replies":[{"embeddable":true,"href":"https:\/\/tavapy.gov.py\/biblioteca\/wp-json\/wp\/v2\/comments?post=5349"}],"wp:featuredmedia":[{"embeddable":true,"href":"https:\/\/tavapy.gov.py\/biblioteca\/wp-json\/wp\/v2\/media\/5258"}],"wp:attachment":[{"href":"https:\/\/tavapy.gov.py\/biblioteca\/wp-json\/wp\/v2\/media?parent=5349"}],"wp:term":[{"taxonomy":"product_cat","embeddable":true,"href":"https:\/\/tavapy.gov.py\/biblioteca\/wp-json\/wp\/v2\/product_cat?post=5349"},{"taxonomy":"product_tag","embeddable":true,"href":"https:\/\/tavapy.gov.py\/biblioteca\/wp-json\/wp\/v2\/product_tag?post=5349"}],"curies":[{"name":"wp","href":"https:\/\/api.w.org\/{rel}","templated":true}]}}