{"id":5351,"date":"2022-05-25T01:45:56","date_gmt":"2022-05-25T01:45:56","guid":{"rendered":"https:\/\/tavapy.gov.py\/biblioteca\/?post_type=product&#038;p=5351"},"modified":"2025-09-21T23:21:34","modified_gmt":"2025-09-21T23:21:34","slug":"el-arte-de-la-seduccion","status":"publish","type":"product","link":"https:\/\/tavapy.gov.py\/biblioteca\/product\/el-arte-de-la-seduccion\/","title":{"rendered":"EL ARTE DE LA SEDUCCI\u00d3N."},"content":{"rendered":"","protected":false},"excerpt":{"rendered":"<p>SINOPSIS DE LA OBRA:<\/p>\n<p>El arte de la seducci\u00f3n, obra publicada en el 2.001 es una s\u00edntesis magistral de la obra de pensadores como Freud, Ovidio, Kierkegaard y Einstein, as\u00ed como de los logros obtenidos por los mayores seductores de la historia. De Cleopatra a John F. Kennedy, y de Andy Warhol a Josefina Bonaparte, El arte de la seducci\u00f3n llega al coraz\u00f3n del car\u00e1cter del seductor y de sus t\u00e1cticas, triunfos y fracasos.<\/p>\n<p>Entre sus m\u00faltiples rostros se incluyen la sirena, la calavera, el amante ideal, el dandi, el seductor natural, la coqueta, el encantador y el carism\u00e1tico. Veinticuatro maniobras guiar\u00e1n a los lectores por el proceso de seducci\u00f3n, proporcionando instrucciones astutas y amorales, y un an\u00e1lisis de esta dominante forma de poder.<\/p>\n<p>Una obra indispensable sobre la persuasi\u00f3n que ofrece las mejores lecciones sobre c\u00f3mo obtener lo que queremos de los dem\u00e1s.<\/p>\n<p><a href=\"https:\/\/tavapy.gov.py\/biblioteca\/wp-content\/uploads\/2022\/05\/GreeneR-El-Arte-de-la-Seduccion.pdf\" target=\"_blank\" rel=\"attachment noopener wp-att-5312\"><img loading=\"lazy\" decoding=\"async\" class=\"size-full wp-image-5312 alignleft\" src=\"https:\/\/tavapy.gov.py\/biblioteca\/wp-content\/uploads\/2022\/05\/icono-PDF-copia-2.png\" alt=\"\" width=\"121\" height=\"140\" \/><\/a><\/p>\n","protected":false},"featured_media":5252,"comment_status":"open","ping_status":"closed","template":"","meta":{"spay_email":""},"product_cat":[638],"product_tag":[],"class_list":{"0":"post-5351","1":"product","2":"type-product","3":"status-publish","4":"has-post-thumbnail","6":"product_cat-psicologia-comunicacion","7":"entry"},"_links":{"self":[{"href":"https:\/\/tavapy.gov.py\/biblioteca\/wp-json\/wp\/v2\/product\/5351","targetHints":{"allow":["GET"]}}],"collection":[{"href":"https:\/\/tavapy.gov.py\/biblioteca\/wp-json\/wp\/v2\/product"}],"about":[{"href":"https:\/\/tavapy.gov.py\/biblioteca\/wp-json\/wp\/v2\/types\/product"}],"replies":[{"embeddable":true,"href":"https:\/\/tavapy.gov.py\/biblioteca\/wp-json\/wp\/v2\/comments?post=5351"}],"wp:featuredmedia":[{"embeddable":true,"href":"https:\/\/tavapy.gov.py\/biblioteca\/wp-json\/wp\/v2\/media\/5252"}],"wp:attachment":[{"href":"https:\/\/tavapy.gov.py\/biblioteca\/wp-json\/wp\/v2\/media?parent=5351"}],"wp:term":[{"taxonomy":"product_cat","embeddable":true,"href":"https:\/\/tavapy.gov.py\/biblioteca\/wp-json\/wp\/v2\/product_cat?post=5351"},{"taxonomy":"product_tag","embeddable":true,"href":"https:\/\/tavapy.gov.py\/biblioteca\/wp-json\/wp\/v2\/product_tag?post=5351"}],"curies":[{"name":"wp","href":"https:\/\/api.w.org\/{rel}","templated":true}]}}