{"id":5368,"date":"2022-05-25T15:12:43","date_gmt":"2022-05-25T15:12:43","guid":{"rendered":"https:\/\/tavapy.gov.py\/biblioteca\/?post_type=product&#038;p=5368"},"modified":"2022-05-25T15:12:44","modified_gmt":"2022-05-25T15:12:44","slug":"los-7-saberes-necesarios-para-la-educacion-del-futuro","status":"publish","type":"product","link":"https:\/\/tavapy.gov.py\/biblioteca\/product\/los-7-saberes-necesarios-para-la-educacion-del-futuro\/","title":{"rendered":"LOS 7 SABERES NECESARIOS PARA LA EDUCACI\u00d3N DEL FUTURO."},"content":{"rendered":"","protected":false},"excerpt":{"rendered":"<p>Hay siete saberes \u00abfundamentales\u00bb que la educaci\u00f3n del futuro deber\u00eda tratar en cualquier sociedad y en cualquier cultura sin excepci\u00f3n alguna ni rechazo seg\u00fan los usos y las reglas propias de cada sociedad y de cada cultura.<\/p>\n<p>Adem\u00e1s, el saber cient\u00edfico sobre el cual se apoya este texto para situar la condici\u00f3n humana no s\u00f3lo es provisional, sino que destapa profundos misterios concernientes al Universo, a la Vida, al nacimiento del Ser Humano.<\/p>\n<p>Aqu\u00ed se abre un indecible en el cual intervienen las opciones filos\u00f3ficas y las creencias religiosa a trav\u00e9s de culturas y civilizaciones.<\/p>\n<p>Esta obra fue publicada en 1.999.<\/p>\n<p><a href=\"https:\/\/tavapy.gov.py\/biblioteca\/wp-content\/uploads\/2022\/05\/MorinE-Los-7-Saberes-Para-La-Educacion-del-Futuro.pdf\" target=\"_blank\" rel=\"attachment noopener wp-att-5312\"><img loading=\"lazy\" decoding=\"async\" class=\"size-full wp-image-5312 alignleft\" src=\"https:\/\/tavapy.gov.py\/biblioteca\/wp-content\/uploads\/2022\/05\/icono-PDF-copia-2.png\" alt=\"\" width=\"121\" height=\"140\" \/><\/a><\/p>\n","protected":false},"featured_media":5223,"comment_status":"open","ping_status":"closed","template":"","meta":{"spay_email":""},"product_cat":[646],"product_tag":[],"class_list":{"0":"post-5368","1":"product","2":"type-product","3":"status-publish","4":"has-post-thumbnail","6":"book_author-edgar-morin","7":"product_cat-filosofia-educacion-ciencias","8":"entry"},"_links":{"self":[{"href":"https:\/\/tavapy.gov.py\/biblioteca\/wp-json\/wp\/v2\/product\/5368","targetHints":{"allow":["GET"]}}],"collection":[{"href":"https:\/\/tavapy.gov.py\/biblioteca\/wp-json\/wp\/v2\/product"}],"about":[{"href":"https:\/\/tavapy.gov.py\/biblioteca\/wp-json\/wp\/v2\/types\/product"}],"replies":[{"embeddable":true,"href":"https:\/\/tavapy.gov.py\/biblioteca\/wp-json\/wp\/v2\/comments?post=5368"}],"wp:featuredmedia":[{"embeddable":true,"href":"https:\/\/tavapy.gov.py\/biblioteca\/wp-json\/wp\/v2\/media\/5223"}],"wp:attachment":[{"href":"https:\/\/tavapy.gov.py\/biblioteca\/wp-json\/wp\/v2\/media?parent=5368"}],"wp:term":[{"taxonomy":"product_cat","embeddable":true,"href":"https:\/\/tavapy.gov.py\/biblioteca\/wp-json\/wp\/v2\/product_cat?post=5368"},{"taxonomy":"product_tag","embeddable":true,"href":"https:\/\/tavapy.gov.py\/biblioteca\/wp-json\/wp\/v2\/product_tag?post=5368"}],"curies":[{"name":"wp","href":"https:\/\/api.w.org\/{rel}","templated":true}]}}