{"id":5369,"date":"2022-05-25T15:17:22","date_gmt":"2022-05-25T15:17:22","guid":{"rendered":"https:\/\/tavapy.gov.py\/biblioteca\/?post_type=product&#038;p=5369"},"modified":"2022-05-25T15:17:22","modified_gmt":"2022-05-25T15:17:22","slug":"el-arte-de-negociar-y-persuadir","status":"publish","type":"product","link":"https:\/\/tavapy.gov.py\/biblioteca\/product\/el-arte-de-negociar-y-persuadir\/","title":{"rendered":"EL ARTE DE NEGOCIAR Y PERSUADIR."},"content":{"rendered":"","protected":false},"excerpt":{"rendered":"<p>Allan Pease nos explica en detalle las caracter\u00edsticas m\u00e1s destacables del Marketing Multinivel. Con la ayuda de las t\u00e9cnicas y estrategias sencillas de Allan Pease, es f\u00e1cil aprender a mantener una red de contactos, estable y duradera, mucho mayor de lo que jam\u00e1s podr\u00eda imaginar.<\/p>\n<p>Aplicando los consejos de este libro publicado en el 2.003 podr\u00e1 mejorar sus resultados. Aunque no se sea un profesional de las relaciones, la informaci\u00f3n de esta obra cambiar\u00e1 para siempre la forma de considerar los procesos de negociaci\u00f3n y persuasi\u00f3n del lector. La informaci\u00f3n que contiene esta obra cambiar\u00e1 para siempre la forma de considerar los procesos de negociaci\u00f3n. Este libro proporciona las claves para lanzarse al Marketing Multinivel.<\/p>\n<p><a href=\"https:\/\/tavapy.gov.py\/biblioteca\/wp-content\/uploads\/2022\/05\/PeaseA-El-Arte-de-Negociar-y-Persuadir-2da-Ed.pdf\" target=\"_blank\" rel=\"attachment noopener wp-att-5312\"><img loading=\"lazy\" decoding=\"async\" class=\"size-full wp-image-5312 alignleft\" src=\"https:\/\/tavapy.gov.py\/biblioteca\/wp-content\/uploads\/2022\/05\/icono-PDF-copia-2.png\" alt=\"\" width=\"121\" height=\"140\" \/><\/a><\/p>\n","protected":false},"featured_media":5220,"comment_status":"open","ping_status":"closed","template":"","meta":{"spay_email":""},"product_cat":[648],"product_tag":[],"class_list":{"0":"post-5369","1":"product","2":"type-product","3":"status-publish","4":"has-post-thumbnail","6":"book_author-allan-pease","7":"product_cat-marketing-publicidad","8":"entry"},"_links":{"self":[{"href":"https:\/\/tavapy.gov.py\/biblioteca\/wp-json\/wp\/v2\/product\/5369","targetHints":{"allow":["GET"]}}],"collection":[{"href":"https:\/\/tavapy.gov.py\/biblioteca\/wp-json\/wp\/v2\/product"}],"about":[{"href":"https:\/\/tavapy.gov.py\/biblioteca\/wp-json\/wp\/v2\/types\/product"}],"replies":[{"embeddable":true,"href":"https:\/\/tavapy.gov.py\/biblioteca\/wp-json\/wp\/v2\/comments?post=5369"}],"wp:featuredmedia":[{"embeddable":true,"href":"https:\/\/tavapy.gov.py\/biblioteca\/wp-json\/wp\/v2\/media\/5220"}],"wp:attachment":[{"href":"https:\/\/tavapy.gov.py\/biblioteca\/wp-json\/wp\/v2\/media?parent=5369"}],"wp:term":[{"taxonomy":"product_cat","embeddable":true,"href":"https:\/\/tavapy.gov.py\/biblioteca\/wp-json\/wp\/v2\/product_cat?post=5369"},{"taxonomy":"product_tag","embeddable":true,"href":"https:\/\/tavapy.gov.py\/biblioteca\/wp-json\/wp\/v2\/product_tag?post=5369"}],"curies":[{"name":"wp","href":"https:\/\/api.w.org\/{rel}","templated":true}]}}