{"id":5437,"date":"2023-01-05T13:28:56","date_gmt":"2023-01-05T13:28:56","guid":{"rendered":"https:\/\/tavapy.gov.py\/biblioteca\/?post_type=product&#038;p=5437"},"modified":"2023-01-05T13:28:56","modified_gmt":"2023-01-05T13:28:56","slug":"resetea-tu-mente-descubre-de-lo-que-eres-capaz","status":"publish","type":"product","link":"https:\/\/tavapy.gov.py\/biblioteca\/product\/resetea-tu-mente-descubre-de-lo-que-eres-capaz\/","title":{"rendered":"RESETEA TU MENTE. DESCUBRE DE LO QUE ERES CAPAZ."},"content":{"rendered":"","protected":false},"excerpt":{"rendered":"<p>En Resetea tu mente, obra publicada en el 2.021 Mario Alonso Puig nos muestra aspectos sorprendentes y muchas veces desconocidos de la fascinante relaci\u00f3n que existe entre el cerebro, la mente y aquello que nos sucede. Si deseamos aumentar la autoestima y potenciar capacidades como la inteligencia, la memoria, la intuici\u00f3n, la creatividad, el liderazgo o el esp\u00edritu emprendedor, necesitamos saber c\u00f3mo despertar nuestro gran potencial dormido.<\/p>\n<p>El prestigioso autor nos explica en estas p\u00e1ginas los caminos que siguen el cerebro y la mente para crear esa realidad en la que vivimos. Si anhelamos disfrutar de un mayor nivel de bienestar, prosperidad y felicidad, es preciso que sepamos influir en aquellos procesos que impactan de manera decisiva en nuestra forma de percibir, de pensar, de sentir y de actuar.<\/p>\n<p><a href=\"https:\/\/tavapy.gov.py\/biblioteca\/wp-content\/uploads\/2023\/01\/Alonso-Puig-Resetea-tu-mente.pdf\" target=\"_blank\" rel=\"attachment noopener wp-att-5312\"><img loading=\"lazy\" decoding=\"async\" class=\"size-full wp-image-5312 alignleft\" src=\"https:\/\/tavapy.gov.py\/biblioteca\/wp-content\/uploads\/2022\/05\/icono-PDF-copia-2.png\" alt=\"\" width=\"121\" height=\"140\" \/><\/a><\/p>\n","protected":false},"featured_media":5390,"comment_status":"open","ping_status":"closed","template":"","meta":{"spay_email":""},"product_cat":[205],"product_tag":[],"class_list":{"0":"post-5437","1":"product","2":"type-product","3":"status-publish","4":"has-post-thumbnail","6":"book_author-mario-alonso-puig","7":"product_cat-autoayuda-desarrollo-humano","8":"entry"},"_links":{"self":[{"href":"https:\/\/tavapy.gov.py\/biblioteca\/wp-json\/wp\/v2\/product\/5437","targetHints":{"allow":["GET"]}}],"collection":[{"href":"https:\/\/tavapy.gov.py\/biblioteca\/wp-json\/wp\/v2\/product"}],"about":[{"href":"https:\/\/tavapy.gov.py\/biblioteca\/wp-json\/wp\/v2\/types\/product"}],"replies":[{"embeddable":true,"href":"https:\/\/tavapy.gov.py\/biblioteca\/wp-json\/wp\/v2\/comments?post=5437"}],"wp:featuredmedia":[{"embeddable":true,"href":"https:\/\/tavapy.gov.py\/biblioteca\/wp-json\/wp\/v2\/media\/5390"}],"wp:attachment":[{"href":"https:\/\/tavapy.gov.py\/biblioteca\/wp-json\/wp\/v2\/media?parent=5437"}],"wp:term":[{"taxonomy":"product_cat","embeddable":true,"href":"https:\/\/tavapy.gov.py\/biblioteca\/wp-json\/wp\/v2\/product_cat?post=5437"},{"taxonomy":"product_tag","embeddable":true,"href":"https:\/\/tavapy.gov.py\/biblioteca\/wp-json\/wp\/v2\/product_tag?post=5437"}],"curies":[{"name":"wp","href":"https:\/\/api.w.org\/{rel}","templated":true}]}}