{"id":5444,"date":"2023-01-05T15:00:12","date_gmt":"2023-01-05T15:00:12","guid":{"rendered":"https:\/\/tavapy.gov.py\/biblioteca\/?post_type=product&#038;p=5444"},"modified":"2023-01-05T15:00:12","modified_gmt":"2023-01-05T15:00:12","slug":"materia-y-memoria-ensayo-sobre-la-relacion-del-cuerpo-con-el-espiritu","status":"publish","type":"product","link":"https:\/\/tavapy.gov.py\/biblioteca\/product\/materia-y-memoria-ensayo-sobre-la-relacion-del-cuerpo-con-el-espiritu\/","title":{"rendered":"MATERIA Y MEMORIA. ENSAYO SOBRE LA RELACI\u00d3N DEL CUERPO CON EL ESP\u00cdRITU."},"content":{"rendered":"","protected":false},"excerpt":{"rendered":"<p>A lo largo de las p\u00e1ginas de Materia y memoria, obra publicada en 1.896, se reivindica una \u00abmemoria pura\u00bb que fundamenta la realidad del esp\u00edritu. Asimismo, permite avanzar en el conocimiento del estatuto del cerebro y en la articulaci\u00f3n de las relaciones entre cuerpo y alma, o cuerpo y mente.<\/p>\n<p>En otros \u00e1mbitos, el tema bergsoniano de la memoria pura, asociado al concepto de tiempo y de memoria involuntaria, ha mostrado su fecundidad en, por ejemplo, el recuerdo inconsciente indestructible de Freud y en la literatura de Proust.<\/p>\n<p><a href=\"https:\/\/tavapy.gov.py\/biblioteca\/wp-content\/uploads\/2023\/01\/BergsonH-Materia-y-memoria-1.pdf\" target=\"_blank\" rel=\"attachment noopener wp-att-5312\"><img loading=\"lazy\" decoding=\"async\" class=\"size-full wp-image-5312 alignleft\" src=\"https:\/\/tavapy.gov.py\/biblioteca\/wp-content\/uploads\/2022\/05\/icono-PDF-copia-2.png\" alt=\"\" width=\"121\" height=\"140\" \/><\/a><\/p>\n","protected":false},"featured_media":5405,"comment_status":"open","ping_status":"closed","template":"","meta":{"spay_email":""},"product_cat":[355],"product_tag":[],"class_list":{"0":"post-5444","1":"product","2":"type-product","3":"status-publish","4":"has-post-thumbnail","6":"book_author-henri-bergson","7":"product_cat-filosofia-ensayo","8":"entry"},"_links":{"self":[{"href":"https:\/\/tavapy.gov.py\/biblioteca\/wp-json\/wp\/v2\/product\/5444","targetHints":{"allow":["GET"]}}],"collection":[{"href":"https:\/\/tavapy.gov.py\/biblioteca\/wp-json\/wp\/v2\/product"}],"about":[{"href":"https:\/\/tavapy.gov.py\/biblioteca\/wp-json\/wp\/v2\/types\/product"}],"replies":[{"embeddable":true,"href":"https:\/\/tavapy.gov.py\/biblioteca\/wp-json\/wp\/v2\/comments?post=5444"}],"wp:featuredmedia":[{"embeddable":true,"href":"https:\/\/tavapy.gov.py\/biblioteca\/wp-json\/wp\/v2\/media\/5405"}],"wp:attachment":[{"href":"https:\/\/tavapy.gov.py\/biblioteca\/wp-json\/wp\/v2\/media?parent=5444"}],"wp:term":[{"taxonomy":"product_cat","embeddable":true,"href":"https:\/\/tavapy.gov.py\/biblioteca\/wp-json\/wp\/v2\/product_cat?post=5444"},{"taxonomy":"product_tag","embeddable":true,"href":"https:\/\/tavapy.gov.py\/biblioteca\/wp-json\/wp\/v2\/product_tag?post=5444"}],"curies":[{"name":"wp","href":"https:\/\/api.w.org\/{rel}","templated":true}]}}