{"id":5459,"date":"2023-01-05T20:55:55","date_gmt":"2023-01-05T20:55:55","guid":{"rendered":"https:\/\/tavapy.gov.py\/biblioteca\/?post_type=product&#038;p=5459"},"modified":"2023-01-05T20:55:56","modified_gmt":"2023-01-05T20:55:56","slug":"hable-mas-eficazmente","status":"publish","type":"product","link":"https:\/\/tavapy.gov.py\/biblioteca\/product\/hable-mas-eficazmente\/","title":{"rendered":"HABLE M\u00c1S EFICAZMENTE."},"content":{"rendered":"","protected":false},"excerpt":{"rendered":"<p>La habilidad para expresar una idea es tanto o m\u00e1s importante que la idea misma. El m\u00e9todo ideado y aplicado con tanto \u00e9xito por Dale Carnegie para aprender a hablar bien en p\u00fablico, que aqu\u00ed se presenta de modo conciso y claro, con \u00fatiles res\u00famenes de cada cap\u00edtulo y puntos claramente desarrollados, se basa en una serie de principios que han demostrado ampliamente su eficacia.<\/p>\n<p>Entre otros aspectos, Carnegie subraya la importancia de creer en el tema y reflexionar en torno a \u00e9l, ofrece ingeniosos trucos para ganarse al auditorio y describe m\u00e9todos para ordenar las ideas y expresarlas con convicci\u00f3n. Son t\u00e9cnicas fundamentales no s\u00f3lo para dar charlas o conferencias, sino tambi\u00e9n para dar explicaciones o impartir instrucciones, ya sea en el trabajo o en el campo de las relaciones sociales.<\/p>\n<p>M\u00e1s all\u00e1 de aprender a hablar en p\u00fablico, dominarlas contribuye a incrementar la confianza en uno mismo y a potenciar las cualidades de liderazgo.<\/p>\n<p>\u201cHable m\u00e1s eficazmente\u201d, obra escrita por Dale Carnegie fue publicada en el 2.008.<\/p>\n<p><a href=\"https:\/\/tavapy.gov.py\/biblioteca\/wp-content\/uploads\/2023\/01\/CarnegieD-Hable-mas-eficazmente.pdf\" target=\"_blank\" rel=\"noopener\"><img loading=\"lazy\" decoding=\"async\" class=\"size-full wp-image-5520 alignleft\" src=\"https:\/\/tavapy.gov.py\/biblioteca\/wp-content\/uploads\/2023\/01\/icono-PDF-copia-2.png\" alt=\"\" width=\"121\" height=\"140\" \/><\/a><\/p>\n","protected":false},"featured_media":5462,"comment_status":"open","ping_status":"closed","template":"","meta":{"spay_email":""},"product_cat":[194],"product_tag":[],"class_list":{"0":"post-5459","1":"product","2":"type-product","3":"status-publish","4":"has-post-thumbnail","6":"book_author-dale-carnegie","7":"product_cat-comunicacion-oratoria","8":"entry"},"_links":{"self":[{"href":"https:\/\/tavapy.gov.py\/biblioteca\/wp-json\/wp\/v2\/product\/5459","targetHints":{"allow":["GET"]}}],"collection":[{"href":"https:\/\/tavapy.gov.py\/biblioteca\/wp-json\/wp\/v2\/product"}],"about":[{"href":"https:\/\/tavapy.gov.py\/biblioteca\/wp-json\/wp\/v2\/types\/product"}],"replies":[{"embeddable":true,"href":"https:\/\/tavapy.gov.py\/biblioteca\/wp-json\/wp\/v2\/comments?post=5459"}],"wp:featuredmedia":[{"embeddable":true,"href":"https:\/\/tavapy.gov.py\/biblioteca\/wp-json\/wp\/v2\/media\/5462"}],"wp:attachment":[{"href":"https:\/\/tavapy.gov.py\/biblioteca\/wp-json\/wp\/v2\/media?parent=5459"}],"wp:term":[{"taxonomy":"product_cat","embeddable":true,"href":"https:\/\/tavapy.gov.py\/biblioteca\/wp-json\/wp\/v2\/product_cat?post=5459"},{"taxonomy":"product_tag","embeddable":true,"href":"https:\/\/tavapy.gov.py\/biblioteca\/wp-json\/wp\/v2\/product_tag?post=5459"}],"curies":[{"name":"wp","href":"https:\/\/api.w.org\/{rel}","templated":true}]}}